000
CXUS56 KMFR 011030
CF6LMT
PRELIMINARY LOCAL CLIMATOLOGICAL DATA (WS FORM: F-6)
STATION: KLAMATH FALLS OR
MONTH: NOVEMBER
YEAR: 2021
LATITUDE: 42 9 N
LONGITUDE: 121 44 W
TEMPERATURE IN F: :PCPN: SNOW: WIND :SUNSHINE: SKY :PK WND
================================================================================
1 2 3 4 5 6A 6B 7 8 9 10 11 12 13 14 15 16 17 18
12Z AVG MX 2MIN
DY MAX MIN AVG DEP HDD CDD WTR SNW DPTH SPD SPD DIR MIN PSBL S-S WX SPD DR
================================================================================
1 50 40 45 3 20 0 0.17 M M 6.1 13 160 M M 9 1 18 150
2 56 38 47 6 18 0 0.00 M M 4.6 12 150 M M 2 15 140
3 62 30 46 5 19 0 T M M 7.0 26 160 M M 3 12 35 160
4 54 31 43 2 22 0 0.03 M M 11.0 35 220 M M 6 49 220
5 45 30 38 -2 27 0 0.19 M M 3.3 13 150 M M 6 1 17 150
6 44 30 37 -3 28 0 T M M 9.3 21 250 M M 6 27 250
7 43 20 32 -8 33 0 0.00 M M 1.8 8 190 M M 1 12 80
8 46 21 34 -5 31 0 T M M 9.3 32 190 M M 3 54 170
9 52 30 41 2 24 0 0.15 M M 10.4 31 180 M M 6 1 55 170
10 48 31 40 1 25 0 0.09 M M 2.5 9 170 M M 10 18 12 150
11 62 35 49 11 16 0 0.00 M M 3.5 13 160 M M 5 128 17 160
12 60 32 46 8 19 0 0.00 M M 1.1 9 340 M M 5 128 10 340
13 62 31 47 9 18 0 0.00 M M 0.8 7 330 M M 2 12 8 320
14 62 31 47 10 18 0 0.00 M M 1.3 6 290 M M 3 12 8 70
15 56 30 43 6 22 0 0.01 M M 6.3 18 270 M M 4 1 18 270
16 47 27 37 0 28 0 0.00 M M 5.3 13 270 M M 0 15 270
17 45 19 32 -4 33 0 0.00 M M 3.7 10 340 M M 0 12 330
18 50 26 38 2 27 0 T M M 7.9 23 170 M M 7 30 170
19 51 25 38 2 27 0 T M M 6.4 17 290 M M 5 26 180
20 50 17 34 -2 31 0 0.00 M M 2.2 9 30 M M 0 12 10 330
21 51 16 34 -1 31 0 T M M 2.9 13 340 M M 0 14 340
22 52 16 34 -1 31 0 0.00 M M 1.2 7 130 M M 0 9 160
23 41 19 30 -4 35 0 T M M 5.7 20 260 M M 4 26 250
24 43 12 28 -6 37 0 0.00 M M 2.3 7 320 M M 1 12 9 130
25 50 19 35 1 30 0 0.00 M M 1.0 7 100 M M 0 8 100
26 54 22 38 4 27 0 T M M 2.0 8 140 M M 5 1 10 150
27 59 31 45 12 20 0 0.00 M M 1.6 8 100 M M 5 12 10 90
28 62 26 44 11 21 0 0.00 M M 1.5 7 310 M M 4 12 8 130
29 50 25 38 5 27 0 0.00 M M 2.3 13 320 M M 5 128 15 330
30 55 21 38 5 27 0 0.00 M M 0.7 8 360 M M 3 12 10 320
================================================================================
SM 1562 781 772 0 0.64 M 125.0 M 110
================================================================================
AV 52.1 26.0 4.2 FASTST M M 4 MAX(MPH)
MISC ----> 35 220 55 170
================================================================================
NOTES:
# LAST OF SEVERAL OCCURRENCES
COLUMN 17 PEAK WIND IN M.P.H.
PRELIMINARY LOCAL CLIMATOLOGICAL DATA (WS FORM: F-6) , PAGE 2
STATION: KLAMATH FALLS OR
MONTH: NOVEMBER
YEAR: 2021
LATITUDE: 42 9 N
LONGITUDE: 121 44 W
[TEMPERATURE DATA] [PRECIPITATION DATA] SYMBOLS USED IN COLUMN 16
AVERAGE MONTHLY: 39.1 TOTAL FOR MONTH: 0.64 1 = FOG OR MIST
DPTR FM NORMAL: 2.0 DPTR FM NORMAL: -0.74 2 = FOG REDUCING VISIBILITY
HIGHEST: 62 ON 28,14 GRTST 24HR 0.19 ON 5- 5 TO 1/4 MILE OR LESS
LOWEST: 12 ON 24 3 = THUNDER
SNOW, ICE PELLETS, HAIL 4 = ICE PELLETS
TOTAL MONTH: M 5 = HAIL
GRTST 24HR M ON M 6 = FREEZING RAIN OR DRIZZLE
GRTST DEPTH: M ON M 7 = DUSTSTORM OR SANDSTORM:
VSBY 1/2 MILE OR LESS
8 = SMOKE OR HAZE
[NO. OF DAYS WITH] [WEATHER - DAYS WITH] 9 = BLOWING SNOW
X = TORNADO
MAX 32 OR BELOW: 0 0.01 INCH OR MORE: 6
MAX 90 OR ABOVE: 0 0.10 INCH OR MORE: 3
MIN 32 OR BELOW: 27 0.50 INCH OR MORE: 0
MIN 0 OR BELOW: 0 1.00 INCH OR MORE: 0
[HDD (BASE 65) ]
TOTAL THIS MO. 772 CLEAR (SCALE 0-3) 11
DPTR FM NORMAL -68 PTCLDY (SCALE 4-7) 17
TOTAL FM JUL 1 1632 CLOUDY (SCALE 8-10) 2
DPTR FM NORMAL -64
[CDD (BASE 65) ]
TOTAL THIS MO. 0
DPTR FM NORMAL 0 [PRESSURE DATA]
TOTAL FM JAN 1 435 HIGHEST SLP 30.56 ON 25
DPTR FM NORMAL 219 LOWEST SLP 29.75 ON 4
[REMARKS]
#FINAL-11-21#