000
CXUS56 KMFR 011030
CF6LMT
PRELIMINARY LOCAL CLIMATOLOGICAL DATA (WS FORM: F-6)
STATION: KLAMATH FALLS OR
MONTH: DECEMBER
YEAR: 2023
LATITUDE: 42 9 N
LONGITUDE: 121 44 W
TEMPERATURE IN F: :PCPN: SNOW: WIND :SUNSHINE: SKY :PK WND
================================================================================
1 2 3 4 5 6A 6B 7 8 9 10 11 12 13 14 15 16 17 18
12Z AVG MX 2MIN
DY MAX MIN AVG DEP HDD CDD WTR SNW DPTH SPD SPD DIR MIN PSBL S-S WX SPD DR
================================================================================
1 37 30 34 2 31 0 0.14 M M 8.0 22 250 M M 9 12 27 260
2 41 29 35 3 30 0 0.38 M M 7.2 18 240 M M 8 1 26 230
3 51 39 45 13 20 0 0.02 M M 10.4 29 230 M M 9 37 220
4 54 36 45 13 20 0 0.00 M M 3.0 16 180 M M 9 1 20 180
5 58 32 45 14 20 0 0.00 M M 6.3 16 160 M M 4 12 22 150
6 50 34 42 11 23 0 0.18 M M 12.1 32 200 M M 5 1 43 200
7 39 27 33 2 32 0 0.02 M M 8.4 25 260 M M 8 18 33 260
8 37 19 28 -3 37 0 0.00 M M 3.4 15 260 M M 4 20 260
9 37 18 28 -3 37 0 0.00 M M 1.2 7 150 M M 2 18 10 90
10 42 18 30 -1 35 0 0.00 M M 1.3 12 330 M M 7 14 320
11 46 33 40 10 25 0 T M M 2.3 10 330 M M 10 1 13 340
12 49 25 37 7 28 0 0.00 M M 5.3 14 330 M M 4 1 17 320
13 42 22 32 2 33 0 0.00 0.0 M 3.9 9 320 M M 4 128 12 330
14 47 24 36 6 29 0 0.00 M M 2.1 9 330 M M 0 18 10 330
15 46 21 34 4 31 0 0.00 M M 4.6 9 330 M M 0 18 11 340
16 48 20 34 4 31 0 0.00 M M 3.0 12 340 M M 0 13 340
17 38 21 30 0 35 0 T M M 3.1 13 330 M M 3 17 350
18 47 28 38 8 27 0 0.34 M M 8.1 30 160 M M 8 1 41 160
19 49 38 44 14 21 0 0.65 M M 9.4 22 140 M M 8 1 36 140
20 48 31 40 10 25 0 0.00 M M 3.7 14 340 M M 1 1 16 340
21 38 29 34 4 31 0 0.00 M M 0.9 8 330 M M 9 12 11 350
22 40 21 31 1 34 0 T M M 3.9 17 340 M M 7 12 24 330
23 38 17 28 -2 37 0 0.00 M M 3.3 7 310 M M 0 10 320
24 38 21 30 0 35 0 T M M 0.9 8 90 M M 5 9 140
25 45 32 39 9 26 0 0.01 M M 2.3 9 290 M M 9 13 280
26 48 27 38 8 27 0 0.00 M M 4.5 18 140 M M 3 12 28 150
27 46 34 40 10 25 0 0.02 M M 13.6 35 180 M M 4 48 180
28 49 32 41 11 24 0 0.00 M M 8.8 17 140 M M 6 24 150
29 55 40 48 18 17 0 0.12 M M 11.3 29 190 M M 7 41 190
30 46 30 38 8 27 0 0.01 M M 2.8 14 160 M M 6 1 19 130
31 42 27 35 5 30 0 0.00 M M 2.2 13 140 M M 6 128 19 150
================================================================================
SM 1391 855 883 0 1.89 0.0 161.3 M 165
================================================================================
AV 44.9 27.6 5.2 FASTST M M 5 MAX(MPH)
MISC ----> 35 180 48 180
================================================================================
NOTES:
# LAST OF SEVERAL OCCURRENCES
COLUMN 17 PEAK WIND IN M.P.H.
PRELIMINARY LOCAL CLIMATOLOGICAL DATA (WS FORM: F-6) , PAGE 2
STATION: KLAMATH FALLS OR
MONTH: DECEMBER
YEAR: 2023
LATITUDE: 42 9 N
LONGITUDE: 121 44 W
[TEMPERATURE DATA] [PRECIPITATION DATA] SYMBOLS USED IN COLUMN 16
AVERAGE MONTHLY: 36.2 TOTAL FOR MONTH: 1.89 1 = FOG OR MIST
DPTR FM NORMAL: 5.8 DPTR FM NORMAL: 0.09 2 = FOG REDUCING VISIBILITY
HIGHEST: 58 ON 5 GRTST 24HR 0.65 ON 19-19 TO 1/4 MILE OR LESS
LOWEST: 17 ON 23 3 = THUNDER
SNOW, ICE PELLETS, HAIL 4 = ICE PELLETS
TOTAL MONTH: 0.0 INCH 5 = HAIL
GRTST 24HR 0.0 6 = FREEZING RAIN OR DRIZZLE
GRTST DEPTH: M ON M 7 = DUSTSTORM OR SANDSTORM:
VSBY 1/2 MILE OR LESS
8 = SMOKE OR HAZE
[NO. OF DAYS WITH] [WEATHER - DAYS WITH] 9 = BLOWING SNOW
X = TORNADO
MAX 32 OR BELOW: 0 0.01 INCH OR MORE: 11
MAX 90 OR ABOVE: 0 0.10 INCH OR MORE: 6
MIN 32 OR BELOW: 24 0.50 INCH OR MORE: 1
MIN 0 OR BELOW: 0 1.00 INCH OR MORE: 0
[HDD (BASE 65) ]
TOTAL THIS MO. 883 CLEAR (SCALE 0-3) 8
DPTR FM NORMAL -188 PTCLDY (SCALE 4-7) 17
TOTAL FM JUL 1 2503 CLOUDY (SCALE 8-10) 6
DPTR FM NORMAL -262
[CDD (BASE 65) ]
TOTAL THIS MO. 0
DPTR FM NORMAL 0 [PRESSURE DATA]
TOTAL FM JAN 1 264 HIGHEST SLP 30.50 ON 9
DPTR FM NORMAL 48 LOWEST SLP 29.57 ON 19
[REMARKS]
#FINAL-12-23#