000
CXUS53 KOAX 011030
CF6LNK
PRELIMINARY LOCAL CLIMATOLOGICAL DATA (WS FORM: F-6)
STATION: LINCOLN NE
MONTH: NOVEMBER
YEAR: 2022
LATITUDE: 40 50 N
LONGITUDE: 96 45 W
TEMPERATURE IN F: :PCPN: SNOW: WIND :SUNSHINE: SKY :PK WND
================================================================================
1 2 3 4 5 6A 6B 7 8 9 10 11 12 13 14 15 16 17 18
12Z AVG MX 2MIN
DY MAX MIN AVG DEP HDD CDD WTR SNW DPTH SPD SPD DIR MIN PSBL S-S WX SPD DR
================================================================================
1 79 35 57 11 8 0 0.00 0.0 0 10.2 22 200 M M 0 30 190
2 78 56 67 21 0 2 0.00 0.0 0 21.3 37 180 M M 0 51 190
3 77 44 61 16 4 0 0.00 0.0 0 18.8 29 210 M M 7 37 200
4 45 35 40 -5 25 0 0.20 0.0 0 14.5 25 350 M M 6 13 32 350
5 62 26 44 0 21 0 0.00 0.0 0 13.2 25 200 M M 2 35 200
6 61 29 45 1 20 0 0.00 0.0 0 9.1 21 210 M M 0 28 210
7 57 29 43 -1 22 0 0.00 0.0 0 10.9 22 120 M M 0 28 120
8 65 45 55 12 10 0 T 0.0 0 15.9 24 170 M M 10 1 36 170
9 78 64 71 28 0 6 0.00 0.0 0 21.3 33 200 M M 9 44 190
10 68 25 47 5 18 0 0.05 0.0 0 19.3 30 180 M M 3 1 40 180
11 35 18 27 -15 38 0 0.00 0.0 0 14.4 23 330 M M 0 31 330
12 30 9 20 -21 45 0 0.00 0.0 0 9.7 21 360 M M 6 26 330
13 40 6 23 -18 42 0 0.00 0.0 0 8.4 20 130 M M 1 27 120
14 36 25 31 -9 34 0 0.01 T 0 6.4 16 340 M M 8 8 20 320
15 34 18 26 -14 39 0 T T 0 8.8 21 320 M M 6 8 26 310
16 33 18 26 -14 39 0 T T 0 10.5 21 310 M M 3 27 310
17 37 19 28 -11 37 0 0.00 0.0 0 14.4 33 310 M M 5 48 310
18 27 12 20 -19 45 0 0.00 0.0 0 12.2 22 320 M M 1 30 310
19 33 16 25 -13 40 0 0.00 0.0 0 12.6 30 340 M M 3 37 310
20 53 14 34 -4 31 0 0.00 0.0 0 10.1 22 240 M M 0 28 240
21 57 16 37 0 28 0 0.00 0.0 0 2.8 10 180 M M 0 12 350
22 64 13 39 2 26 0 0.00 0.0 0 3.6 15 240 M M 0 8 18 240
23 59 19 39 3 26 0 0.00 0.0 0 5.6 21 180 M M 1 8 26 180
24 51 26 39 3 26 0 0.00 0.0 0 8.3 24 360 M M 2 28 360
25 56 19 38 2 27 0 0.00 0.0 0 6.1 14 220 M M 0 19 220
26 60 25 43 8 22 0 T 0.0 0 10.2 26 10 M M 3 35 350
27 47 22 35 0 30 0 0.00 0.0 0 13.1 29 360 M M 1 39 350
28 57 20 39 5 26 0 0.00 0.0 0 10.2 26 210 M M 1 33 210
29 44 21 33 -1 32 0 T T 0 19.6 37 340 M M 7 18 46 350
30 33 15 24 -10 41 0 0.00 0.0 T 8.0 18 310 M M 0 24 320
================================================================================
SM 1556 739 802 8 0.26 T 349.5 M 85
================================================================================
AV 51.9 24.6 11.6 FASTST M M 3 MAX(MPH)
MISC ----> # 37 180 51 190
================================================================================
NOTES:
# LAST OF SEVERAL OCCURRENCES
COLUMN 17 PEAK WIND IN M.P.H.
PRELIMINARY LOCAL CLIMATOLOGICAL DATA (WS FORM: F-6) , PAGE 2
STATION: LINCOLN NE
MONTH: NOVEMBER
YEAR: 2022
LATITUDE: 40 50 N
LONGITUDE: 96 45 W
[TEMPERATURE DATA] [PRECIPITATION DATA] SYMBOLS USED IN COLUMN 16
AVERAGE MONTHLY: 38.3 TOTAL FOR MONTH: 0.26 1 = FOG OR MIST
DPTR FM NORMAL: -1.5 DPTR FM NORMAL: -1.04 2 = FOG REDUCING VISIBILITY
HIGHEST: 79 ON 1 GRTST 24HR 0.20 ON 4- 4 TO 1/4 MILE OR LESS
LOWEST: 6 ON 13 3 = THUNDER
SNOW, ICE PELLETS, HAIL 4 = ICE PELLETS
TOTAL MONTH: T 5 = HAIL
GRTST 24HR T ON 14-14 6 = FREEZING RAIN OR DRIZZLE
GRTST DEPTH: T 7 = DUSTSTORM OR SANDSTORM:
VSBY 1/2 MILE OR LESS
8 = SMOKE OR HAZE
[NO. OF DAYS WITH] [WEATHER - DAYS WITH] 9 = BLOWING SNOW
X = TORNADO
MAX 32 OR BELOW: 2 0.01 INCH OR MORE: 3
MAX 90 OR ABOVE: 0 0.10 INCH OR MORE: 1
MIN 32 OR BELOW: 24 0.50 INCH OR MORE: 0
MIN 0 OR BELOW: 0 1.00 INCH OR MORE: 0
[HDD (BASE 65) ]
TOTAL THIS MO. 802 CLEAR (SCALE 0-3) 21
DPTR FM NORMAL 47 PTCLDY (SCALE 4-7) 7
TOTAL FM JUL 1 1175 CLOUDY (SCALE 8-10) 2
DPTR FM NORMAL -29
[CDD (BASE 65) ]
TOTAL THIS MO. 8
DPTR FM NORMAL 8 [PRESSURE DATA]
TOTAL FM JAN 1 1554 HIGHEST SLP 30.55 ON 7
DPTR FM NORMAL 285 LOWEST SLP 29.46 ON 5
[REMARKS]
#FINAL-11-22#