000
CXUS53 KLMK 010710
CF6LOU
PRELIMINARY LOCAL CLIMATOLOGICAL DATA (WS FORM: F-6)
STATION: LOUISVILLE BOWMAN KY
MONTH: AUGUST
YEAR: 2021
LATITUDE: 38 13 N
LONGITUDE: 85 39 W
TEMPERATURE IN F: :PCPN: SNOW: WIND :SUNSHINE: SKY :PK WND
================================================================================
1 2 3 4 5 6A 6B 7 8 9 10 11 12 13 14 15 16 17 18
12Z AVG MX 2MIN
DY MAX MIN AVG DEP HDD CDD WTR SNW DPTH SPD SPD DIR MIN PSBL S-S WX SPD DR
================================================================================
1 84 63 74 -5 0 9 0.00 M M 5.2 15 270 M M 5 18 20 270
2 84 61 73 -6 0 8 0.00 M M 4.3 14 30 M M 2 19 30
3 86 60 73 -6 0 8 0.00 M M 4.6 15 40 M M 3 21 360
4 86 60 73 -6 0 8 0.00 M M 5.9 17 40 M M 3 25 40
5 88 63 76 -3 0 11 0.00 M M 3.1 12 220 M M 3 16 250
6 89 64 77 -1 0 12 0.00 M M 2.9 15 270 M M 1 1 19 290
7 90 65 78 0 0 13 0.00 M M 3.4 12 220 M M 1 18 15 210
8 93 69 81 3 0 16 0.00 M M 6.4 16 210 M M 0 23 180
9 81 73 77 -1 0 12 0.73 M M 7.1 15 160 M M 3 13 21 230
10 94 74 84 6 0 19 0.17 M M 8.7 20 200 M M 3 13 27 190
11 95 79 87 9 0 22 0.00 M M 9.9 20 240 M M 1 29 210
12 95 73 84 6 0 19 0.04 M M 8.4 21 300 M M 1 3 33 290
13 92 73 83 5 0 18 0.00 M M 6.5 15 200 M M 1 3 19 220
14 86 73 80 2 0 15 0.08 M M 4.3 16 30 M M 6 13 20 20
15 77 70 74 -4 0 9 T M M 6.9 13 60 M M 8 18 50
16 85 72 79 1 0 14 0.05 M M 3.3 10 190 M M 7 1 13 190
17 86 71 79 1 0 14 0.23 M M 2.3 17 190 M M 4 3 22 190
18 90 69 80 2 0 15 0.03 M M 3.9 17 180 M M 1 1 22 170
19 88 70 79 1 0 14 0.37 M M 3.2 10 60 M M 6 1 13 60
20 89 69 79 1 0 14 0.00 M M 4.0 12 140 M M 1 1 16 60
21 90 67 79 2 0 14 0.00 M M 3.3 12 100 M M 1 1 21 100
22 93 69 81 4 0 16 0.00 M M 1.9 12 60 M M 1 1 17 60
23 95 70 83 6 0 18 0.00 M M 2.0 10 230 M M 1 18 14 300
24 95 73 84 7 0 19 0.00 M M 2.6 12 190 M M 1 18 16 200
25 93 72 83 6 0 18 0.07 M M 2.2 16 20 M M 1 138 26 360
26 96 70 83 7 0 18 0.00 M M 2.6 13 310 M M 0 13 18 320
27 94 71 83 7 0 18 0.01 M M 3.9 24 210 M M 2 3 33 230
28 95 71 83 7 0 18 0.00 M M 4.9 17 190 M M 1 23 190
29 94 76 85 9 0 20 0.00 M M 6.5 15 200 M M 2 21 230
30 86 72 79 3 0 14 1.54 M M 5.9 18 360 M M 4 123 29 330
31 76 71 74 -1 0 9 0.54 M M 6.7 14 80 M M 9 1 18 110
================================================================================
SM 2765 2153 0 452 3.86 M 146.8 M 83
================================================================================
AV 89.2 69.5 4.7 FASTST M M 3 MAX(MPH)
MISC ----> 24 210 # 33 290
================================================================================
NOTES:
# LAST OF SEVERAL OCCURRENCES
COLUMN 17 PEAK WIND IN M.P.H.
PRELIMINARY LOCAL CLIMATOLOGICAL DATA (WS FORM: F-6) , PAGE 2
STATION: LOUISVILLE BOWMAN KY
MONTH: AUGUST
YEAR: 2021
LATITUDE: 38 13 N
LONGITUDE: 85 39 W
[TEMPERATURE DATA] [PRECIPITATION DATA] SYMBOLS USED IN COLUMN 16
AVERAGE MONTHLY: 79.3 TOTAL FOR MONTH: 3.86 1 = FOG OR MIST
DPTR FM NORMAL: 1.7 DPTR FM NORMAL: 0.33 2 = FOG REDUCING VISIBILITY
HIGHEST: 96 ON 26 GRTST 24HR 1.54 ON 30-30 TO 1/4 MILE OR LESS
LOWEST: 60 ON 4, 3 3 = THUNDER
SNOW, ICE PELLETS, HAIL 4 = ICE PELLETS
TOTAL MONTH: M 5 = HAIL
GRTST 24HR M ON M 6 = FREEZING RAIN OR DRIZZLE
GRTST DEPTH: M ON M 7 = DUSTSTORM OR SANDSTORM:
VSBY 1/2 MILE OR LESS
8 = SMOKE OR HAZE
[NO. OF DAYS WITH] [WEATHER - DAYS WITH] 9 = BLOWING SNOW
X = TORNADO
MAX 32 OR BELOW: 0 0.01 INCH OR MORE: 12
MAX 90 OR ABOVE: 16 0.10 INCH OR MORE: 6
MIN 32 OR BELOW: 0 0.50 INCH OR MORE: 3
MIN 0 OR BELOW: 0 1.00 INCH OR MORE: 1
[HDD (BASE 65) ]
TOTAL THIS MO. 0 CLEAR (SCALE 0-3) 21
DPTR FM NORMAL 0 PTCLDY (SCALE 4-7) 9
TOTAL FM JUL 1 0 CLOUDY (SCALE 8-10) 1
DPTR FM NORMAL 0
[CDD (BASE 65) ]
TOTAL THIS MO. 452
DPTR FM NORMAL 61 [PRESSURE DATA]
TOTAL FM JAN 1 1363 HIGHEST SLP M ON M
DPTR FM NORMAL 54 LOWEST SLP 29.65 ON 31
[REMARKS]
#FINAL-08-21#