000
CXUS54 KCRP 011808 RRA
CLMLRD
CLIMATE REPORT
NATIONAL WEATHER SERVICE CORPUS CHRISTI TX
1238 PM CDT WED NOV 01 2023
...................................
...THE LAREDO CLIMATE SUMMARY FOR THE MONTH OF OCTOBER 2023...
CLIMATE NORMAL PERIOD 1991 TO 2020
CLIMATE RECORD PERIOD 1900 TO 2023
WEATHER OBSERVED NORMAL DEPART LAST YEAR`S
VALUE DATE(S) VALUE FROM VALUE DATE(S)
NORMAL
................................................................
TEMPERATURE (F)
RECORD
HIGH 107 10/11/1926
LOW 28 10/31/1993
HIGHEST 99 10/03 91 8 97 10/13
10/04 90 9
LOWEST 44 10/30 61 -17 51 10/30
AVG. MAXIMUM 85.5 87.1 -1.6 85.9
AVG. MINIMUM 67.2 65.4 1.8 64.7
MEAN 76.3 76.3 0.0 75.3
DAYS MAX >= 90 16 17.5 -1.5 11
DAYS MAX <= 32 0 0.0 0.0 0
DAYS MIN <= 32 0 0.0 0.0 0
DAYS MIN <= 0 0 0.0 0.0 0
PRECIPITATION (INCHES)
RECORD
MAXIMUM 9.27 1971
MINIMUM 0.00 1979
1901
TOTALS 2.67 1.75 0.92 0.50
DAILY AVG. 0.09 0.06 0.03 0.02
DAYS >= .01 7 MM MM 4
DAYS >= .10 4 MM MM 3
DAYS >= .50 1 MM MM 0
DAYS >= 1.00 1 MM MM 0
GREATEST
24 HR. TOTAL 1.89 10/05 TO 10/05 0.26 10/17 TO 10/18
STORM TOTAL MM 0.22
(MM/DD(HH)) MM
SNOWFALL (INCHES)
RECORDS
TOTAL MM MM
24 HR TOTAL MM
TOTALS 0.0 MM MM 0.0
SINCE 7/1 0.0 MM MM MM
SNOWDEPTH AVG. 0 0
DAYS >= 1.0 0 MM MM
GREATEST
SNOW DEPTH 0 0
24 HR TOTAL 0.0 0.0
DEGREE DAYS
HEATING TOTAL 25 14 11 6
SINCE 7/1 25 12 13 MM
COOLING TOTAL 387 362 25 336
SINCE 1/1 5013 4173 840 MM
................................................................
WIND (MPH)
AVERAGE WIND SPEED MM
HIGHEST WIND SPEED/DIRECTION MM DATE MM
HIGHEST GUST SPEED/DIRECTION MM DATE MM
SKY COVER
AVERAGE SKY COVER 0.45
AVERAGE RH (PERCENT) 67
WEATHER CONDITIONS. NUMBER OF DAYS WITH
THUNDERSTORM 1 MIXED PRECIP 0
HEAVY RAIN 1 RAIN 3
LIGHT RAIN 12 FREEZING RAIN 0
LT FREEZING RAIN 0 HAIL 0
HEAVY SNOW 0 SNOW 0
LIGHT SNOW 0 SLEET 0
FOG 3 FOG W/VIS <= 1/4 MILE 0
HAZE 2
- INDICATES NEGATIVE NUMBERS.
R INDICATES RECORD WAS SET OR TIED.
MM INDICATES DATA IS MISSING.
T INDICATES TRACE AMOUNT.
$$