000
CXUS54 KLZK 012349
CF6LRF
PRELIMINARY LOCAL CLIMATOLOGICAL DATA (WS FORM: F-6)
STATION: JACKSONVILLE/LITTLE ROCK AFB
MONTH: FEBRUARY
YEAR: 2024
LATITUDE: 34 55 N
LONGITUDE: 92 9 W
TEMPERATURE IN F: :PCPN: SNOW: WIND :SUNSHINE: SKY :PK WND
================================================================================
1 2 3 4 5 6A 6B 7 8 9 10 11 12 13 14 15 16 17 18
12Z AVG MX 2MIN
DY MAX MIN AVG DEP HDD CDD WTR SNW DPTH SPD SPD DIR MIN PSBL S-S WX SPD DR
================================================================================
1 65 30 48 6 17 0 0.00 0.0 0 2.5 8 150 M M 1 M M
2 69 36 53 11 12 0 0.00 0.0 0 2.2 9 230 M M 4 M M
3 59 43 51 9 14 0 0.80 0.0 0 4.1 9 70 M M 8 1 M M
4 54 48 51 8 14 0 0.76 0.0 0 8.5 13 80 M M 10 1 18 160
5 63 37 50 7 15 0 0.00 0.0 0 5.5 10 10 M M 1 18 360
6 64 29 47 4 18 0 0.00 0.0 0 1.9 6 90 M M 0 M M
7 60 32 46 3 19 0 0.00 0.0 0 3.6 9 170 M M 0 M M
8 68 51 60 16 5 0 0.00 0.0 0 7.2 17 190 M M 8 23 190
9 72 59 66 22 0 1 0.01 0.0 0 6.6 14 140 M M 7 13 M M
10 66 48 57 13 8 0 0.23 0.0 0 5.3 15 90 M M 9 M M
11 49 33 41 -3 24 0 0.15 0.0 0 9.5 15 50 M M 10 1 M M
12 45 33 39 -6 26 0 T 0.0 0 8.9 15 320 M M 9 1 22 320
13 61 36 49 4 16 0 0.00 0.0 0 4.8 10 290 M M 0 M M
14 66 34 50 5 15 0 0.00 0.0 0 4.3 10 150 M M 0 M M
15 70 50 60 15 5 0 0.00 0.0 0 3.3 7 240 M M 0 M M
16 71 36 54 8 11 0 0.08 0.0 0 7.5 20 320 M M 8 32 300
17 49 31 40 -6 25 0 0.00 0.0 0 9.8 14 40 M M 4 23 40
18 54 20 37 -9 28 0 0.00 0.0 0 3.3 9 280 M M 0 M M
19 60 22 41 -5 24 0 0.00 0.0 0 2.4 13 170 M M 0 M M
20 70 30 50 3 15 0 0.00 0.0 0 1.6 9 270 M M 0 M M
21 74 39 57 10 8 0 0.00 0.0 0 4.9 14 210 M M 2 18 180
22 75 57 66 19 0 1 0.01 0.0 0 8.7 20 200 M M 7 30 200
23 69 40 55 7 10 0 0.00 0.0 0 7.3 15 350 M M 0 22 350
24 67 36 52 4 13 0 0.00 0.0 0 5.1 13 300 M M 0 18 320
25 83 41 62 14 3 0 0.00 0.0 0 9.5 27 220 M M 2 37 220
26 75 47 61 13 4 0 0.00 0.0 0 5.6 12 190 M M 3 21 190
27 80 63 72 23 0 7 0.00 0.0 0 14.1 21 210 M M 5 35 210
28 75 39 57 8 8 0 T 0.0 0 10.6 27 310 M M 2 38 320
29 55 29 42 -7 23 0 0.02 T 0 4.9 12 90 M M 6 4 M M
================================================================================
SM 1888 1129 380 9 2.06 T 173.5 M 106
================================================================================
AV 65.1 38.9 6.0 FASTST M M 4 MAX(MPH)
MISC ----> # 27 220 38 320
================================================================================
NOTES:
# LAST OF SEVERAL OCCURRENCES
COLUMN 17 PEAK WIND IN M.P.H.
PRELIMINARY LOCAL CLIMATOLOGICAL DATA (WS FORM: F-6) , PAGE 2
STATION: JACKSONVILLE/LITTLE ROCK AFB
MONTH: FEBRUARY
YEAR: 2024
LATITUDE: 34 55 N
LONGITUDE: 92 9 W
[TEMPERATURE DATA] [PRECIPITATION DATA] SYMBOLS USED IN COLUMN 16
AVERAGE MONTHLY: 52.0 TOTAL FOR MONTH: 2.06 1 = FOG OR MIST
DPTR FM NORMAL: 0.0 DPTR FM NORMAL: M 2 = FOG REDUCING VISIBILITY
HIGHEST: 83 ON 25 GRTST 24HR 0.80 ON 3- 3 TO 1/4 MILE OR LESS
LOWEST: 20 ON 18 3 = THUNDER
SNOW, ICE PELLETS, HAIL 4 = ICE PELLETS
TOTAL MONTH: T 5 = HAIL
GRTST 24HR T ON 29-29 6 = FREEZING RAIN OR DRIZZLE
GRTST DEPTH: 0 7 = DUSTSTORM OR SANDSTORM:
VSBY 1/2 MILE OR LESS
8 = SMOKE OR HAZE
[NO. OF DAYS WITH] [WEATHER - DAYS WITH] 9 = BLOWING SNOW
X = TORNADO
MAX 32 OR BELOW: 0 0.01 INCH OR MORE: 8
MAX 90 OR ABOVE: 0 0.10 INCH OR MORE: 4
MIN 32 OR BELOW: 8 0.50 INCH OR MORE: 2
MIN 0 OR BELOW: 0 1.00 INCH OR MORE: 0
[HDD (BASE 65) ]
TOTAL THIS MO. 380 CLEAR (SCALE 0-3) 15
DPTR FM NORMAL -182 PTCLDY (SCALE 4-7) 9
TOTAL FM JUL 1 2372 CLOUDY (SCALE 8-10) 5
DPTR FM NORMAL -269
[CDD (BASE 65) ]
TOTAL THIS MO. 9
DPTR FM NORMAL 8 [PRESSURE DATA]
TOTAL FM JAN 1 9 HIGHEST SLP M ON M
DPTR FM NORMAL 8 LOWEST SLP M ON M
[REMARKS]
#FINAL-02-24#