000
CXUS54 KLZK 011130
CF6LRF
PRELIMINARY LOCAL CLIMATOLOGICAL DATA (WS FORM: F-6)
STATION: JACKSONVILLE/LITTLE ROCK AFB
MONTH: MAY
YEAR: 2021
LATITUDE: 34 55 N
LONGITUDE: 92 9 W
TEMPERATURE IN F: :PCPN: SNOW: WIND :SUNSHINE: SKY :PK WND
================================================================================
1 2 3 4 5 6A 6B 7 8 9 10 11 12 13 14 15 16 17 18
12Z AVG MX 2MIN
DY MAX MIN AVG DEP HDD CDD WTR SNW DPTH SPD SPD DIR MIN PSBL S-S WX SPD DR
================================================================================
1 80 49 65 -1 0 0 0.00 0.0 0 3.5 13 160 M M 4 M M
2 69 59 64 -2 1 0 0.54 0.0 0 3.8 10 130 M M 9 1 M M
3 84 59 72 6 0 7 0.00 0.0 0 4.9 13 200 M M 7 24 180
4 78 52 65 -2 0 0 0.71 0.0 0 8.1 24 310 M M 8 13 35 300
5 74 48 61 -6 4 0 0.00 0.0 0 4.2 10 360 M M 0 M M
6 82 48 65 -2 0 0 0.00 0.0 0 5.8 18 280 M M 2 27 340
7 73 44 59 -9 6 0 0.03 0.0 0 2.7 10 160 M M 4 M M
8 85 54 70 2 0 5 0.03 0.0 0 6.8 18 190 M M 5 27 190
9 84 57 71 3 0 6 0.42 0.0 0 11.0 18 200 M M 8 38 27 190
10 62 52 57 -11 8 0 T 0.0 0 7.9 12 60 M M 10 3 M M
11 64 54 59 -10 6 0 0.62 0.0 0 8.0 17 70 M M 10 13 21 70
12 69 54 62 -7 3 0 0.00 0.0 0 8.7 14 50 M M 10 20 60
13 73 47 60 -9 5 0 0.00 0.0 0 5.2 14 60 M M 3 8 17 60
14 75 42 59 -10 6 0 T M M 3.3 12 80 M M 0 M M
15 81 47 64 -6 1 0 0.00 M M 3.8 13 190 M M 4 M M
16 84 69 77 7 0 12 T 0.0 M 5.4 13 180 M M 5 17 140
17 78 63 71 1 0 6 T 0.0 M 5.9 12 150 M M 10 1 17 150
18 80 65 73 3 0 8 T 0.0 M 7.3 20 260 M M 9 13 28 320
19 74 65 70 -1 0 5 T 0.0 0 8.8 17 130 M M 10 18 24 140
20 81 67 74 3 0 9 T 0.0 0 7.7 22 140 M M 10 1 37 150
21 80 66 73 2 0 8 T 0.0 0 5.8 18 140 M M 9 23 140
22 86 62 74 2 0 9 0.00 0.0 0 3.6 12 170 M M 3 M M
23 81 62 72 0 0 7 0.00 0.0 M 1.8 7 190 M M 3 M M
24 87 62 75 3 0 10 0.00 0.0 M 2.5 10 180 M M 2 M M
25 86 68 77 5 0 12 T 0.0 0 4.8 13 220 M M 8 17 160
26 87 70 79 6 0 14 T 0.0 M 6.2 14 220 M M 6 M M
27 91 67 79 6 0 14 T 0.0 0 6.6 17 290 M M 5 3 18 180
28 83 60 72 -1 0 7 T 0.0 0 7.2 13 20 M M 4 3 30 320
29 68 54 61 -12 4 0 0.00 0.0 0 8.2 14 30 M M 8 8 20 30
30 72 54 63 -11 2 0 0.00 0.0 0 5.9 13 90 M M 4 M M
31 78 50 64 -10 1 0 0.00 0.0 0 2.4 8 60 M M 3 M M
================================================================================
SM 2429 1770 47 139 2.35 0.0 177.9 M 183
================================================================================
AV 78.4 57.1 5.7 FASTST M M 6 MAX(MPH)
MISC ----> 24 310 37 150
================================================================================
NOTES:
# LAST OF SEVERAL OCCURRENCES
COLUMN 17 PEAK WIND IN M.P.H.
PRELIMINARY LOCAL CLIMATOLOGICAL DATA (WS FORM: F-6) , PAGE 2
STATION: JACKSONVILLE/LITTLE ROCK AFB
MONTH: MAY
YEAR: 2021
LATITUDE: 34 55 N
LONGITUDE: 92 9 W
[TEMPERATURE DATA] [PRECIPITATION DATA] SYMBOLS USED IN COLUMN 16
AVERAGE MONTHLY: 67.7 TOTAL FOR MONTH: 2.35 1 = FOG OR MIST
DPTR FM NORMAL: -2.2 DPTR FM NORMAL: M 2 = FOG REDUCING VISIBILITY
HIGHEST: 91 ON 27 GRTST 24HR 0.71 ON 4- 4 TO 1/4 MILE OR LESS
LOWEST: 42 ON 14 3 = THUNDER
SNOW, ICE PELLETS, HAIL 4 = ICE PELLETS
TOTAL MONTH: 0.0 INCH 5 = HAIL
GRTST 24HR 0.0 6 = FREEZING RAIN OR DRIZZLE
GRTST DEPTH: 0 7 = DUSTSTORM OR SANDSTORM:
VSBY 1/2 MILE OR LESS
8 = SMOKE OR HAZE
[NO. OF DAYS WITH] [WEATHER - DAYS WITH] 9 = BLOWING SNOW
X = TORNADO
MAX 32 OR BELOW: 0 0.01 INCH OR MORE: 6
MAX 90 OR ABOVE: 1 0.10 INCH OR MORE: 4
MIN 32 OR BELOW: 0 0.50 INCH OR MORE: 3
MIN 0 OR BELOW: 0 1.00 INCH OR MORE: 0
[HDD (BASE 65) ]
TOTAL THIS MO. 47 CLEAR (SCALE 0-3) 8
DPTR FM NORMAL 16 PTCLDY (SCALE 4-7) 11
TOTAL FM JUL 1 3520 CLOUDY (SCALE 8-10) 12
DPTR FM NORMAL 351
[CDD (BASE 65) ]
TOTAL THIS MO. 139
DPTR FM NORMAL -41 [PRESSURE DATA]
TOTAL FM JAN 1 159 HIGHEST SLP M ON M
DPTR FM NORMAL -95 LOWEST SLP M ON M
[REMARKS]
#FINAL-05-21#