000
CXUS54 KHGX 021411
CF6LVJ
PRELIMINARY LOCAL CLIMATOLOGICAL DATA (WS FORM: F-6)
STATION: HOUSTON/CLOVER_FIELD
MONTH: MARCH
YEAR: 2022
LATITUDE: 29 31 N
LONGITUDE: 95 14 W
TEMPERATURE IN F: :PCPN: SNOW: WIND :SUNSHINE: SKY :PK WND
================================================================================
1 2 3 4 5 6A 6B 7 8 9 10 11 12 13 14 15 16 17 18
12Z AVG MX 2MIN
DY MAX MIN AVG DEP HDD CDD WTR SNW DPTH SPD SPD DIR MIN PSBL S-S WX SPD DR
================================================================================
1 71 35 53 -9 12 0 0.00 0.0 0 2.4 12 140 M M 0 1 19 80
2 73 38 56 -6 9 0 0.00 0.0 0 3.0 12 160 M M 0 18 19 140
3 75 53 64 2 1 0 0.00 0.0 0 3.5 14 130 M M 2 18 18 140
4 76 57 67 5 0 2 0.00 0.0 0 7.1 17 140 M M 8 12 25 130
5 79 67 73 10 0 8 T 0.0 0 10.7 22 170 M M 8 31 180
6 79 70 75 12 0 10 T 0.0 0 11.9 28 170 M M 10 18 36 170
7 72 53 63 0 2 0 0.01 0.0 0 12.0 23 360 M M 10 1 47 350
8 53 44 49 -14 16 0 0.19 0.0 0 10.2 18 20 M M 10 138 25 350
9 61 44 53 -10 12 0 T 0.0 0 6.4 16 20 M M 5 22 20
10 69 43 56 -8 9 0 0.00 0.0 0 5.8 15 60 M M 1 1 20 70
11 68 40 54 -10 11 0 T 0.0 0 11.9 30 350 M M 10 18 54 340
12 58 34 46 -18 19 0 0.00 0.0 0 8.2 24 360 M M 1 45 350
13 62 33 48 -16 17 0 0.00 0.0 0 6.8 18 140 M M 5 29 130
14 76 58 67 3 0 2 0.13 0.0 0 10.2 21 170 M M 8 13 33 190
15 74 54 64 0 1 0 0.03 0.0 0 8.2 20 320 M M 1 1 29 340
16 77 47 62 -3 3 0 0.00 0.0 0 3.9 15 140 M M 0 22 140
17 77 51 64 -1 1 0 0.03 0.0 0 10.4 23 140 M M 6 1 32 150
18 73 57 65 0 0 0 0.00 0.0 0 10.3 23 330 M M 3 18 35 350
19 76 43 60 -5 5 0 0.00 0.0 0 4.6 16 30 M M 0 24 10
20 73 44 59 -7 6 0 0.00 0.0 0 9.0 21 120 M M 0 31 110
21 76 66 71 5 0 6 0.06 0.0 0 17.5 29 150 M M 10 1 44 140
22 73 54 64 -2 1 0 0.73 0.0 0 11.7 23 310 M M 5 13 36 310
23 69 45 57 -9 8 0 0.00 0.0 0 6.7 20 320 M M 0 31 350
24 69 48 59 -7 6 0 0.00 0.0 0 7.2 20 320 M M 0 32 320
25 83 44 64 -2 1 0 0.00 0.0 0 3.4 13 160 M M 0 18 350
26 85 50 68 1 0 3 0.00 0.0 0 5.2 15 190 M M 2 12 22 180
27 83 60 72 5 0 7 0.00 0.0 0 7.2 18 180 M M 0 27 170
28 81 58 70 3 0 5 0.00 0.0 0 8.6 20 180 M M 4 1 31 180
29 79 69 74 7 0 9 0.00 0.0 0 14.2 25 170 M M 9 39 160
30 84 60 72 5 0 7 0.53 0.0 0 11.8 24 170 M M 5 138 38 320
31 78 51 65 -3 0 0 0.00 0.0 0 5.2 15 20 M M 0 21 40
================================================================================
SM 2282 1570 140 59 1.71 0.0 255.2 M 123
================================================================================
AV 73.6 50.6 8.2 FASTST M M 4 MAX(MPH)
MISC ----> 30 350 54 340
================================================================================
NOTES:
# LAST OF SEVERAL OCCURRENCES
COLUMN 17 PEAK WIND IN M.P.H.
PRELIMINARY LOCAL CLIMATOLOGICAL DATA (WS FORM: F-6) , PAGE 2
STATION: HOUSTON/CLOVER_FIELD
MONTH: MARCH
YEAR: 2022
LATITUDE: 29 31 N
LONGITUDE: 95 14 W
[TEMPERATURE DATA] [PRECIPITATION DATA] SYMBOLS USED IN COLUMN 16
AVERAGE MONTHLY: 62.1 TOTAL FOR MONTH: 1.71 1 = FOG OR MIST
DPTR FM NORMAL: -2.6 DPTR FM NORMAL: -1.13 2 = FOG REDUCING VISIBILITY
HIGHEST: 85 ON 26 GRTST 24HR 0.77 ON 21-22 TO 1/4 MILE OR LESS
LOWEST: 33 ON 13 3 = THUNDER
SNOW, ICE PELLETS, HAIL 4 = ICE PELLETS
TOTAL MONTH: 0.0 INCH 5 = HAIL
GRTST 24HR 0.0 6 = FREEZING RAIN OR DRIZZLE
GRTST DEPTH: 0 7 = DUSTSTORM OR SANDSTORM:
VSBY 1/2 MILE OR LESS
8 = SMOKE OR HAZE
[NO. OF DAYS WITH] [WEATHER - DAYS WITH] 9 = BLOWING SNOW
X = TORNADO
MAX 32 OR BELOW: 0 0.01 INCH OR MORE: 8
MAX 90 OR ABOVE: 0 0.10 INCH OR MORE: 4
MIN 32 OR BELOW: 0 0.50 INCH OR MORE: 2
MIN 0 OR BELOW: 0 1.00 INCH OR MORE: 0
[HDD (BASE 65) ]
TOTAL THIS MO. 140 CLEAR (SCALE 0-3) 15
DPTR FM NORMAL 37 PTCLDY (SCALE 4-7) 8
TOTAL FM JUL 1 995 CLOUDY (SCALE 8-10) 8
DPTR FM NORMAL -52
[CDD (BASE 65) ]
TOTAL THIS MO. 59
DPTR FM NORMAL -35 [PRESSURE DATA]
TOTAL FM JAN 1 96 HIGHEST SLP 30.53 ON 12
DPTR FM NORMAL -58 LOWEST SLP 29.55 ON 30
[REMARKS]
#FINAL-03-22#