000
CXUS54 KHGX 020623
CF6LVJ
PRELIMINARY LOCAL CLIMATOLOGICAL DATA (WS FORM: F-6)
STATION: HOUSTON/CLOVER_FIELD
MONTH: JANUARY
YEAR: 2022
LATITUDE: 29 31 N
LONGITUDE: 95 14 W
TEMPERATURE IN F: :PCPN: SNOW: WIND :SUNSHINE: SKY :PK WND
================================================================================
1 2 3 4 5 6A 6B 7 8 9 10 11 12 13 14 15 16 17 18
12Z AVG MX 2MIN
DY MAX MIN AVG DEP HDD CDD WTR SNW DPTH SPD SPD DIR MIN PSBL S-S WX SPD DR
================================================================================
1 83 68 76 21 0 11 T 0.0 0 9.4 22 200 M M 7 128 37 200
2 69 34 52 -3 13 0 T 0.0 0 16.1 28 340 M M 4 12 51 350
3 55 31 43 -12 22 0 0.00 0.0 0 3.8 13 30 M M 0 18 360
4 66 37 52 -3 13 0 0.00 0.0 0 4.4 15 180 M M 2 22 180
5 77 48 63 8 2 0 0.00 0.0 0 4.3 15 180 M M 3 12 27 190
6 74 48 61 6 4 0 0.00 0.0 0 7.2 17 340 M M 5 12 24 360
7 56 41 49 -6 16 0 0.00 0.0 0 9.5 17 80 M M 7 8 23 60
8 75 56 66 11 0 1 0.24 0.0 0 13.3 24 180 M M 10 13 37 170
9 78 57 68 13 0 3 0.02 0.0 0 9.8 22 350 M M 9 138 31 340
10 61 48 55 0 10 0 0.00 0.0 0 13.3 22 10 M M 3 40 350
11 57 45 51 -4 14 0 T 0.0 0 6.2 15 80 M M 2 21 60
12 61 47 54 -1 11 0 0.00 0.0 0 2.5 10 80 M M 9 12 70
13 72 42 57 2 8 0 0.00 0.0 0 2.4 12 300 M M 0 1 17 270
14 75 42 59 4 6 0 0.00 0.0 0 4.4 14 180 M M 0 1 20 190
15 62 39 51 -4 14 0 0.00 0.0 0 14.9 29 320 M M 1 1 50 350
16 58 36 47 -8 18 0 0.00 0.0 0 7.4 22 330 M M 0 35 310
17 69 33 51 -4 14 0 0.00 0.0 0 1.9 9 150 M M 0 18 13 140
18 73 45 59 4 6 0 0.00 0.0 0 7.7 21 190 M M 4 30 170
19 78 57 68 13 0 3 0.48 0.0 0 8.0 20 340 M M 6 138 31 180
20 56 40 48 -7 17 0 T 0.0 0 15.4 24 20 M M 10 44 350
21 50 38 44 -11 21 0 T 0.0 0 9.1 18 360 M M 5 35 350
22 56 32 44 -12 21 0 0.00 0.0 0 7.0 15 50 M M 0 21 60
23 59 35 47 -9 18 0 0.00 0.0 0 2.1 8 40 M M 8 11 40
24 53 49 51 -5 14 0 0.23 0.0 0 6.5 17 120 M M 10 1 22 120
25 60 48 54 -2 11 0 0.00 0.0 0 8.5 15 50 M M 10 1 21 60
26 56 41 49 -7 16 0 0.00 0.0 0 5.8 14 50 M M 4 20 40
27 64 42 53 -3 12 0 0.00 0.0 0 4.5 12 360 M M 5 14 10
28 60 39 50 -6 15 0 0.00 0.0 0 9.8 22 360 M M 4 32 350
29 63 32 48 -8 17 0 0.00 0.0 0 3.2 10 170 M M 0 16 180
30 70 36 53 -3 12 0 0.00 0.0 0 4.0 13 180 M M 0 18 20 170
31 66 50 58 1 7 0 0.83 0.0 0 8.0 21 130 M M 9 1 29 130
================================================================================
SM 2012 1336 352 18 1.80 0.0 230.4 M 137
================================================================================
AV 64.9 43.1 7.4 FASTST M M 4 MAX(MPH)
MISC ----> 29 320 51 350
================================================================================
NOTES:
# LAST OF SEVERAL OCCURRENCES
COLUMN 17 PEAK WIND IN M.P.H.
PRELIMINARY LOCAL CLIMATOLOGICAL DATA (WS FORM: F-6) , PAGE 2
STATION: HOUSTON/CLOVER_FIELD
MONTH: JANUARY
YEAR: 2022
LATITUDE: 29 31 N
LONGITUDE: 95 14 W
[TEMPERATURE DATA] [PRECIPITATION DATA] SYMBOLS USED IN COLUMN 16
AVERAGE MONTHLY: 54.0 TOTAL FOR MONTH: 1.80 1 = FOG OR MIST
DPTR FM NORMAL: -1.3 DPTR FM NORMAL: -1.83 2 = FOG REDUCING VISIBILITY
HIGHEST: 83 ON 1 GRTST 24HR 1.02 ON 8- 9 TO 1/4 MILE OR LESS
LOWEST: 31 ON 3 3 = THUNDER
SNOW, ICE PELLETS, HAIL 4 = ICE PELLETS
TOTAL MONTH: 0.0 INCH 5 = HAIL
GRTST 24HR 0.0 6 = FREEZING RAIN OR DRIZZLE
GRTST DEPTH: 0 7 = DUSTSTORM OR SANDSTORM:
VSBY 1/2 MILE OR LESS
8 = SMOKE OR HAZE
[NO. OF DAYS WITH] [WEATHER - DAYS WITH] 9 = BLOWING SNOW
X = TORNADO
MAX 32 OR BELOW: 0 0.01 INCH OR MORE: 5
MAX 90 OR ABOVE: 0 0.10 INCH OR MORE: 4
MIN 32 OR BELOW: 3 0.50 INCH OR MORE: 1
MIN 0 OR BELOW: 0 1.00 INCH OR MORE: 0
[HDD (BASE 65) ]
TOTAL THIS MO. 352 CLEAR (SCALE 0-3) 13
DPTR FM NORMAL 31 PTCLDY (SCALE 4-7) 11
TOTAL FM JUL 1 532 CLOUDY (SCALE 8-10) 7
DPTR FM NORMAL -213
[CDD (BASE 65) ]
TOTAL THIS MO. 18
DPTR FM NORMAL -3 [PRESSURE DATA]
TOTAL FM JAN 1 18 HIGHEST SLP 30.58 ON 11
DPTR FM NORMAL -3 LOWEST SLP 29.66 ON 1
[REMARKS]
#FINAL-01-22#