000
CXUS56 KMTR 010843
CLMLVK
CLIMATE REPORT
NATIONAL WEATHER SERVICE SAN FRANCISCO BAY AREA
143 AM PDT FRI SEP 01 2023
...................................
...THE LIVERMORE AIRPORT CLIMATE SUMMARY FOR THE MONTH OF AUGUST 2023...
CLIMATE NORMAL PERIOD: 1991 TO 2020
CLIMATE RECORD PERIOD: 1930 TO 2023
WEATHER OBSERVED NORMAL DEPART LAST YEAR`S
VALUE DATE(S) VALUE FROM VALUE DATE(S)
NORMAL
................................................................
TEMPERATURE (F)
RECORD
HIGH 112 MM
LOW 50 08/24/2009
HIGHEST 100 08/06 106 08/16
LOWEST 54 08/03 53 08/14
08/27
AVG. MAXIMUM 90.7 87.5 3.2 90.8
AVG. MINIMUM 60.0 58.9
MEAN 75.3 72.1 3.2 74.9
DAYS MAX >= 90 18 18
DAYS MAX <= 32 0 0
DAYS MIN <= 32 0 0
DAYS MIN <= 0 0 0
PRECIPITATION (INCHES)
RECORD
MAXIMUM 0.11 2020
MINIMUM 0.00 2022
TOTALS T 0.09 -0.09 0.00
DAILY AVG. T 0.00
DAYS >= .01 0 0
DAYS >= .10 0 0
DAYS >= .50 0 0
DAYS >= 1.00 0 0
GREATEST
24 HR. TOTAL T 08/15 TO 08/15 0.00 07/31 TO 07/31
08/16 TO 08/16
08/22 TO 08/22
DEGREE DAYS
HEATING TOTAL 0 3 -3 0
SINCE 7/1 10 4 6 MM
COOLING TOTAL 328 223 105 303
SINCE 1/1 728 626 102 MM
................................................................
WIND (MPH)
AVERAGE WIND SPEED 6.8
RESULTANT WIND SPEED/DIRECTION 5/280
HIGHEST WIND SPEED/DIRECTION 24/230 DATE 08/21
HIGHEST GUST SPEED/DIRECTION 30/220 DATE 08/21
SKY COVER
POSSIBLE SUNSHINE (PERCENT) MM
AVERAGE SKY COVER 0.09
NUMBER OF DAYS FAIR 29
NUMBER OF DAYS PC 2
NUMBER OF DAYS CLOUDY 0
AVERAGE RH (PERCENT) 56
WEATHER CONDITIONS. NUMBER OF DAYS WITH
THUNDERSTORM 0 MIXED PRECIP 0
HEAVY RAIN 0 RAIN 0
LIGHT RAIN 3 FREEZING RAIN 0
LT FREEZING RAIN 0 HAIL 0
HEAVY SNOW 0 SNOW 0
LIGHT SNOW 0 SLEET 0
FOG 3 FOG W/VIS <= 1/4 MILE 0
HAZE 15
- INDICATES NEGATIVE NUMBERS.
R INDICATES RECORD WAS SET OR TIED.
MM INDICATES DATA IS MISSING.
T INDICATES TRACE AMOUNT.
$$