000
CXUS56 KOTX 060919
CF6LWS
PRELIMINARY LOCAL CLIMATOLOGICAL DATA (WS FORM: F-6)
STATION: LEWISTON ID AIRPORT
MONTH: MARCH
YEAR: 2022
LATITUDE: 46 22 N
LONGITUDE: 117 1 W
TEMPERATURE IN F: :PCPN: SNOW: WIND :SUNSHINE: SKY :PK WND
================================================================================
1 2 3 4 5 6A 6B 7 8 9 10 11 12 13 14 15 16 17 18
12Z AVG MX 2MIN
DY MAX MIN AVG DEP HDD CDD WTR SNW DPTH SPD SPD DIR MIN PSBL S-S WX SPD DR
================================================================================
1 67 44 56 14 9 0 0.03 0.0 0 5.5 18 190 M M 8 23 190
2 54 45 50 8 15 0 0.16 0.0 0 3.5 10 90 M M 8 18 13 80
3 49 35 42 0 23 0 0.33 0.0 0 2.7 13 320 M M 9 1 16 310
4 48 32 40 -3 25 0 0.00 0.0 0 2.7 9 200 M M 6 128 10 210
5 51 31 41 -2 24 0 0.00 0.0 0 5.0 14 310 M M 5 18 310
6 49 34 42 -1 23 0 T 0.0 0 6.7 15 300 M M 5 19 310
7 54 33 44 0 21 0 0.00 0.0 0 4.1 12 200 M M 4 13 80
8 47 34 41 -3 24 0 T 0.0 0 9.8 22 350 M M 10 27 280
9 40 26 33 -11 32 0 0.00 0.0 0 8.7 17 60 M M 4 25 70
10 43 23 33 -11 32 0 0.00 0.0 0 4.2 10 150 M M 2 14 160
11 49 34 42 -2 23 0 T 0.0 0 5.5 14 70 M M 10 18 70
12 65 39 52 7 13 0 0.00 0.0 0 5.8 21 300 M M 1 30 300
13 56 43 50 5 15 0 0.12 0.0 0 5.8 21 320 M M 10 1 27 330
14 60 44 52 7 13 0 T 0.0 0 5.3 14 310 M M 10 16 80
15 61 44 53 8 12 0 0.06 0.0 0 8.6 25 250 M M 7 18 32 280
16 56 37 47 1 18 0 T 0.0 0 7.0 22 320 M M 4 26 330
17 60 34 47 1 18 0 T 0.0 0 5.8 16 140 M M 3 20 130
18 62 42 52 6 13 0 T 0.0 0 4.0 10 360 M M 5 13 330
19 52 41 47 1 18 0 0.06 0.0 0 4.8 28 290 M M 8 36 290
20 50 37 44 -2 21 0 0.00 0.0 0 5.7 16 300 M M 5 24 130
21 53 36 45 -2 20 0 T 0.0 0 3.0 9 80 M M 10 12 330
22 63 45 54 7 11 0 0.00 0.0 0 5.0 10 10 M M 7 14 360
23 70 45 58 11 7 0 0.00 0.0 0 9.7 23 290 M M 2 31 290
24 64 43 54 7 11 0 0.00 0.0 0 4.6 22 300 M M 2 29 290
25 61 40 51 4 14 0 0.00 0.0 0 2.3 8 210 M M 1 11 360
26 65 42 54 6 11 0 0.00 0.0 0 2.6 8 200 M M 2 9 200
27 68 45 57 9 8 0 0.00 0.0 0 4.4 9 280 M M 0 11 290
28 61 48 55 7 10 0 0.03 0.0 0 2.6 9 180 M M 5 1 10 180
29 64 43 54 6 11 0 0.00 0.0 0 6.3 18 330 M M 3 18 25 280
30 60 39 50 2 15 0 0.00 0.0 0 7.3 24 300 M M 2 31 290
31 55 39 47 -1 18 0 0.00 0.0 0 6.5 21 320 M M 7 32 320
================================================================================
SM 1757 1197 528 0 0.79 0.0 165.5 M 165
================================================================================
AV 56.7 38.6 5.3 FASTST M M 5 MAX(MPH)
MISC ----> 28 290 36 290
================================================================================
NOTES:
# LAST OF SEVERAL OCCURRENCES
COLUMN 17 PEAK WIND IN M.P.H.
PRELIMINARY LOCAL CLIMATOLOGICAL DATA (WS FORM: F-6) , PAGE 2
STATION: LEWISTON ID AIRPORT
MONTH: MARCH
YEAR: 2022
LATITUDE: 46 22 N
LONGITUDE: 117 1 W
[TEMPERATURE DATA] [PRECIPITATION DATA] SYMBOLS USED IN COLUMN 16
AVERAGE MONTHLY: 47.6 TOTAL FOR MONTH: 0.79 1 = FOG OR MIST
DPTR FM NORMAL: 2.2 DPTR FM NORMAL: -0.51 2 = FOG REDUCING VISIBILITY
HIGHEST: 70 ON 23 GRTST 24HR 0.33 ON 3- 3 TO 1/4 MILE OR LESS
LOWEST: 23 ON 10 3 = THUNDER
SNOW, ICE PELLETS, HAIL 4 = ICE PELLETS
TOTAL MONTH: 0.0 INCH 5 = HAIL
GRTST 24HR 0.0 6 = FREEZING RAIN OR DRIZZLE
GRTST DEPTH: 0 7 = DUSTSTORM OR SANDSTORM:
VSBY 1/2 MILE OR LESS
8 = SMOKE OR HAZE
[NO. OF DAYS WITH] [WEATHER - DAYS WITH] 9 = BLOWING SNOW
X = TORNADO
MAX 32 OR BELOW: 0 0.01 INCH OR MORE: 7
MAX 90 OR ABOVE: 0 0.10 INCH OR MORE: 3
MIN 32 OR BELOW: 4 0.50 INCH OR MORE: 0
MIN 0 OR BELOW: 0 1.00 INCH OR MORE: 0
[HDD (BASE 65) ]
TOTAL THIS MO. 528 CLEAR (SCALE 0-3) 10
DPTR FM NORMAL -80 PTCLDY (SCALE 4-7) 13
TOTAL FM JUL 1 4084 CLOUDY (SCALE 8-10) 8
DPTR FM NORMAL -241
[CDD (BASE 65) ]
TOTAL THIS MO. 0
DPTR FM NORMAL 0 [PRESSURE DATA]
TOTAL FM JAN 1 0 HIGHEST SLP 30.48 ON 22
DPTR FM NORMAL 0 LOWEST SLP 29.57 ON 27
[REMARKS]
#FINAL-03-22#