000
CXUS53 KILX 011752
CLSLWV
CLIMATE REPORT
NATIONAL WEATHER SERVICE LINCOLN IL
1152 AM CST FRI DEC 01 2023
...................................
...THE LAWRENCEVILLE IL AIRPORT CLIMATE SUMMARY FOR THE SEASON, FROM
9/1/2023 TO 11/30/2023...
CLIMATE NORMAL PERIOD 1991 TO 2020
CLIMATE RECORD PERIOD 9999 TO 9999
WEATHER OBSERVED NORMAL DEPART LAST YEAR`S
VALUE DATE(S) VALUE FROM VALUE
NORMAL
..............................................................
TEMPERATURE (F)
RECORD
HIGH MM MM
LOW 17 11/19/2022
HIGHEST 93 09/04 MM MM 97
LOWEST 20 11/28 MM MM 17
11/29
AVG. MAXIMUM 72.8 68.5 4.3 69.1
AVG. MINIMUM 47.2 46.0 1.2 45.0
MEAN 60.0 57.2 2.8 57.0
DAYS MAX >= 90 6 6.7 -0.7 2
DAYS MAX <= 32 0 0.5 -0.5 0
DAYS MIN <= 32 13 14.3 -1.3 18
DAYS MIN <= 0 0 0.0 0.0 0
PRECIPITATION (INCHES)
RECORD
MAXIMUM 10.33 2021
MINIMUM 4.98 2022
TOTALS 3.50R 9.89 -6.39 4.98
DAILY AVG. 0.04 0.05
DAYS >= .01 19 26.2 -7.2 21
DAYS >= .10 11 14.9 -3.9 11
DAYS >= .50 1 6.9 -5.9 5
DAYS >= 1.00 0 2.8 -2.8 1
GREATEST
24 HR. TOTAL 0.83 10/05 TO 10/05 1.05
DEGREE DAYS
HEATING TOTAL 692 907 -215 915
SINCE 7/1 692 905 -213 MM
COOLING TOTAL 261 202 59 212
SINCE 1/1 1445 1379 66 MM
FREEZE DATES
RECORD
EARLIEST MM
LATEST MM
EARLIEST 10/30
LATEST 04/24
..............................................................
WIND (MPH)
AVERAGE WIND SPEED 7.2
HIGHEST WIND SPEED/DIRECTION 33/110 DATE 11/20
HIGHEST GUST SPEED/DIRECTION 40/110 DATE 10/06
SKY COVER
POSSIBLE SUNSHINE (PERCENT) MM
AVERAGE SKY COVER 0.29
NUMBER OF DAYS FAIR 65
NUMBER OF DAYS PC 14
NUMBER OF DAYS CLOUDY 12
AVERAGE RH (PERCENT) 69
WEATHER CONDITIONS. NUMBER OF DAYS WITH
THUNDERSTORM 3 MIXED PRECIP 0
HEAVY RAIN 3 RAIN 11
LIGHT RAIN 26 FREEZING RAIN 0
LT FREEZING RAIN 0 HAIL 0
HEAVY SNOW 0 SNOW 0
LIGHT SNOW 0 SLEET 0
FOG 40 FOG W/VIS <= 1/4 MILE 5
HAZE 11
- INDICATES NEGATIVE NUMBERS.
R INDICATES RECORD WAS SET OR TIED.
MM INDICATES DATA IS MISSING.
T INDICATES TRACE AMOUNT.
$$