000
CXUS53 KILX 011534
CLSLWV
CLIMATE REPORT
NATIONAL WEATHER SERVICE LINCOLN IL
1034 AM CDT WED JUN 01 2022
...................................
...THE LAWRENCEVILLE IL AIRPORT CLIMATE SUMMARY FOR THE SEASON, FROM
3/1/2022 TO 5/31/2022...
CLIMATE NORMAL PERIOD 1991 TO 2020
CLIMATE RECORD PERIOD 9999 TO 9999
WEATHER OBSERVED NORMAL DEPART LAST YEAR`S
VALUE DATE(S) VALUE FROM VALUE
NORMAL
..............................................................
TEMPERATURE (F)
RECORD
HIGH MM MM
LOW MM MM
HIGHEST 92 05/11 MM MM 90
05/31
LOWEST 15 03/12 MM MM 26
AVG. MAXIMUM 66.8 66.4 0.4 67.5
AVG. MINIMUM 46.0 45.2 0.8 45.2
MEAN 56.4 55.8 0.6 56.4
DAYS MAX >= 90 7 2.4 4.6 2
DAYS MAX <= 32 1 0.8 0.2 0
DAYS MIN <= 32 12 15.1 -3.1 12
DAYS MIN <= 0 0 0.0 0.0 0
PRECIPITATION (INCHES)
RECORD
MAXIMUM MM MM
MINIMUM MM MM
TOTALS 10.71 12.25 -1.54 9.86
DAILY AVG. 0.12 0.11
DAYS >= .01 30 33.4 -3.4 32
DAYS >= .10 19 21.6 -2.6 21
DAYS >= .50 9 8.7 0.3 6
DAYS >= 1.00 4 3.4 0.6 4
GREATEST
24 HR. TOTAL 2.34 04/24 TO 04/25 1.50
DEGREE DAYS
HEATING TOTAL 934 1003 -69 899
SINCE 7/1 3979 4709 -730 MM
COOLING TOTAL 204 154 50 130
SINCE 1/1 204 154 50 MM
FREEZE DATES
RECORD
EARLIEST MM
LATEST MM
EARLIEST 11/02
LATEST 04/21
..............................................................
WIND (MPH)
AVERAGE WIND SPEED 10.8
HIGHEST WIND SPEED/DIRECTION 49/210 DATE 03/30
HIGHEST GUST SPEED/DIRECTION 71/200 DATE 03/30
SKY COVER
POSSIBLE SUNSHINE (PERCENT) MM
AVERAGE SKY COVER 0.43
NUMBER OF DAYS FAIR 40
NUMBER OF DAYS PC 32
NUMBER OF DAYS CLOUDY 18
AVERAGE RH (PERCENT) 68
WEATHER CONDITIONS. NUMBER OF DAYS WITH
THUNDERSTORM 18 MIXED PRECIP 2
HEAVY RAIN 20 RAIN 21
LIGHT RAIN 48 FREEZING RAIN 0
LT FREEZING RAIN 0 HAIL 0
HEAVY SNOW 0 SNOW 0
LIGHT SNOW 3 SLEET 0
FOG 31 FOG W/VIS <= 1/4 MILE 2
HAZE 4
- INDICATES NEGATIVE NUMBERS.
R INDICATES RECORD WAS SET OR TIED.
MM INDICATES DATA IS MISSING.
T INDICATES TRACE AMOUNT.
$$
ERWIN