000
CXUS53 KGID 011517 RRA
CF6LXN
PRELIMINARY LOCAL CLIMATOLOGICAL DATA (WS FORM: F-6)
STATION: LEXINGTON NE
MONTH: MAY
YEAR: 2022
LATITUDE: 40 47 N
LONGITUDE: 99 46 W
TEMPERATURE IN F: :PCPN: SNOW: WIND :SUNSHINE: SKY :PK WND
================================================================================
1 2 3 4 5 6A 6B 7 8 9 10 11 12 13 14 15 16 17 18
12Z AVG MX 2MIN
DY MAX MIN AVG DEP HDD CDD WTR SNW DPTH SPD SPD DIR MIN PSBL S-S WX SPD DR
================================================================================
1 64 37 51 M 14 0 0.00 M M 8.8 16 330 M M 1 20 330
2 51 34 43 M 22 0 1.29 M M 15.3 27 60 M M 10 33 60
3 50 33 42 M 23 0 0.00 M M 7.6 14 120 M M 7 18 120
4 49 43 46 M 19 0 T M M 8.1 13 100 M M 10 1 17 120
5 53 41 47 M 18 0 0.01 M M 6.4 12 350 M M 9 1 M M
6 77 36 57 M 8 0 0.00 M M 9.3 18 170 M M 3 12 21 190
7 81 53 67 M 0 2 0.87 M M 18.7 32 160 M M 5 1 43 160
8 77 55 66 M 0 1 0.06 M M 11.8 31 10 M M 3 13 40 10
9 77 59 68 M 0 3 0.00 M M 12.0 18 130 M M 2 1 24 260
10 77 50 64 M 1 0 0.00 M M 12.4 20 50 M M 1 28 40
11 89 55 72 M 0 7 T M M 13.2 25 150 M M 1 1 32 160
12 86 53 70 M 0 5 0.11 M M 17.5 37 320 M M 0 46 320
13 76 41 59 M 6 0 0.00 M M 5.3 12 220 M M 0 18 190
14 76 45 61 M 4 0 0.00 M M 6.9 13 40 M M 1 20 300
15 71 47 59 M 6 0 0.28 M M 7.5 21 340 M M 3 3 28 70
16 81 47 64 M 1 0 0.00 M M 11.3 24 160 M M 0 1 29 160
17 84 59 72 M 0 7 T M M 11.1 24 190 M M 0 31 190
18 84 54 69 M 0 4 0.00 M M 7.1 18 190 M M 0 24 190
19 92 50 71 M 0 6 0.00 M M 13.3 31 10 M M 0 44 10
20 60 47 54 M 11 0 0.00 M M 15.8 23 330 M M 6 30 10
21 58 38 48 M 17 0 T M M 8.3 14 320 M M 3 22 320
22 65 32 49 M 16 0 0.00 M M 5.5 16 180 M M 0 18 180
23 57 45 51 M 14 0 0.20 M M 8.5 16 170 M M 6 25 160
24 54 43 49 M 16 0 0.39 M M 9.9 17 50 M M 9 23 50
25 59 43 51 M 14 0 0.01 M M 16.4 24 10 M M 7 30 360
26 78 40 59 M 6 0 0.00 M M 7.4 13 320 M M 0 18 340
27 89 46 68 M 0 3 0.00 M M 9.0 20 160 M M 0 1 28 160
28 87 57 72 M 0 7 0.00 M M 10.8 18 160 M M 0 25 150
29 82 59 71 M 0 6 0.17 M M 10.2 24 330 M M 1 1 37 20
30 74 54 64 M 1 0 0.12 M M 17.2 30 260 M M 3 3 43 280
31 73 51 62 M 3 0 0.00 M M 10.1 15 20 M M 3 8 22 290
================================================================================
SM 2231 1447 220 51 3.51 M 332.7 M 94
================================================================================
AV 72.0 46.7 10.7 FASTST M M 3 MAX(MPH)
MISC ----> 37 320 M M
================================================================================
NOTES:
# LAST OF SEVERAL OCCURRENCES
COLUMN 17 PEAK WIND IN M.P.H.
PRELIMINARY LOCAL CLIMATOLOGICAL DATA (WS FORM: F-6) , PAGE 2
STATION: LEXINGTON NE
MONTH: MAY
YEAR: 2022
LATITUDE: 40 47 N
LONGITUDE: 99 46 W
[TEMPERATURE DATA] [PRECIPITATION DATA] SYMBOLS USED IN COLUMN 16
AVERAGE MONTHLY: 59.3 TOTAL FOR MONTH: 3.51 1 = FOG OR MIST
DPTR FM NORMAL: M DPTR FM NORMAL: M 2 = FOG REDUCING VISIBILITY
HIGHEST: 92 ON 19 GRTST 24HR 1.29 ON 2- 2 TO 1/4 MILE OR LESS
LOWEST: 32 ON 22 3 = THUNDER
SNOW, ICE PELLETS, HAIL 4 = ICE PELLETS
TOTAL MONTH: M 5 = HAIL
GRTST 24HR M ON M 6 = FREEZING RAIN OR DRIZZLE
GRTST DEPTH: M ON M 7 = DUSTSTORM OR SANDSTORM:
VSBY 1/2 MILE OR LESS
8 = SMOKE OR HAZE
[NO. OF DAYS WITH] [WEATHER - DAYS WITH] 9 = BLOWING SNOW
X = TORNADO
MAX 32 OR BELOW: 0 0.01 INCH OR MORE: 11
MAX 90 OR ABOVE: 1 0.10 INCH OR MORE: 8
MIN 32 OR BELOW: 1 0.50 INCH OR MORE: 2
MIN 0 OR BELOW: 0 1.00 INCH OR MORE: 1
[HDD (BASE 65) ]
TOTAL THIS MO. 220 CLEAR (SCALE 0-3) 22
DPTR FM NORMAL M PTCLDY (SCALE 4-7) 5
TOTAL FM JUL 1 5778 CLOUDY (SCALE 8-10) 4
DPTR FM NORMAL M
[CDD (BASE 65) ]
TOTAL THIS MO. 51
DPTR FM NORMAL M [PRESSURE DATA]
TOTAL FM JAN 1 65 HIGHEST SLP M ON M
DPTR FM NORMAL M LOWEST SLP M ON M
[REMARKS]
#FINAL-05-22#