000
CXUS55 KPUB 011210
CF6LXV
PRELIMINARY LOCAL CLIMATOLOGICAL DATA (WS FORM: F-6)
STATION: LEADVILLE CO
MONTH: AUGUST
YEAR: 2023
LATITUDE: 39 15 N
LONGITUDE: 106 18 W
TEMPERATURE IN F: :PCPN: SNOW: WIND :SUNSHINE: SKY :PK WND
================================================================================
1 2 3 4 5 6A 6B 7 8 9 10 11 12 13 14 15 16 17 18
12Z AVG MX 2MIN
DY MAX MIN AVG DEP HDD CDD WTR SNW DPTH SPD SPD DIR MIN PSBL S-S WX SPD DR
================================================================================
1 73 44 59 4 6 0 1.85 M M 4.8 23 60 M M 5 123 30 60
2 72 41 57 2 8 0 0.16 M M 5.5 15 310 M M 5 13 22 340
3 70 44 57 2 8 0 0.01 M M 7.4 24 310 M M 2 36 300
4 70 38 54 -1 11 0 0.00 M M 7.2 20 290 M M 3 30 300
5 72 39 56 1 9 0 T M M 6.5 21 310 M M 2 31 350
6 75 41 58 3 7 0 0.00 M M 8.3 26 300 M M 3 43 270
7 71 38 55 0 10 0 0.00 M M 7.7 25 10 M M 4 36 360
8 71 34 53 -1 12 0 0.00 M M 7.9 24 250 M M 1 35 260
9 69 42 56 2 9 0 0.00 M M 8.8 25 290 M M 1 37 280
10 74 41 58 4 7 0 0.00 M M 7.5 21 10 M M 3 33 350
11 72 39 56 2 9 0 0.26 M M 4.9 17 150 M M 3 13 25 340
12 64 43 54 0 11 0 0.02 M M 4.6 18 10 M M 7 27 350
13 72 38 55 1 10 0 0.00 M M 6.6 18 300 M M 4 32 300
14 74 45 60 6 5 0 0.00 M M 5.3 20 280 M M 4 18 29 280
15 78 39 59 6 6 0 0.00 M M 5.8 20 360 M M 2 8 28 350
16 72 43 58 5 7 0 0.01 M M 5.7 18 340 M M 4 38 30 360
17 77 39 58 5 7 0 0.00 M M 5.0 29 190 M M 3 38 200
18 72 46 59 6 6 0 T M M 6.1 22 310 M M 4 32 290
19 78 40 59 6 6 0 T M M 7.9 25 180 M M 1 34 210
20 78 40 59 7 6 0 0.00 M M 7.9 22 180 M M 0 30 180
21 77 40 59 7 6 0 0.03 M M 5.7 21 190 M M 1 3 31 150
22 74 41 58 6 7 0 0.00 M M 7.1 25 180 M M 2 3 36 190
23 77 45 61 9 4 0 T M M 5.2 17 200 M M 3 25 190
24 76 43 60 8 5 0 0.06 M M 6.3 18 200 M M 6 138 26 140
25 66 48 57 5 8 0 0.28 M M 4.9 28 180 M M 10 13 37 180
26 66 49 58 7 7 0 0.12 M M 4.8 17 190 M M 8 123 22 180
27 67 45 56 5 9 0 0.69 M M 3.9 22 20 M M 5 13 30 20
28 69 44 57 6 8 0 0.03 M M 5.4 26 310 M M 4 13 40 310
29 73 37 55 4 10 0 0.00 M M 4.0 12 320 M M 1 20 290
30 76 35 56 6 9 0 0.00 M M 5.5 18 290 M M 1 27 280
31 77 37 57 7 8 0 0.00 M M 4.5 17 290 M M 1 26 300
================================================================================
SM 2252 1278 241 0 3.52 M 188.7 M 103
================================================================================
AV 72.6 41.2 6.1 FASTST M M 3 MAX(MPH)
MISC ----> 29 190 43 270
================================================================================
NOTES:
# LAST OF SEVERAL OCCURRENCES
COLUMN 17 PEAK WIND IN M.P.H.
PRELIMINARY LOCAL CLIMATOLOGICAL DATA (WS FORM: F-6) , PAGE 2
STATION: LEADVILLE CO
MONTH: AUGUST
YEAR: 2023
LATITUDE: 39 15 N
LONGITUDE: 106 18 W
[TEMPERATURE DATA] [PRECIPITATION DATA] SYMBOLS USED IN COLUMN 16
AVERAGE MONTHLY: 56.9 TOTAL FOR MONTH: 3.52 1 = FOG OR MIST
DPTR FM NORMAL: 3.8 DPTR FM NORMAL: 1.65 2 = FOG REDUCING VISIBILITY
HIGHEST: 78 ON 20,19 GRTST 24HR 1.85 ON 1- 1 TO 1/4 MILE OR LESS
LOWEST: 34 ON 8 3 = THUNDER
SNOW, ICE PELLETS, HAIL 4 = ICE PELLETS
TOTAL MONTH: M 5 = HAIL
GRTST 24HR M ON M 6 = FREEZING RAIN OR DRIZZLE
GRTST DEPTH: M ON M 7 = DUSTSTORM OR SANDSTORM:
VSBY 1/2 MILE OR LESS
8 = SMOKE OR HAZE
[NO. OF DAYS WITH] [WEATHER - DAYS WITH] 9 = BLOWING SNOW
X = TORNADO
MAX 32 OR BELOW: 0 0.01 INCH OR MORE: 12
MAX 90 OR ABOVE: 0 0.10 INCH OR MORE: 6
MIN 32 OR BELOW: 0 0.50 INCH OR MORE: 2
MIN 0 OR BELOW: 0 1.00 INCH OR MORE: 1
[HDD (BASE 65) ]
TOTAL THIS MO. 241 CLEAR (SCALE 0-3) 15
DPTR FM NORMAL -128 PTCLDY (SCALE 4-7) 14
TOTAL FM JUL 1 371 CLOUDY (SCALE 8-10) 2
DPTR FM NORMAL -305
[CDD (BASE 65) ]
TOTAL THIS MO. 0
DPTR FM NORMAL 0 [PRESSURE DATA]
TOTAL FM JAN 1 0 HIGHEST SLP 30.24 ON 22
DPTR FM NORMAL 0 LOWEST SLP 29.79 ON 9
[REMARKS]
#FINAL-08-23#