000
CXUS51 KRNK 011330 CCA
CF6LYH
PRELIMINARY LOCAL CLIMATOLOGICAL DATA (WS FORM: F-6)...CORRECTED
STATION: LYNCHBURG VA
MONTH: FEBRUARY
YEAR: 2020
LATITUDE: 37 19 N
LONGITUDE: 79 12 W
TEMPERATURE IN F: :PCPN: SNOW: WIND :SUNSHINE: SKY :PK WND
================================================================================
1 2 3 4 5 6A 6B 7 8 9 10 11 12 13 14 15 16 17 18
12Z AVG MX 2MIN
DY MAX MIN AVG DEP HDD CDD WTR SNW DPTH SPD SPD DIR MIN PSBL S-S WX SPD DR
================================================================================
1 53 26 40 4 25 0 T 0.0 0 2.5 9 290 M M 7 12 17 260
2 65 35 50 14 15 0 0.00 0.0 0 8.7 21 210 M M 2 32 210
3 71 49 60 24 5 0 0.00 0.0 0 6.7 15 190 M M 0 21 190
4 70 53 62 26 3 0 0.01 0.0 0 6.4 15 260 M M 5 23 240
5 62 39 51 15 14 0 0.29 0.0 0 7.6 18 40 M M 8 1 22 50
6 54 38 46 9 19 0 2.43 0.0 0 3.7 15 120 M M 10 13 18 110
7 59 32 46 9 19 0 0.10 0.0 0 12.0 24 190 M M 10 123 34 270
8 44 24 34 -3 31 0 0.00 0.0 0 5.8 15 190 M M 1 18 160
9 52 24 38 1 27 0 0.00 0.0 0 5.0 14 180 M M 0 17 190
10 50 35 43 6 22 0 0.49 0.0 0 8.0 15 200 M M 7 1 22 190
11 66 49 58 21 7 0 0.59 0.0 0 4.7 12 290 M M 8 12 21 280
12 53 43 48 10 17 0 0.03 0.0 0 3.3 8 10 M M 7 1 11 100
13 62 42 52 14 13 0 0.53 0.0 0 5.3 16 300 M M 7 1 27 300
14 46 26 36 -2 29 0 0.00 0.0 0 4.5 13 300 M M 0 20 300
15 39 19 29 -9 36 0 0.00 0.0 0 4.4 13 200 M M 0 17 190
16 54 26 40 2 25 0 0.00 0.0 0 4.1 13 180 M M 2 16 190
17 57 30 44 6 21 0 0.00 0.0 0 3.9 15 50 M M 0 19 40
18 51 33 42 3 23 0 0.08 0.0 0 3.7 12 210 M M 7 1 15 200
19 55 32 44 5 21 0 0.01 0.0 0 4.5 12 360 M M 4 1 17 20
20 40 33 37 -2 28 0 T T 0 4.1 12 40 M M 7 13 40
21 44 24 34 -5 31 0 0.00 0.0 0 5.2 16 40 M M 2 19 30
22 56 18 37 -3 28 0 0.00 0.0 0 3.3 12 200 M M 0 17 210
23 64 22 43 3 22 0 0.00 0.0 0 3.7 15 200 M M 1 27 210
24 54 31 43 3 22 0 0.05 0.0 0 5.6 13 200 M M 6 17 230
25 63 45 54 14 11 0 0.22 0.0 0 3.3 10 190 M M 7 1 14 210
26 57 40 49 9 16 0 0.54 0.0 0 5.3 15 300 M M 10 12 26 280
27 44 32 38 -3 27 0 0.00 0.0 0 9.4 18 270 M M 2 29 310
28 47 26 37 -4 28 0 T T 0 6.8 17 220 M M 4 27 250
29 41 28 35 -6 30 0 0.00 0.0 0 7.3 17 310 M M 2 28 310
================================================================================
SM 1573 954 615 0 5.37 T 158.8 M 126
================================================================================
AV 54.2 32.9 5.5 FASTST M M 4 MAX(MPH)
MISC ----> # 24 190 # 34 270
================================================================================
NOTES:
# LAST OF SEVERAL OCCURRENCES
COLUMN 17 PEAK WIND IN M.P.H.
PRELIMINARY LOCAL CLIMATOLOGICAL DATA (WS FORM: F-6) , PAGE 2
STATION: LYNCHBURG VA
MONTH: FEBRUARY
YEAR: 2020
LATITUDE: 37 19 N
LONGITUDE: 79 12 W
[TEMPERATURE DATA] [PRECIPITATION DATA] SYMBOLS USED IN COLUMN 16
AVERAGE MONTHLY: 43.6 TOTAL FOR MONTH: 5.37 1 = FOG OR MIST
DPTR FM NORMAL: 5.4 DPTR FM NORMAL: 2.44 2 = FOG REDUCING VISIBILITY
HIGHEST: 71 ON 3 GRTST 24HR 2.43 ON 6- 6 TO 1/4 MILE OR LESS
LOWEST: 18 ON 22 3 = THUNDER
SNOW, ICE PELLETS, HAIL 4 = ICE PELLETS
TOTAL MONTH: T 5 = HAIL
GRTST 24HR T ON 28-28 6 = FREEZING RAIN OR DRIZZLE
GRTST DEPTH: 0 7 = DUSTSTORM OR SANDSTORM:
VSBY 1/2 MILE OR LESS
8 = SMOKE OR HAZE
[NO. OF DAYS WITH] [WEATHER - DAYS WITH] 9 = BLOWING SNOW
X = TORNADO
MAX 32 OR BELOW: 0 0.01 INCH OR MORE: 13
MAX 90 OR ABOVE: 0 0.10 INCH OR MORE: 8
MIN 32 OR BELOW: 16 0.50 INCH OR MORE: 4
MIN 0 OR BELOW: 0 1.00 INCH OR MORE: 1
[HDD (BASE 65) ]
TOTAL THIS MO. 615 CLEAR (SCALE 0-3) 13
DPTR FM NORMAL -137 PTCLDY (SCALE 4-7) 11
TOTAL FM JUL 1 2772 CLOUDY (SCALE 8-10) 5
DPTR FM NORMAL -676
[CDD (BASE 65) ]
TOTAL THIS MO. 0
DPTR FM NORMAL 0 [PRESSURE DATA]
TOTAL FM JAN 1 0 HIGHEST SLP M ON M
DPTR FM NORMAL 0 LOWEST SLP 28.79 ON 29
[REMARKS]
DUE TO MISSING TEMPERATURES ON NOVEMBER 27-30, 2019, THE
SEASONAL HEATING DEGREE DAY TOTAL WILL BE CALCULATED WITHOUT DATA
FROM THESE DATES.
#FINAL-02-20#