000
CXUS51 KRNK 010807
CLSLYH
CLIMATE REPORT
NATIONAL WEATHER SERVICE BLACKSBURG, VA
407 AM EDT THU SEP 01 2022
...................................
...THE LYNCHBURG VA CLIMATE SUMMARY FOR THE SEASON, FROM
6/1/2022 TO 8/31/2022...
CLIMATE NORMAL PERIOD: 1991 TO 2020
CLIMATE RECORD PERIOD: 1893 TO 2022
WEATHER OBSERVED NORMAL DEPART LAST YEAR`S
VALUE DATE(S) VALUE FROM VALUE
NORMAL
..............................................................
TEMPERATURE (F)
RECORD
HIGH 106 07/10/1936
LOW 7 06/17/2015
HIGHEST 97 07/24 98
LOWEST 54 06/10 50
06/19
AVG. MAXIMUM 88.2 85.1 3.1 88.8
AVG. MINIMUM 66.2 63.2 3.0 65.9
MEAN 77.2 74.1 3.1 77.4
DAYS MAX >= 90 43 23.7 19.3 49
DAYS MAX <= 32 0 0.0 0.0 0
DAYS MIN <= 32 0 0.0 0.0 0
DAYS MIN <= 0 0 0.0 0.0 0
PRECIPITATION (INCHES)
RECORD
MAXIMUM 22.66 1989
MINIMUM 3.89 1930
TOTALS 14.27 11.23 3.04 10.17
DAYS >= .01 34 32.4 1.6 35
DAYS >= .10 18 19.5 -1.5 21
DAYS >= .50 8 7.2 0.8 5
DAYS >= 1.00 4 2.8 1.2 2
GREATEST
24 HR. TOTAL 4.83 2.76
SNOWFALL (INCHES)
TOTALS 0.0 0.0 0.0 0.0
DAYS >= TRACE 0 0.0 0.0 0
DAYS >= 1.0 0 0.0 0.0 0
GREATEST
24 HR TOTAL 0.0 0.0
DEGREE DAYS
HEATING TOTAL 0 14 -14 0
COOLING TOTAL 1144 857 287 1165
..............................................................
WIND (MPH)
AVERAGE WIND SPEED 3.8
RESULTANT WIND SPEED/DIRECTION 1/170
HIGHEST WIND SPEED/DIRECTION 35/220 DATE 06/02
HIGHEST GUST SPEED/DIRECTION 47/220 DATE 06/02
SKY COVER
AVERAGE SKY COVER 0.29
AVERAGE RH (PERCENT) 69
WEATHER CONDITIONS. NUMBER OF DAYS WITH
THUNDERSTORM 28 MIXED PRECIP 0
HEAVY RAIN 12 RAIN 17
LIGHT RAIN 48 FREEZING RAIN 0
LT FREEZING RAIN 0 HAIL 0
HEAVY SNOW 0 SNOW 0
LIGHT SNOW 0 SLEET 0
FOG 57 FOG W/VIS <= 1/4 MILE 9
HAZE 2
- INDICATES NEGATIVE NUMBERS.
R INDICATES RECORD WAS SET OR TIED.
MM INDICATES DATA IS MISSING.
T INDICATES TRACE AMOUNT.
$$