000
CXUS54 KLZK 061908
CLALZK
CLIMATE REPORT
NATIONAL WEATHER SERVICE LITTLE ROCK AR
108 PM CST FRI JAN 06 2023
...................................
...THE NORTH LITTLE ROCK CLIMATE SUMMARY FOR THE YEAR OF 2022...
CLIMATE NORMAL PERIOD 1991 TO 2020
CLIMATE RECORD PERIOD 1975 TO 2023
WEATHER OBSERVED NORMAL DEPART LAST YEAR`S
VALUE DATE(S) VALUE FROM VALUE DATE(S)
NORMAL
................................................................
TEMPERATURE (F)
RECORD
HIGH 111 08/03/2011
08/30/2000
LOW -6 01/20/1985
HIGHEST 103 08/15 73 30 98 08/25
LOWEST 1 12/23 53 -52 -1 02/16
AVG. MAXIMUM 72.3 71.1 1.2 71.4
AVG. MINIMUM 52.3 52.5 -0.2 53.2
MEAN 62.3 61.8 0.5 62.3
DAYS MAX >= 90 76 69.7 6.3 MM
DAYS MAX <= 32 10 4.2 5.8 MM
DAYS MIN <= 32 63 40.6 22.4 MM
DAYS MIN <= 0 0 0.0 0.0 MM
PRECIPITATION (INCHES)
RECORD
MAXIMUM 79.61 2009
MINIMUM 37.02 1995
TOTALS 45.47 51.85 -6.38 51.78
DAILY AVG. 0.13 0.14 -0.01 0.14
DAYS >= .01 102 109.0 -7.0 MM
DAYS >= .10 70 73.2 -3.2 MM
DAYS >= .50 31 34.4 -3.4 MM
DAYS >= 1.00 15 15.5 -0.5 MM
GREATEST
24 HR. TOTAL 3.22 5.78 10/02 TO 10/03
STORM TOTAL 2.32 5.27
(MM/DD(HH)) MM
SNOWFALL (INCHES)
RECORDS
TOTAL 19.1 1979
24 HR TOTAL 12.0 01/06/1988 TO 01/07/1988
SNOW DEPTH 14 02/18/2021
TOTALS 9.7 3.8 5.9 18.7
LIQUID EQUIV 1.00 0.60 0.40 1.87
SINCE 7/1 0.2 0.7 -0.5 MM
LIQUID 7/1 0.02 0.00 0.02 MM
SNOWDEPTH AVG. T 0
DAYS >= TRACE 19 2.7 16.3 MM
DAYS >= 1.0 3 1.3 1.7 MM
GREATEST
SNOW DEPTH 3 02/04 14 02/18
03/12
24 HR TOTAL 4.3 10.9 02/14 TO 02/15
STORM TOTAL 4.3 10.9
(MM/DD(HH)) MM
DEGREE DAYS
HEATING TOTAL 3166 3145 21 2861
SINCE 7/1 1238 1248 -10 MM
COOLING TOTAL 2305 2008 297 2037
SINCE 1/1 2305 2009 296 MM
FREEZE DATES
RECORD
EARLIEST 10/20/1989
LATEST 04/19/1983
EARLIEST 11/12
LATEST 03/13
................................................................
WIND (MPH)
AVERAGE WIND SPEED 8.2
HIGHEST WIND SPEED/DIRECTION 35/340 DATE 05/03
HIGHEST GUST SPEED/DIRECTION 47/320 DATE 05/15
SKY COVER
AVERAGE SKY COVER 0.34
NUMBER OF DAYS FAIR 20
NUMBER OF DAYS PC 11
NUMBER OF DAYS CLOUDY 6
WEATHER CONDITIONS. NUMBER OF DAYS WITH
THUNDERSTORM 60 MIXED PRECIP 0
HEAVY RAIN 32 RAIN 57
LIGHT RAIN 121 FREEZING RAIN 3
LT FREEZING RAIN 6 HAIL 3
HEAVY SNOW 2 SLEET 13
FOG 50 FOG W/VIS <= 1/4 MILE 15
HAZE 3
- INDICATES NEGATIVE NUMBERS.
R INDICATES RECORD WAS SET OR TIED.
MM INDICATES DATA IS MISSING.
T INDICATES TRACE AMOUNT.
$$