000
CXUS54 KMAF 011443
CF6MAF
PRELIMINARY LOCAL CLIMATOLOGICAL DATA (WS FORM: F-6)
STATION: MIDLAND INTERNATIONAL AIRPORT
MONTH: SEPTEMBER
YEAR: 2023
LATITUDE: 31 57 N
LONGITUDE: 102 11 W
TEMPERATURE IN F: :PCPN: SNOW: WIND :SUNSHINE: SKY :PK WND
================================================================================
1 2 3 4 5 6A 6B 7 8 9 10 11 12 13 14 15 16 17 18
12Z AVG MX 2MIN
DY MAX MIN AVG DEP HDD CDD WTR SNW DPTH SPD SPD DIR MIN PSBL S-S WX SPD DR
================================================================================
1 99 68 84 4 0 19 0.00 0.0 0 6.9 17 190 M M 0 24 110
2 98 67 83 3 0 18 0.00 0.0 0 6.6 15 220 M M 0 19 210
3 99 68 84 4 0 19 0.00 0.0 0 8.5 18 170 M M 0 23 180
4 102 74 88 9 0 23 0.00 0.0 0 13.9 24 180 M M 0 31 190
5 106 77 92 13 0 27 0.00 0.0 0 9.8 18 180 M M 1 25 180
6 101 73 87 8 0 22 0.00 0.0 0 7.7 16 160 M M 0 25 120
7 100 75 88 10 0 23 0.00 0.0 0 10.1 18 190 M M 0 8 25 200
8 103 77 90 12 0 25 0.00 0.0 0 10.9 17 180 M M 0 8 23 200
9 99 72 86 8 0 21 0.00 0.0 0 8.0 25 330 M M 1 8 38 310
10 97 73 85 7 0 20 0.00 0.0 0 12.7 23 160 M M 1 8 34 160
11 95 65 80 3 0 15 0.27 0.0 0 15.8 38 10 M M 4 38 47 350
12 66 63 65 -12 0 0 0.02 0.0 0 11.0 25 50 M M 9 18 33 50
13 77 65 71 -6 0 6 0.07 0.0 0 8.2 16 80 M M 7 18 21 140
14 85 66 76 -1 0 11 0.00 0.0 0 8.7 18 200 M M 4 13 23 190
15 85 65 75 -1 0 10 0.07 0.0 0 8.4 31 290 M M 6 13 40 280
16 81 60 71 -5 0 6 0.47 0.0 0 9.0 32 30 M M 3 13 44 50
17 88 63 76 0 0 11 0.00 0.0 0 3.7 10 90 M M 1 15 60
18 90 65 78 2 0 13 0.00 0.0 0 9.5 17 170 M M 0 24 150
19 98 67 83 8 0 18 0.00 0.0 0 9.6 20 180 M M 1 25 180
20 98 66 82 7 0 17 0.00 0.0 0 5.6 17 200 M M 0 22 200
21 92 70 81 6 0 16 T 0.0 0 10.4 33 220 M M 2 3 44 220
22 97 74 86 12 0 21 0.00 0.0 0 10.2 17 170 M M 1 23 170
23 102 73 88 14 0 23 0.00 0.0 0 7.8 17 220 M M 1 24 220
24 98 73 86 12 0 21 0.00 0.0 0 10.0 17 350 M M 0 23 350
25 90 72 81 7 0 16 0.00 0.0 0 12.8 23 70 M M 2 29 80
26 90 66 78 5 0 13 0.00 0.0 0 6.0 13 140 M M 0 17 110
27 95 68 82 9 0 17 0.11 0.0 0 7.8 28 130 M M 2 3 37 130
28 93 65 79 6 0 14 0.00 0.0 0 12.0 20 150 M M 1 28 160
29 94 70 82 10 0 17 0.00 0.0 0 15.0 24 160 M M 0 32 160
30 89 71 80 8 0 15 0.00 0.0 0 14.6 29 170 M M 0 35 180
================================================================================
SM 2807 2071 0 497 1.01 0.0 291.2 M 47
================================================================================
AV 93.6 69.0 9.7 FASTST M M 2 MAX(MPH)
MISC ----> 38 10 47 350
================================================================================
NOTES:
# LAST OF SEVERAL OCCURRENCES
COLUMN 17 PEAK WIND IN M.P.H.
PRELIMINARY LOCAL CLIMATOLOGICAL DATA (WS FORM: F-6) , PAGE 2
STATION: MIDLAND INTERNATIONAL AIRPORT
MONTH: SEPTEMBER
YEAR: 2023
LATITUDE: 31 57 N
LONGITUDE: 102 11 W
[TEMPERATURE DATA] [PRECIPITATION DATA] SYMBOLS USED IN COLUMN 16
AVERAGE MONTHLY: 81.3 TOTAL FOR MONTH: 1.01 1 = FOG OR MIST
DPTR FM NORMAL: 5.1 DPTR FM NORMAL: -0.65 2 = FOG REDUCING VISIBILITY
HIGHEST: 106 ON 5 GRTST 24HR 0.47 ON 16-16 TO 1/4 MILE OR LESS
LOWEST: 60 ON 16 3 = THUNDER
SNOW, ICE PELLETS, HAIL 4 = ICE PELLETS
TOTAL MONTH: 0.0 INCH 5 = HAIL
GRTST 24HR 0.0 6 = FREEZING RAIN OR DRIZZLE
GRTST DEPTH: 0 7 = DUSTSTORM OR SANDSTORM:
VSBY 1/2 MILE OR LESS
8 = SMOKE OR HAZE
[NO. OF DAYS WITH] [WEATHER - DAYS WITH] 9 = BLOWING SNOW
X = TORNADO
MAX 32 OR BELOW: 0 0.01 INCH OR MORE: 6
MAX 90 OR ABOVE: 23 0.10 INCH OR MORE: 3
MIN 32 OR BELOW: 0 0.50 INCH OR MORE: 0
MIN 0 OR BELOW: 0 1.00 INCH OR MORE: 0
[HDD (BASE 65) ]
TOTAL THIS MO. 0 CLEAR (SCALE 0-3) 25
DPTR FM NORMAL -7 PTCLDY (SCALE 4-7) 4
TOTAL FM JUL 1 0 CLOUDY (SCALE 8-10) 1
DPTR FM NORMAL 0
[CDD (BASE 65) ]
TOTAL THIS MO. 497
DPTR FM NORMAL 154 [PRESSURE DATA]
TOTAL FM JAN 1 2906 HIGHEST SLP 30.11 ON 17
DPTR FM NORMAL 376 LOWEST SLP 29.60 ON 4
[REMARKS]
#FINAL-09-23#