000
CXUS52 KTAE 010800
CF6MAI
PRELIMINARY LOCAL CLIMATOLOGICAL DATA (WS FORM: F-6)
STATION: MARIANNA
MONTH: JULY
YEAR: 2021
LATITUDE: 30 50 N
LONGITUDE: 85 11 W
TEMPERATURE IN F: :PCPN: SNOW: WIND :SUNSHINE: SKY :PK WND
================================================================================
1 2 3 4 5 6A 6B 7 8 9 10 11 12 13 14 15 16 17 18
12Z AVG MX 2MIN
DY MAX MIN AVG DEP HDD CDD WTR SNW DPTH SPD SPD DIR MIN PSBL S-S WX SPD DR
================================================================================
1 88 71 80 -2 0 15 0.05 0.0 M 4.0 22 190 M M 6 13 26 190
2 89 73 81 -1 0 16 0.34 0.0 0 4.6 14 250 M M 3 13 19 250
3 89 73 81 -1 0 16 0.40 0.0 0 4.5 23 260 M M 8 1 31 270
4 88 74 81 -1 0 16 0.01 0.0 0 4.5 17 200 M M 6 123 20 190
5 82 72 77 -5 0 12 2.01 0.0 M 4.7 14 220 M M 6 123 18 190
6 87 72 80 -2 0 15 0.26 0.0 0 5.3 18 180 M M 5 13 24 180
7 83 71 77 -5 0 12 0.03 M M 6.8 18 110 M M 6 1 24 100
8 90 72 81 -2 0 16 0.10 0.0 M 5.2 29 210 M M 4 13 38 210
9 88 72 80 -3 0 15 0.87 0.0 0 4.7 21 290 M M 5 13 27 290
10 90 71 81 -2 0 16 0.12 0.0 0 4.1 29 230 M M 2 13 40 230
11 89 71 80 -3 0 15 0.01 0.0 0 5.1 17 260 M M 3 3 21 260
12 89 70 80 -3 0 15 0.06 0.0 0 4.7 22 170 M M 2 38 33 160
13 89 70 80 -3 0 15 0.00 0.0 0 2.5 16 160 M M 1 3 23 160
14 93 72 83 0 0 18 0.00 0.0 0 3.0 14 120 M M 1 3 20 130
15 92 72 82 -1 0 17 0.30 M M 3.9 17 160 M M 2 13 22 150
16 91 71 81 -2 0 16 0.06 M M 4.0 14 130 M M 1 3 31 190
17 92 71 82 -1 0 17 T M M 2.4 18 180 M M 2 13 24 180
18 89 73 81 -2 0 16 0.00 0.0 0 3.2 14 300 M M 1 3 18 290
19 89 74 82 -1 0 17 0.23 0.0 0 5.4 26 270 M M 2 13 32 270
20 83 74 79 -4 0 14 0.84 0.0 0 3.6 22 340 M M 2 138 28 330
21 89 75 82 -1 0 17 0.05 0.0 0 3.9 21 270 M M 1 13 28 250
22 94 75 85 2 0 20 0.09 0.0 M 5.9 15 300 M M 2 1 19 300
23 93 74 84 1 0 19 1.35 0.0 0 5.8 25 50 M M 2 13 31 50
24 91 73 82 -1 0 17 0.00 0.0 0 4.8 10 70 M M 5 12 14 60
25 91 72 82 -1 0 17 0.00 0.0 0 3.3 10 80 M M 0 1 15 80
26 94 74 84 1 0 19 0.00 0.0 M 2.5 10 20 M M 1 1 14 20
27 96 75 86 3 0 21 T 0.0 0 4.2 26 180 M M 2 13 31 180
28 94 74 84 1 0 19 0.02 0.0 M 3.2 18 230 M M 3 13 23 220
29 96 74 85 2 0 20 0.00 0.0 M 3.3 13 190 M M 1 14 180
30 97 76 87 4 0 22 0.00 0.0 M 3.9 12 310 M M 1 13 330
31 95 76 86 3 0 21 T 0.0 0 5.2 18 300 M M 2 1 26 310
================================================================================
SM 2800 2257 0 521 7.20 0.0 132.2 M 88
================================================================================
AV 90.3 72.8 4.3 FASTST M M 3 MAX(MPH)
MISC ----> # 29 210 40 230
================================================================================
NOTES:
# LAST OF SEVERAL OCCURRENCES
COLUMN 17 PEAK WIND IN M.P.H.
PRELIMINARY LOCAL CLIMATOLOGICAL DATA (WS FORM: F-6) , PAGE 2
STATION: MARIANNA
MONTH: JULY
YEAR: 2021
LATITUDE: 30 50 N
LONGITUDE: 85 11 W
[TEMPERATURE DATA] [PRECIPITATION DATA] SYMBOLS USED IN COLUMN 16
AVERAGE MONTHLY: 81.6 TOTAL FOR MONTH: 7.20 1 = FOG OR MIST
DPTR FM NORMAL: -1.1 DPTR FM NORMAL: 2.10 2 = FOG REDUCING VISIBILITY
HIGHEST: 97 ON 30 GRTST 24HR 2.02 ON 4- 5 TO 1/4 MILE OR LESS
LOWEST: 70 ON 13,12 3 = THUNDER
SNOW, ICE PELLETS, HAIL 4 = ICE PELLETS
TOTAL MONTH: 0.0 INCH 5 = HAIL
GRTST 24HR 0.0 6 = FREEZING RAIN OR DRIZZLE
GRTST DEPTH: 0 7 = DUSTSTORM OR SANDSTORM:
VSBY 1/2 MILE OR LESS
8 = SMOKE OR HAZE
[NO. OF DAYS WITH] [WEATHER - DAYS WITH] 9 = BLOWING SNOW
X = TORNADO
MAX 32 OR BELOW: 0 0.01 INCH OR MORE: 20
MAX 90 OR ABOVE: 16 0.10 INCH OR MORE: 11
MIN 32 OR BELOW: 0 0.50 INCH OR MORE: 4
MIN 0 OR BELOW: 0 1.00 INCH OR MORE: 2
[HDD (BASE 65) ]
TOTAL THIS MO. 0 CLEAR (SCALE 0-3) 22
DPTR FM NORMAL 0 PTCLDY (SCALE 4-7) 9
TOTAL FM JUL 1 0 CLOUDY (SCALE 8-10) 0
DPTR FM NORMAL 0
[CDD (BASE 65) ]
TOTAL THIS MO. 521
DPTR FM NORMAL -28 [PRESSURE DATA]
TOTAL FM JAN 1 1456 HIGHEST SLP M ON M
DPTR FM NORMAL -121 LOWEST SLP 29.83 ON 2
[REMARKS]
#FINAL-07-21#