000
CXUS53 KDTX 011805
CF6MBS
PRELIMINARY LOCAL CLIMATOLOGICAL DATA (WS FORM: F-6)
STATION: TRI CITIES MI
MONTH: MARCH
YEAR: 2023
LATITUDE: 43 31 N
LONGITUDE: 84 5 W
TEMPERATURE IN F: :PCPN: SNOW: WIND :SUNSHINE: SKY :PK WND
================================================================================
1 2 3 4 5 6A 6B 7 8 9 10 11 12 13 14 15 16 17 18
12Z AVG MX 2MIN
DY MAX MIN AVG DEP HDD CDD WTR SNW DPTH SPD SPD DIR MIN PSBL S-S WX SPD DR
================================================================================
1 41 30 36 8 29 0 T T 5 6.9 13 30 M M 8 1 15 150
2 36 29 33 4 32 0 0.01 0.1 5 5.1 12 20 M M 9 1 14 20
3 34 27 31 2 34 0 0.20 2.5 3 14.0 26 50 M M 6 16 35 60
4 42 25 34 4 31 0 T 0.0 6 10.7 22 330 M M 5 27 340
5 45 31 38 8 27 0 T 0.0 4 7.2 15 270 M M 3 18 21 280
6 37 33 35 5 30 0 0.05 0.5 3 13.2 24 40 M M 10 1 29 50
7 40 26 33 2 32 0 0.01 0.1 2 9.7 23 40 M M 3 1 29 40
8 39 24 32 1 33 0 0.00 0.0 0 8.8 20 40 M M 0 24 40
9 37 27 32 1 33 0 0.00 0.0 0 11.0 17 60 M M 4 24 50
10 33 28 31 -1 34 0 0.15 3.7 3 15.6 29 30 M M 10 18 36 30
11 33 22 28 -4 37 0 0.00 0.0 2 8.9 15 90 M M 2 19 70
12 31 25 28 -4 37 0 0.02 0.3 1 8.4 14 70 M M 10 18 18 80
13 30 23 27 -6 38 0 0.02 0.5 1 11.2 18 330 M M 10 18 22 320
14 38 19 29 -4 36 0 0.00 0.0 1 12.4 18 330 M M 1 23 310
15 44 18 31 -3 34 0 0.00 0.0 0 8.4 20 240 M M 1 26 220
16 54 35 45 11 20 0 0.19 0.0 0 9.8 18 220 M M 5 1 26 200
17 49 28 39 5 26 0 0.20 0.0 0 18.1 31 280 M M 10 1 41 270
18 29 18 24 -11 41 0 0.09 1.9 2 18.5 32 260 M M 7 18 47 270
19 38 20 29 -6 36 0 0.00 0.0 1 17.6 26 250 M M 0 38 240
20 49 29 39 3 26 0 0.00 0.0 0 16.9 30 220 M M 2 40 220
21 45 31 38 2 27 0 0.00 0.0 0 11.1 22 40 M M 6 26 40
22 50 32 41 5 24 0 0.00 0.0 0 8.1 18 200 M M 10 1 25 200
23 48 32 40 3 25 0 0.03 0.0 0 9.6 18 340 M M 7 1 23 340
24 40 29 35 -2 30 0 0.00 0.0 0 9.8 16 70 M M 2 21 50
25 36 31 34 -3 31 0 0.63 1.2 0 16.4 30 270 M M 9 126 39 270
26 50 30 40 2 25 0 0.08 0.0 0 8.3 20 260 M M 3 26 260
27 49 32 41 3 24 0 0.13 T 0 9.2 20 40 M M 4 1 26 50
28 51 27 39 1 26 0 0.00 0.0 0 7.6 18 220 M M 1 26 240
29 39 24 32 -7 33 0 0.03 0.2 0 13.0 25 320 M M 3 12 36 290
30 46 20 33 -6 32 0 0.02 0.0 0 7.0 15 180 M M 2 8 20 190
31 54 38 46 6 19 0 1.23 0.0 0 10.0 18 150 M M 10 123 25 140
================================================================================
SM 1287 843 942 0 3.09 11.0 342.5 M 163
================================================================================
AV 41.5 27.2 11.0 FASTST M M 5 MAX(MPH)
MISC ----> 32 260 47 270
================================================================================
NOTES:
# LAST OF SEVERAL OCCURRENCES
COLUMN 17 PEAK WIND IN M.P.H.
PRELIMINARY LOCAL CLIMATOLOGICAL DATA (WS FORM: F-6) , PAGE 2
STATION: TRI CITIES MI
MONTH: MARCH
YEAR: 2023
LATITUDE: 43 31 N
LONGITUDE: 84 5 W
[TEMPERATURE DATA] [PRECIPITATION DATA] SYMBOLS USED IN COLUMN 16
AVERAGE MONTHLY: 34.4 TOTAL FOR MONTH: 3.09 1 = FOG OR MIST
DPTR FM NORMAL: 0.4 DPTR FM NORMAL: 1.07 2 = FOG REDUCING VISIBILITY
HIGHEST: 54 ON 31,16 GRTST 24HR 1.23 ON 31-31 TO 1/4 MILE OR LESS
LOWEST: 18 ON 18,15 3 = THUNDER
SNOW, ICE PELLETS, HAIL 4 = ICE PELLETS
TOTAL MONTH: 11.0 INCHES 5 = HAIL
GRTST 24HR 3.7 ON 10-10 6 = FREEZING RAIN OR DRIZZLE
GRTST DEPTH: 7 ON M 7 = DUSTSTORM OR SANDSTORM:
VSBY 1/2 MILE OR LESS
8 = SMOKE OR HAZE
[NO. OF DAYS WITH] [WEATHER - DAYS WITH] 9 = BLOWING SNOW
X = TORNADO
MAX 32 OR BELOW: 3 0.01 INCH OR MORE: 17
MAX 90 OR ABOVE: 0 0.10 INCH OR MORE: 7
MIN 32 OR BELOW: 28 0.50 INCH OR MORE: 2
MIN 0 OR BELOW: 0 1.00 INCH OR MORE: 1
[HDD (BASE 65) ]
TOTAL THIS MO. 942 CLEAR (SCALE 0-3) 13
DPTR FM NORMAL -20 PTCLDY (SCALE 4-7) 9
TOTAL FM JUL 1 5309 CLOUDY (SCALE 8-10) 9
DPTR FM NORMAL -595
[CDD (BASE 65) ]
TOTAL THIS MO. 0
DPTR FM NORMAL -1 [PRESSURE DATA]
TOTAL FM JAN 1 0 HIGHEST SLP 30.64 ON 8
DPTR FM NORMAL -1 LOWEST SLP 29.24 ON 25
[REMARKS]
#FINAL-03-23#
CORRECTED SNOW DEPTH ON 3/10.