000
CXUS53 KDTX 011446
CF6MBS
PRELIMINARY LOCAL CLIMATOLOGICAL DATA (WS FORM: F-6)
STATION: TRI CITIES MI
MONTH: OCTOBER
YEAR: 2022
LATITUDE: 43 31 N
LONGITUDE: 84 5 W
TEMPERATURE IN F: :PCPN: SNOW: WIND :SUNSHINE: SKY :PK WND
================================================================================
1 2 3 4 5 6A 6B 7 8 9 10 11 12 13 14 15 16 17 18
12Z AVG MX 2MIN
DY MAX MIN AVG DEP HDD CDD WTR SNW DPTH SPD SPD DIR MIN PSBL S-S WX SPD DR
================================================================================
1 67 42 55 -2 10 0 0.00 0.0 0 10.2 23 40 M M 1 1 31 40
2 60 42 51 -5 14 0 0.00 0.0 0 12.2 23 30 M M 4 32 30
3 66 36 51 -5 14 0 0.00 0.0 0 3.0 8 350 M M 0 9 100
4 72 39 56 1 9 0 0.00 0.0 0 4.0 9 280 M M 0 8 13 250
5 74 47 61 6 4 0 0.00 0.0 0 5.9 13 250 M M 1 18 250
6 71 45 58 3 7 0 0.04 0.0 0 10.4 24 320 M M 4 1 31 310
7 52 33 43 -11 22 0 0.00 0.0 0 12.3 22 340 M M 5 29 340
8 54 31 43 -11 22 0 0.00 0.0 0 12.8 28 260 M M 4 8 40 260
9 64 40 52 -2 13 0 0.00 0.0 0 8.9 15 270 M M 5 8 19 270
10 63 37 50 -3 15 0 0.00 0.0 0 4.6 14 360 M M 0 17 360
11 77 38 58 5 7 0 0.23 0.0 0 9.2 23 220 M M 3 1 33 210
12 70 44 57 5 8 0 0.64 0.0 0 11.5 25 220 M M 8 1 34 240
13 51 40 46 -6 19 0 0.06 0.0 0 10.2 29 220 M M 7 1 37 210
14 54 39 47 -5 18 0 0.00 0.0 0 10.8 21 190 M M 8 35 180
15 52 39 46 -5 19 0 0.06 0.0 0 13.2 26 270 M M 7 1 36 270
16 54 37 46 -5 19 0 0.03 0.0 0 8.6 17 260 M M 8 21 260
17 45 34 40 -10 25 0 0.19 T 0 12.3 23 320 M M 9 1 29 310
18 42 37 40 -10 25 0 0.18 0.0 0 15.2 28 290 M M 10 1 39 290
19 44 37 41 -9 24 0 0.10 0.0 0 13.3 22 270 M M 10 30 290
20 48 35 42 -7 23 0 T 0.0 0 9.0 20 220 M M 6 28 220
21 69 34 52 3 13 0 0.00 0.0 0 10.7 21 220 M M 0 28 220
22 76 50 63 15 2 0 0.00 0.0 0 11.8 18 180 M M 0 25 170
23 76 55 66 18 0 1 0.00 0.0 0 10.7 24 170 M M 0 34 170
24 77 54 66 18 0 1 0.00 0.0 0 11.1 22 170 M M 0 30 180
25 74 57 66 19 0 1 T 0.0 0 10.8 25 200 M M 4 37 200
26 64 37 51 4 14 0 0.43 0.0 0 11.4 29 340 M M 9 1 37 350
27 51 32 42 -5 23 0 0.00 0.0 0 3.1 10 100 M M 1 1 12 100
28 57 33 45 -1 20 0 0.00 0.0 0 5.1 10 170 M M 0 1 14 160
29 60 33 47 1 18 0 0.00 0.0 0 3.6 9 170 M M 0 1 13 180
30 63 35 49 4 16 0 0.00 0.0 0 1.8 8 170 M M 1 18 12 170
31 62 44 53 8 12 0 0.17 0.0 0 3.1 13 80 M M 8 18 16 80
================================================================================
SM 1909 1236 435 3 2.13 T 280.8 M 123
================================================================================
AV 61.6 39.9 9.1 FASTST M M 4 MAX(MPH)
MISC ----> # 29 220 40 260
================================================================================
NOTES:
# LAST OF SEVERAL OCCURRENCES
COLUMN 17 PEAK WIND IN M.P.H.
PRELIMINARY LOCAL CLIMATOLOGICAL DATA (WS FORM: F-6) , PAGE 2
STATION: TRI CITIES MI
MONTH: OCTOBER
YEAR: 2022
LATITUDE: 43 31 N
LONGITUDE: 84 5 W
[TEMPERATURE DATA] [PRECIPITATION DATA] SYMBOLS USED IN COLUMN 16
AVERAGE MONTHLY: 50.7 TOTAL FOR MONTH: 2.13 1 = FOG OR MIST
DPTR FM NORMAL: -0.1 DPTR FM NORMAL: -0.78 2 = FOG REDUCING VISIBILITY
HIGHEST: 77 ON 24,11 GRTST 24HR 0.87 ON 11-12 TO 1/4 MILE OR LESS
LOWEST: 31 ON 8 3 = THUNDER
SNOW, ICE PELLETS, HAIL 4 = ICE PELLETS
TOTAL MONTH: T 5 = HAIL
GRTST 24HR T ON 17-17 6 = FREEZING RAIN OR DRIZZLE
GRTST DEPTH: 0 7 = DUSTSTORM OR SANDSTORM:
VSBY 1/2 MILE OR LESS
8 = SMOKE OR HAZE
[NO. OF DAYS WITH] [WEATHER - DAYS WITH] 9 = BLOWING SNOW
X = TORNADO
MAX 32 OR BELOW: 0 0.01 INCH OR MORE: 11
MAX 90 OR ABOVE: 0 0.10 INCH OR MORE: 7
MIN 32 OR BELOW: 2 0.50 INCH OR MORE: 1
MIN 0 OR BELOW: 0 1.00 INCH OR MORE: 0
[HDD (BASE 65) ]
TOTAL THIS MO. 435 CLEAR (SCALE 0-3) 13
DPTR FM NORMAL -12 PTCLDY (SCALE 4-7) 12
TOTAL FM JUL 1 563 CLOUDY (SCALE 8-10) 6
DPTR FM NORMAL -48
[CDD (BASE 65) ]
TOTAL THIS MO. 3
DPTR FM NORMAL -4 [PRESSURE DATA]
TOTAL FM JAN 1 727 HIGHEST SLP 30.53 ON 28
DPTR FM NORMAL 95 LOWEST SLP 29.56 ON 26
[REMARKS]
#FINAL-10-22#