000
CXUS54 KLIX 010910
CF6MCB
PRELIMINARY LOCAL CLIMATOLOGICAL DATA (WS FORM: F-6)
STATION: MCCOMB
MONTH: NOVEMBER
YEAR: 2021
LATITUDE: 31 10 N
LONGITUDE: 90 28 W
TEMPERATURE IN F: :PCPN: SNOW: WIND :SUNSHINE: SKY :PK WND
================================================================================
1 2 3 4 5 6A 6B 7 8 9 10 11 12 13 14 15 16 17 18
12Z AVG MX 2MIN
DY MAX MIN AVG DEP HDD CDD WTR SNW DPTH SPD SPD DIR MIN PSBL S-S WX SPD DR
================================================================================
1 76 53 65 4 0 0 0.00 M M 2.9 8 70 M M 0 12 80
2 73 50 62 1 3 0 0.00 M M 4.6 14 350 M M 0 18 340
3 70 49 60 -1 5 0 0.00 0.0 M 5.5 14 20 M M 3 18 30
4 61 48 55 -5 10 0 0.00 0.0 M 7.1 13 350 M M 7 17 30
5 57 48 53 -7 12 0 0.00 0.0 M 6.2 14 350 M M 9 18 350
6 65 45 55 -5 10 0 0.00 0.0 M 4.8 13 350 M M 5 1 17 350
7 70 39 55 -4 10 0 0.00 M M 2.6 9 340 M M 0 14 340
8 76 39 58 -1 7 0 0.00 M M 0.9 7 330 M M 0 1 8 280
9 74 42 58 -1 7 0 0.00 M M 0.6 8 180 M M 0 18 11 180
10 76 46 61 3 4 0 0.00 M M 4.9 13 150 M M 2 1 16 160
11 71 48 60 2 5 0 0.08 M M 6.4 16 330 M M 6 12 19 330
12 74 43 59 1 6 0 0.00 M M 4.3 21 330 M M 1 12 29 320
13 57 35 46 -11 19 0 0.00 M M 6.9 16 310 M M 0 21 310
14 68 32 50 -7 15 0 0.00 M M 2.0 9 240 M M 0 13 210
15 72 41 57 0 8 0 0.00 M M 2.6 9 230 M M 3 1 12 210
16 76 47 62 6 3 0 0.00 M M 5.1 15 170 M M 0 18 19 160
17 79 55 67 11 0 2 T 0.0 M 8.1 18 170 M M 6 12 24 190
18 77 49 63 7 2 0 T 0.0 M 6.5 20 340 M M 8 12 26 360
19 65 41 53 -3 12 0 0.00 0.0 M 5.7 15 60 M M 0 23 50
20 73 37 55 -1 10 0 0.00 0.0 M 2.7 9 150 M M 1 12 13 150
21 77 56 67 12 0 2 T M M 2.7 10 240 M M 7 12 14 230
22 67 46 57 2 8 0 0.55 M M 8.6 17 360 M M 4 13 25 360
23 64 39 52 -3 13 0 0.00 M M 3.5 9 110 M M 0 13 110
24 71 39 55 0 10 0 0.00 M M 6.3 17 170 M M 0 1 23 160
25 71 52 62 8 3 0 0.09 M M 6.2 25 350 M M 6 1 34 350
26 58 37 48 -6 17 0 0.00 M M 6.7 20 360 M M 2 27 10
27 60 32 46 -8 19 0 T M M 1.8 9 220 M M 3 8 11 210
28 60 43 52 -2 13 0 0.04 M M 4.0 10 310 M M 7 1 13 330
29 65 39 52 -2 13 0 0.00 M M 3.2 9 50 M M 0 13 80
30 70 36 53 -1 12 0 0.00 M M 1.3 8 230 M M 0 18 15 210
================================================================================
SM 2073 1306 256 4 0.76 0.0 134.7 M 80
================================================================================
AV 69.1 43.5 4.5 FASTST M M 3 MAX(MPH)
MISC ----> 25 350 34 350
================================================================================
NOTES:
# LAST OF SEVERAL OCCURRENCES
COLUMN 17 PEAK WIND IN M.P.H.
PRELIMINARY LOCAL CLIMATOLOGICAL DATA (WS FORM: F-6) , PAGE 2
STATION: MCCOMB
MONTH: NOVEMBER
YEAR: 2021
LATITUDE: 31 10 N
LONGITUDE: 90 28 W
[TEMPERATURE DATA] [PRECIPITATION DATA] SYMBOLS USED IN COLUMN 16
AVERAGE MONTHLY: 56.3 TOTAL FOR MONTH: 0.76 1 = FOG OR MIST
DPTR FM NORMAL: -0.6 DPTR FM NORMAL: -3.15 2 = FOG REDUCING VISIBILITY
HIGHEST: 79 ON 17 GRTST 24HR 0.55 ON 21-22 TO 1/4 MILE OR LESS
LOWEST: 32 ON 27,14 3 = THUNDER
SNOW, ICE PELLETS, HAIL 4 = ICE PELLETS
TOTAL MONTH: 0.0 INCH 5 = HAIL
GRTST 24HR 0.0 6 = FREEZING RAIN OR DRIZZLE
GRTST DEPTH: M ON M 7 = DUSTSTORM OR SANDSTORM:
VSBY 1/2 MILE OR LESS
8 = SMOKE OR HAZE
[NO. OF DAYS WITH] [WEATHER - DAYS WITH] 9 = BLOWING SNOW
X = TORNADO
MAX 32 OR BELOW: 0 0.01 INCH OR MORE: 4
MAX 90 OR ABOVE: 0 0.10 INCH OR MORE: 1
MIN 32 OR BELOW: 2 0.50 INCH OR MORE: 1
MIN 0 OR BELOW: 0 1.00 INCH OR MORE: 0
[HDD (BASE 65) ]
TOTAL THIS MO. 256 CLEAR (SCALE 0-3) 20
DPTR FM NORMAL -10 PTCLDY (SCALE 4-7) 8
TOTAL FM JUL 1 294 CLOUDY (SCALE 8-10) 2
DPTR FM NORMAL -41
[CDD (BASE 65) ]
TOTAL THIS MO. 4
DPTR FM NORMAL -20 [PRESSURE DATA]
TOTAL FM JAN 1 2431 HIGHEST SLP 30.41 ON 19
DPTR FM NORMAL 75 LOWEST SLP 29.92 ON 11
[REMARKS]
#FINAL-11-21#