955
CDUS43 KEAX 200034
CLIMCI

CLIMATE REPORT
NATIONAL WEATHER SERVICE KANSAS CITY/PLEASANT HILL MO
733 PM CDT SAT MAY 19 2018


...................................

...THE KANSAS CITY INTERNATIONAL MO CLIMATE SUMMARY FOR MAY 19 2018...
VALID TODAY AS OF 0700 PM LOCAL TIME.

CLIMATE NORMAL PERIOD 1981 TO 2010
CLIMATE RECORD PERIOD 1888 TO 2018


WEATHER ITEM   OBSERVED TIME   RECORD YEAR NORMAL DEPARTURE LAST
                VALUE   (LST)  VALUE       VALUE  FROM      YEAR
                                                  NORMAL
..................................................................
TEMPERATURE (F)
 TODAY
  MAXIMUM         81    336 PM  95    2006  76      5       69
  MINIMUM         65    709 AM  39    1894  55     10       59
  AVERAGE         73                        65      8       64

PRECIPITATION (IN)
  TODAY            0.06          2.35 1915   0.17  -0.11     0.66
  MONTH TO DATE    4.23                      3.20   1.03     4.62
  SINCE MAR 1      6.92                      9.27  -2.35    14.07
  SINCE JAN 1      9.37                     11.80  -2.43    15.52

SNOWFALL (IN)
  TODAY            0.0           0.0    MM   0.0    0.0      0.0
  MONTH TO DATE    0.0                       0.0    0.0      0.0
  SINCE MAR 1      1.9                       2.6   -0.7      0.4
  SINCE JUL 1      7.7                      18.8  -11.1      4.9
  SNOW DEPTH       0

DEGREE DAYS
 HEATING
  TODAY            0                         3     -3        1
  MONTH TO DATE    0                        82    -82       67
  SINCE MAR 1   1187                      1057    130      850
  SINCE JUL 1   5114                      5102     12     4104

 COOLING
  TODAY            8                         3      5        0
  MONTH TO DATE  142                        37    105       56
  SINCE MAR 1    153                        65     88       89
  SINCE JAN 1    153                        65     88       89
..................................................................


WIND (MPH)
  HIGHEST WIND SPEED    13   HIGHEST WIND DIRECTION    SE (140)
  HIGHEST GUST SPEED    23   HIGHEST GUST DIRECTION    SE (140)
  AVERAGE WIND SPEED     6.5


SKY COVER
  POSSIBLE SUNSHINE  MM
  AVERAGE SKY COVER 0.7


WEATHER CONDITIONS
 THE FOLLOWING WEATHER WAS RECORDED TODAY.
  THUNDERSTORM
  LIGHT RAIN
  FOG


RELATIVE HUMIDITY (PERCENT)
 HIGHEST    93           400 AM
 LOWEST     58           200 PM
 AVERAGE    76

..........................................................


THE KANSAS CITY INTERNATIONAL MO CLIMATE NORMALS FOR TOMORROW
                         NORMAL    RECORD    YEAR
 MAXIMUM TEMPERATURE (F)   76        90      1970
                                             1964
                                             1959
 MINIMUM TEMPERATURE (F)   55        40      1981


SUNRISE AND SUNSET
MAY 19 2018...........SUNRISE   602 AM CDT   SUNSET   829 PM CDT
MAY 20 2018...........SUNRISE   601 AM CDT   SUNSET   830 PM CDT


-  INDICATES NEGATIVE NUMBERS.
R  INDICATES RECORD WAS SET OR TIED.
MM INDICATES DATA IS MISSING.
T  INDICATES TRACE AMOUNT.


&&

...MISCELLANEOUS CLIMATE DATA FROM TODAY...

LOCATION                HIGH    LOW      PRECIP
ST. JOSEPH               86      67       T
DOWNTOWN KANSAS CITY     80      67       0.16
OLATHE NEW CENTURY       81      66       0.40
OLATHE JO CO EXEC        78      64       0.37
LEES SUMMIT              80      64       0.17
KIRKSVILLE               79      54       0.00
CHILLICOTHE              83      62       0.00
SEDALIA                  79      63       0.27
NWS PLEASANT HILL MO     80      64       0.22


THIS PRODUCT...ALONG WITH OTHER WEATHER...HYDROLOGICAL AND CLIMATE
INFORMATION...IS AVAILABLE ON THE WEB AT HTTP://WWW.WEATHER.GOV/EAX
OR AT HTTP://WEATHER.GOV

$$

CDB
