000
CDUS43 KEAX 100634
CLIMCI

CLIMATE REPORT
NATIONAL WEATHER SERVICE KANSAS CITY/PLEASANT HILL MO
132 AM CDT THU MAY 10 2018


...................................

...THE KANSAS CITY INTERNATIONAL MO CLIMATE SUMMARY FOR MAY 9 2018...

CLIMATE NORMAL PERIOD 1981 TO 2010
CLIMATE RECORD PERIOD 1888 TO 2018


WEATHER ITEM   OBSERVED TIME   RECORD YEAR NORMAL DEPARTURE LAST
                VALUE   (LST)  VALUE       VALUE  FROM      YEAR
                                                  NORMAL
..................................................................
TEMPERATURE (F)
 YESTERDAY
  MAXIMUM         85    450 PM  91    1963  73     12       84
  MINIMUM         62    539 AM  35    1980  52     10       58
  AVERAGE         74                        62     12       71

PRECIPITATION (IN)
  YESTERDAY        0.00          1.55 1981   0.17  -0.17     0.00
  MONTH TO DATE    2.35                      1.50   0.85     0.14
  SINCE MAR 1      5.04                      7.57  -2.53     9.59
  SINCE JAN 1      7.49                     10.10  -2.61    11.04

SNOWFALL (IN)
  YESTERDAY        0.0           0.0    MM   0.0    0.0      0.0
  MONTH TO DATE    0.0                       0.0    0.0      0.0
  SINCE MAR 1      1.9                       2.6   -0.7      0.4
  SINCE JUL 1      7.7                      18.8  -11.1      4.9
  SNOW DEPTH       0

DEGREE DAYS
 HEATING
  YESTERDAY        0                         4     -4        0
  MONTH TO DATE    0                        47    -47       60
  SINCE MAR 1   1187                      1022    165      843
  SINCE JUL 1   5114                      5067     47     4097

 COOLING
  YESTERDAY        9                         2      7        6
  MONTH TO DATE   53                        12     41       13
  SINCE MAR 1     64                        40     24       46
  SINCE JAN 1     64                        40     24       46
..................................................................


WIND (MPH)
  HIGHEST WIND SPEED    18   HIGHEST WIND DIRECTION    NW (320)
  HIGHEST GUST SPEED    29   HIGHEST GUST DIRECTION    NW (300)
  AVERAGE WIND SPEED     9.0


SKY COVER
  POSSIBLE SUNSHINE  MM
  AVERAGE SKY COVER 0.3


WEATHER CONDITIONS
 THE FOLLOWING WEATHER WAS RECORDED YESTERDAY.
  HAZE


RELATIVE HUMIDITY (PERCENT)
 HIGHEST    84           600 AM
 LOWEST     29           300 PM
 AVERAGE    57

..........................................................


THE KANSAS CITY INTERNATIONAL MO CLIMATE NORMALS FOR TODAY
                         NORMAL    RECORD    YEAR
 MAXIMUM TEMPERATURE (F)   73        92      1962
 MINIMUM TEMPERATURE (F)   52        37      1989


SUNRISE AND SUNSET
MAY 10 2018...........SUNRISE   610 AM CDT   SUNSET   821 PM CDT
MAY 11 2018...........SUNRISE   609 AM CDT   SUNSET   822 PM CDT


-  INDICATES NEGATIVE NUMBERS.
R  INDICATES RECORD WAS SET OR TIED.
MM INDICATES DATA IS MISSING.
T  INDICATES TRACE AMOUNT.


&&

...MISCELLANEOUS CLIMATE DATA FROM YESTERDAY...

LOCATION                HIGH    LOW      PRECIP
ST. JOSEPH               87      59       0.00
DOWNTOWN KANSAS CITY     86      66       0.00
OLATHE NEW CENTURY       87      64       0.00
OLATHE JO CO EXEC        85      65       0.00
LEES SUMMIT              86      68       0.00
KIRKSVILLE               81      59       0.97
CHILLICOTHE              84      60       0.00
SEDALIA                  90      64       T
NWS PLEASANT HILL MO     86      67       0.00


THIS PRODUCT...ALONG WITH OTHER WEATHER...HYDROLOGICAL AND CLIMATE
INFORMATION...IS AVAILABLE ON THE WEB AT HTTP://WWW.WEATHER.GOV/EAX
OR AT HTTP://WEATHER.GOV

$$

73
