000
CDUS43 KEAX 192132
CLIMCI

CLIMATE REPORT
NATIONAL WEATHER SERVICE KANSAS CITY/PLEASANT HILL MO
431 PM CDT THU APR 19 2018


...................................

...THE KANSAS CITY INTERNATIONAL MO CLIMATE SUMMARY FOR APRIL 19 2018...
VALID AS OF 0400 PM LOCAL TIME.

CLIMATE NORMAL PERIOD 1981 TO 2010
CLIMATE RECORD PERIOD 1888 TO 2018


WEATHER ITEM   OBSERVED TIME   RECORD YEAR NORMAL DEPARTURE LAST
                VALUE   (LST)  VALUE       VALUE  FROM      YEAR
                                                  NORMAL
..................................................................
TEMPERATURE (F)
 TODAY
  MAXIMUM         59    253 PM  89    1987  67     -8       81
  MINIMUM         28R   533 AM  30    1953  45    -17       59
  AVERAGE         44                        56    -12       70

PRECIPITATION (IN)
  TODAY            0.00          2.50 2003   0.13  -0.13     0.00
  MONTH TO DATE    0.58                      2.10  -1.52     4.03
  SINCE MAR 1      2.23                      4.47  -2.24     6.84
  SINCE JAN 1      4.68                      7.00  -2.32     8.29

SNOWFALL (IN)
  TODAY            0.0           0.0    MM   0.0    0.0      0.0
  MONTH TO DATE    1.9                       0.5    1.4      0.0
  SINCE MAR 1      1.9                       2.5   -0.6      0.4
  SINCE JUL 1      7.7                      18.7  -11.0      4.9
  SNOW DEPTH       0

DEGREE DAYS
 HEATING
  TODAY           21                        10     11        0
  MONTH TO DATE  447                       240    207      133
  SINCE MAR 1   1102                       886    216      658
  SINCE JUL 1   5029                      4931     98     3912

 COOLING
  TODAY            0                         1     -1        5
  MONTH TO DATE    6                        13     -7       27
  SINCE MAR 1      6                        16    -10       33
  SINCE JAN 1      6                        16    -10       33
..................................................................


WIND (MPH)
  HIGHEST WIND SPEED    20   HIGHEST WIND DIRECTION     N (20)
  HIGHEST GUST SPEED    24   HIGHEST GUST DIRECTION     N (20)
  AVERAGE WIND SPEED     9.1


SKY COVER
  POSSIBLE SUNSHINE  MM
  AVERAGE SKY COVER 0.3


WEATHER CONDITIONS
 THE FOLLOWING WEATHER WAS RECORDED TODAY.
  FOG
  HAZE


RELATIVE HUMIDITY (PERCENT)
 HIGHEST    92           600 AM
 LOWEST     33           300 PM
 AVERAGE    63

..........................................................


THE KANSAS CITY INTERNATIONAL MO CLIMATE NORMALS FOR TOMORROW
                         NORMAL    RECORD    YEAR
 MAXIMUM TEMPERATURE (F)   67        90      1902
 MINIMUM TEMPERATURE (F)   46        29      1953


SUNRISE AND SUNSET
APRIL 19 2018.........SUNRISE   636 AM CDT   SUNSET   800 PM CDT
APRIL 20 2018.........SUNRISE   635 AM CDT   SUNSET   801 PM CDT


-  INDICATES NEGATIVE NUMBERS.
R  INDICATES RECORD WAS SET OR TIED.
MM INDICATES DATA IS MISSING.
T  INDICATES TRACE AMOUNT.


&&

...MISCELLANEOUS CLIMATE DATA FROM TODAY...

LOCATION                HIGH    LOW      PRECIP
ST. JOSEPH               60      24       0.00
DOWNTOWN KANSAS CITY     59      33       0.00
OLATHE NEW CENTURY       58      31       0.00
OLATHE JO CO EXEC        57      33       0.00
LEES SUMMIT              58      32       0.00
KIRKSVILLE               56      28       0.00
CHILLICOTHE              59      30       0.00
SEDALIA                  39      33       0.00
NWS PLEASANT HILL MO     57      32       0.00


THIS PRODUCT...ALONG WITH OTHER WEATHER...HYDROLOGICAL AND CLIMATE
INFORMATION...IS AVAILABLE ON THE WEB AT HTTP://WWW.WEATHER.GOV/EAX
OR AT HTTP://WEATHER.GOV

$$

JL
