000
CDUS43 KEAX 110634
CLIMCI

CLIMATE REPORT
NATIONAL WEATHER SERVICE KANSAS CITY/PLEASANT HILL MO
132 AM CDT WED APR 11 2018


...................................

...THE KANSAS CITY INTERNATIONAL MO CLIMATE SUMMARY FOR APRIL 10 2018...

CLIMATE NORMAL PERIOD 1981 TO 2010
CLIMATE RECORD PERIOD 1888 TO 2018


WEATHER ITEM   OBSERVED TIME   RECORD YEAR NORMAL DEPARTURE LAST
                VALUE   (LST)  VALUE       VALUE  FROM      YEAR
                                                  NORMAL
..................................................................
TEMPERATURE (F)
 YESTERDAY
  MAXIMUM         61    506 PM  92    1930  64     -3       70
  MINIMUM         26    457 AM  22    1989  42    -16       42
  AVERAGE         44                        53     -9       56

PRECIPITATION (IN)
  YESTERDAY        T             1.81 1944   0.11  -0.11     0.00
  MONTH TO DATE    0.42                      1.02  -0.60     3.20
  SINCE MAR 1      2.07                      3.39  -1.32     6.01
  SINCE JAN 1      4.52                      5.92  -1.40     7.46

SNOWFALL (IN)
  YESTERDAY       MM             1.1  1997   0.0   MM        0.0
  MONTH TO DATE    1.9                       0.3    1.6      0.0
  SINCE MAR 1      1.9                       2.3   -0.4      0.4
  SINCE JUL 1      7.7                      18.5  -10.8      4.9
  SNOW DEPTH       0

DEGREE DAYS
 HEATING
  YESTERDAY       21                        13      8        9
  MONTH TO DATE  302                       140    162      108
  SINCE MAR 1    957                       786    171      633
  SINCE JUL 1   4884                      4831     53     3887

 COOLING
  YESTERDAY        0                         1     -1        0
  MONTH TO DATE    0                         4     -4        7
  SINCE MAR 1      0                         7     -7       13
  SINCE JAN 1      0                         7     -7       13
..................................................................


WIND (MPH)
  HIGHEST WIND SPEED    20   HIGHEST WIND DIRECTION    SW (220)
  HIGHEST GUST SPEED    24   HIGHEST GUST DIRECTION     S (190)
  AVERAGE WIND SPEED     8.5


SKY COVER
  POSSIBLE SUNSHINE  MM
  AVERAGE SKY COVER 0.6


WEATHER CONDITIONS
 THE FOLLOWING WEATHER WAS RECORDED YESTERDAY.
  LIGHT RAIN
  FOG
  HAZE


RELATIVE HUMIDITY (PERCENT)
 HIGHEST    92           700 AM
 LOWEST     39           500 PM
 AVERAGE    66

..........................................................


THE KANSAS CITY INTERNATIONAL MO CLIMATE NORMALS FOR TODAY
                         NORMAL    RECORD    YEAR
 MAXIMUM TEMPERATURE (F)   64        89      1930
 MINIMUM TEMPERATURE (F)   42        26      1940


SUNRISE AND SUNSET
APRIL 11 2018.........SUNRISE   648 AM CDT   SUNSET   753 PM CDT
APRIL 12 2018.........SUNRISE   646 AM CDT   SUNSET   754 PM CDT


-  INDICATES NEGATIVE NUMBERS.
R  INDICATES RECORD WAS SET OR TIED.
MM INDICATES DATA IS MISSING.
T  INDICATES TRACE AMOUNT.


&&

...MISCELLANEOUS CLIMATE DATA FROM YESTERDAY...

LOCATION                HIGH    LOW      PRECIP
ST. JOSEPH               60      24       T
DOWNTOWN KANSAS CITY     63      30       T
OLATHE NEW CENTURY       63      27       0.00
OLATHE JO CO EXEC        60      27       0.00
LEES SUMMIT              60      31       T
KIRKSVILLE               54      31       0.00
CHILLICOTHE              56      32       0.00
SEDALIA                  58      36       T
NWS PLEASANT HILL MO     60      31       T


THIS PRODUCT...ALONG WITH OTHER WEATHER...HYDROLOGICAL AND CLIMATE
INFORMATION...IS AVAILABLE ON THE WEB AT HTTP://WWW.WEATHER.GOV/EAX
OR AT HTTP://WEATHER.GOV

$$

73
