000
CDUS43 KEAX 072126
CLIMCI

CLIMATE REPORT
NATIONAL WEATHER SERVICE KANSAS CITY/PLEASANT HILL MO
425 PM CDT SAT APR 7 2018


...................................

...THE KANSAS CITY INTERNATIONAL MO CLIMATE SUMMARY FOR APRIL 7 2018...
VALID AS OF 0400 PM LOCAL TIME.

CLIMATE NORMAL PERIOD 1981 TO 2010
CLIMATE RECORD PERIOD 1888 TO 2018


WEATHER ITEM   OBSERVED TIME   RECORD YEAR NORMAL DEPARTURE LAST
                VALUE   (LST)  VALUE       VALUE  FROM      YEAR
                                                  NORMAL
..................................................................
TEMPERATURE (F)
 TODAY
  MAXIMUM         43    251 PM  85    2015  63    -20       66
  MINIMUM         16R   614 AM  18    2007  41    -25       34
  AVERAGE         30                        52    -22       50

PRECIPITATION (IN)
  TODAY            0.00          0.98 1993   0.10  -0.10     0.00
  MONTH TO DATE    0.30                      0.69  -0.39     3.20
  SINCE MAR 1      1.95                      3.06  -1.11     6.01
  SINCE JAN 1      4.40                      5.59  -1.19     7.46

SNOWFALL (IN)
  TODAY            0.0           2.2  1916   0.1   -0.1      0.0
  MONTH TO DATE    1.1                       0.3    0.8      0.0
  SINCE MAR 1      1.1                       2.3   -1.2      0.4
  SINCE JUL 1      6.9                      18.5  -11.6      4.9
  SNOW DEPTH       0

DEGREE DAYS
 HEATING
  TODAY           35                        14     21       15
  MONTH TO DATE  221                       101    120       99
  SINCE MAR 1    876                       747    129      624
  SINCE JUL 1   4803                      4792     11     3878

 COOLING
  TODAY            0                         1     -1        0
  MONTH TO DATE    0                         1     -1        0
  SINCE MAR 1      0                         4     -4        6
  SINCE JAN 1      0                         4     -4        6
..................................................................


WIND (MPH)
  HIGHEST WIND SPEED    20   HIGHEST WIND DIRECTION     N (10)
  HIGHEST GUST SPEED    26   HIGHEST GUST DIRECTION     N (10)
  AVERAGE WIND SPEED    11.0


SKY COVER
  POSSIBLE SUNSHINE  MM
  AVERAGE SKY COVER 0.6


WEATHER CONDITIONS
 THE FOLLOWING WEATHER WAS RECORDED TODAY.
  NO SIGNIFICANT WEATHER WAS OBSERVED.


RELATIVE HUMIDITY (PERCENT)
 HIGHEST    73           600 AM
 LOWEST     29           300 PM
 AVERAGE    51

..........................................................


THE KANSAS CITY INTERNATIONAL MO CLIMATE NORMALS FOR TOMORROW
                         NORMAL    RECORD    YEAR
 MAXIMUM TEMPERATURE (F)   63        84      2001
                                             1905
 MINIMUM TEMPERATURE (F)   41        20      2007


SUNRISE AND SUNSET
APRIL  7 2018.........SUNRISE   654 AM CDT   SUNSET   749 PM CDT
APRIL  8 2018.........SUNRISE   652 AM CDT   SUNSET   750 PM CDT


-  INDICATES NEGATIVE NUMBERS.
R  INDICATES RECORD WAS SET OR TIED.
MM INDICATES DATA IS MISSING.
T  INDICATES TRACE AMOUNT.


&&

...MISCELLANEOUS CLIMATE DATA FROM TODAY...

LOCATION                HIGH    LOW      PRECIP
ST. JOSEPH               43      14       0.00
DOWNTOWN KANSAS CITY     43      22       0.00
OLATHE NEW CENTURY       43      20       0.00
OLATHE JO CO EXEC        41      20       0.00
LEES SUMMIT              42      20       0.00
KIRKSVILLE               41      16       0.00
CHILLICOTHE              43      18       0.00
SEDALIA                  43      22       0.00
NWS PLEASANT HILL MO     42      20       0.00


THIS PRODUCT...ALONG WITH OTHER WEATHER...HYDROLOGICAL AND CLIMATE
INFORMATION...IS AVAILABLE ON THE WEB AT HTTP://WWW.WEATHER.GOV/EAX
OR AT HTTP://WEATHER.GOV

$$

CUTTER
