000
CDUS43 KEAX 150033
CLIMCI

CLIMATE REPORT
NATIONAL WEATHER SERVICE KANSAS CITY/PLEASANT HILL MO
732 PM CDT MON MAY 14 2018


...................................

...THE KANSAS CITY INTERNATIONAL MO CLIMATE SUMMARY FOR MAY 14 2018...
VALID TODAY AS OF 0700 PM LOCAL TIME.

CLIMATE NORMAL PERIOD 1981 TO 2010
CLIMATE RECORD PERIOD 1888 TO 2018


WEATHER ITEM   OBSERVED TIME   RECORD YEAR NORMAL DEPARTURE LAST
                VALUE   (LST)  VALUE       VALUE  FROM      YEAR
                                                  NORMAL
..................................................................
TEMPERATURE (F)
 TODAY
  MAXIMUM         86    233 PM  91    2013  74     12       83
                                      1941
  MINIMUM         69    425 AM  40    2016  54     15       53
                                      1907
  AVERAGE         78                        64     14       68

PRECIPITATION (IN)
  TODAY            0.00          2.30 1909   0.17  -0.17     0.00
  MONTH TO DATE    2.42                      2.35   0.07     0.89
  SINCE MAR 1      5.11                      8.42  -3.31    10.34
  SINCE JAN 1      7.56                     10.95  -3.39    11.79

SNOWFALL (IN)
  TODAY            0.0           0.0    MM   0.0    0.0      0.0
  MONTH TO DATE    0.0                       0.0    0.0      0.0
  SINCE MAR 1      1.9                       2.6   -0.7      0.4
  SINCE JUL 1      7.7                      18.8  -11.1      4.9
  SNOW DEPTH       0

DEGREE DAYS
 HEATING
  TODAY            0                         4     -4        0
  MONTH TO DATE    0                        67    -67       66
  SINCE MAR 1   1187                      1042    145      849
  SINCE JUL 1   5114                      5087     27     4103

 COOLING
  TODAY           13                         2     11        3
  MONTH TO DATE  110                        22     88       24
  SINCE MAR 1    121                        50     71       57
  SINCE JAN 1    121                        50     71       57
..................................................................


WIND (MPH)
  HIGHEST WIND SPEED    21   HIGHEST WIND DIRECTION    SW (210)
  HIGHEST GUST SPEED    29   HIGHEST GUST DIRECTION     S (200)
  AVERAGE WIND SPEED     7.3


SKY COVER
  POSSIBLE SUNSHINE  MM
  AVERAGE SKY COVER 0.8


WEATHER CONDITIONS
 THE FOLLOWING WEATHER WAS RECORDED TODAY.
  HAZE


RELATIVE HUMIDITY (PERCENT)
 HIGHEST    79           800 AM
 LOWEST     55           200 PM
 AVERAGE    67

..........................................................


THE KANSAS CITY INTERNATIONAL MO CLIMATE NORMALS FOR TOMORROW
                         NORMAL    RECORD    YEAR
 MAXIMUM TEMPERATURE (F)   75        91      1941
 MINIMUM TEMPERATURE (F)   54        34      1907


SUNRISE AND SUNSET
MAY 14 2018...........SUNRISE   606 AM CDT   SUNSET   825 PM CDT
MAY 15 2018...........SUNRISE   605 AM CDT   SUNSET   826 PM CDT


-  INDICATES NEGATIVE NUMBERS.
R  INDICATES RECORD WAS SET OR TIED.
MM INDICATES DATA IS MISSING.
T  INDICATES TRACE AMOUNT.


&&

...MISCELLANEOUS CLIMATE DATA FROM TODAY...

LOCATION                HIGH    LOW      PRECIP
ST. JOSEPH               88      70       0.00
DOWNTOWN KANSAS CITY     88      72       T
OLATHE NEW CENTURY       88      66       0.00
OLATHE JO CO EXEC        86      68       0.00
LEES SUMMIT              88      68       T
KIRKSVILLE               86      69       0.00
CHILLICOTHE              88      71       0.00
SEDALIA                  90      65       1.23
NWS PLEASANT HILL MO     87      67       0.01


THIS PRODUCT...ALONG WITH OTHER WEATHER...HYDROLOGICAL AND CLIMATE
INFORMATION...IS AVAILABLE ON THE WEB AT HTTP://WWW.WEATHER.GOV/EAX
OR AT HTTP://WEATHER.GOV

$$
