000
CDUS43 KEAX 190632
CLIMCI

CLIMATE REPORT
NATIONAL WEATHER SERVICE KANSAS CITY/PLEASANT HILL MO
131 AM CDT SAT MAY 19 2018


...................................

...THE KANSAS CITY INTERNATIONAL MO CLIMATE SUMMARY FOR MAY 18 2018...

CLIMATE NORMAL PERIOD 1981 TO 2010
CLIMATE RECORD PERIOD 1888 TO 2018


WEATHER ITEM   OBSERVED TIME   RECORD YEAR NORMAL DEPARTURE LAST
                VALUE   (LST)  VALUE       VALUE  FROM      YEAR
                                                  NORMAL
..................................................................
TEMPERATURE (F)
 YESTERDAY
  MAXIMUM         85    253 PM  91    1997  75     10       79
                                      1962
  MINIMUM         58    106 AM  39    1915  55      3       54
  AVERAGE         72                        65      7       67

PRECIPITATION (IN)
  YESTERDAY        0.00          3.21 1974   0.17  -0.17     3.05
  MONTH TO DATE    4.17                      3.03   1.14     3.96
  SINCE MAR 1      6.86                      9.10  -2.24    13.41
  SINCE JAN 1      9.31                     11.63  -2.32    14.86

SNOWFALL (IN)
  YESTERDAY        0.0           0.0    MM   0.0    0.0      0.0
  MONTH TO DATE    0.0                       0.0    0.0      0.0
  SINCE MAR 1      1.9                       2.6   -0.7      0.4
  SINCE JUL 1      7.7                      18.8  -11.1      4.9
  SNOW DEPTH       0

DEGREE DAYS
 HEATING
  YESTERDAY        0                         3     -3        0
  MONTH TO DATE    0                        79    -79       66
  SINCE MAR 1   1187                      1054    133      849
  SINCE JUL 1   5114                      5099     15     4103

 COOLING
  YESTERDAY        7                         3      4        2
  MONTH TO DATE  134                        34    100       56
  SINCE MAR 1    145                        62     83       89
  SINCE JAN 1    145                        62     83       89
..................................................................


WIND (MPH)
  HIGHEST WIND SPEED    18   HIGHEST WIND DIRECTION     E (90)
  HIGHEST GUST SPEED    25   HIGHEST GUST DIRECTION    SE (120)
  AVERAGE WIND SPEED     7.6


SKY COVER
  POSSIBLE SUNSHINE  MM
  AVERAGE SKY COVER 0.2


WEATHER CONDITIONS
 THE FOLLOWING WEATHER WAS RECORDED YESTERDAY.
  FOG
  HAZE


RELATIVE HUMIDITY (PERCENT)
 HIGHEST    87           300 AM
 LOWEST     40           600 PM
 AVERAGE    64

..........................................................


THE KANSAS CITY INTERNATIONAL MO CLIMATE NORMALS FOR TODAY
                         NORMAL    RECORD    YEAR
 MAXIMUM TEMPERATURE (F)   76        95      2006
 MINIMUM TEMPERATURE (F)   55        39      1894


SUNRISE AND SUNSET
MAY 19 2018...........SUNRISE   602 AM CDT   SUNSET   829 PM CDT
MAY 20 2018...........SUNRISE   601 AM CDT   SUNSET   830 PM CDT


-  INDICATES NEGATIVE NUMBERS.
R  INDICATES RECORD WAS SET OR TIED.
MM INDICATES DATA IS MISSING.
T  INDICATES TRACE AMOUNT.


&&

...MISCELLANEOUS CLIMATE DATA FROM YESTERDAY...

LOCATION                HIGH    LOW      PRECIP
ST. JOSEPH               88      54       0.00
DOWNTOWN KANSAS CITY     88      62       0.00
OLATHE NEW CENTURY       87      57       0.00
OLATHE JO CO EXEC        85      59       0.00
LEES SUMMIT              86      59       0.00
KIRKSVILLE               75      57       0.00
CHILLICOTHE              86      57       0.00
SEDALIA                  83      60       0.00
NWS PLEASANT HILL MO     85      58       0.00


THIS PRODUCT...ALONG WITH OTHER WEATHER...HYDROLOGICAL AND CLIMATE
INFORMATION...IS AVAILABLE ON THE WEB AT HTTP://WWW.WEATHER.GOV/EAX
OR AT HTTP://WEATHER.GOV

$$
