000
CDUS43 KEAX 170632
CLIMCI

CLIMATE REPORT
NATIONAL WEATHER SERVICE KANSAS CITY/PLEASANT HILL MO
131 AM CDT TUE APR 17 2018


...................................

...THE KANSAS CITY INTERNATIONAL MO CLIMATE SUMMARY FOR APRIL 16 2018...

CLIMATE NORMAL PERIOD 1981 TO 2010
CLIMATE RECORD PERIOD 1888 TO 2018


WEATHER ITEM   OBSERVED TIME   RECORD YEAR NORMAL DEPARTURE LAST
                VALUE   (LST)  VALUE       VALUE  FROM      YEAR
                                                  NORMAL
..................................................................
TEMPERATURE (F)
 YESTERDAY
  MAXIMUM         51    534 PM  86    1967  66    -15       69
  MINIMUM         26R   601 AM  28    1921  44    -18       53
  AVERAGE         39                        55    -16       61

PRECIPITATION (IN)
  YESTERDAY        0.00          1.15 1932   0.12  -0.12     0.30
  MONTH TO DATE    0.58                      1.73  -1.15     4.03
  SINCE MAR 1      2.23                      4.10  -1.87     6.84
  SINCE JAN 1      4.68                      6.63  -1.95     8.29

SNOWFALL (IN)
  YESTERDAY        0.0           0.6  1921   0.1   -0.1      0.0
  MONTH TO DATE    1.9                       0.5    1.4      0.0
  SINCE MAR 1      1.9                       2.5   -0.6      0.4
  SINCE JUL 1      7.7                      18.7  -11.0      4.9
  SNOW DEPTH       0

DEGREE DAYS
 HEATING
  YESTERDAY       26                        11     15        4
  MONTH TO DATE  389                       209    180      129
  SINCE MAR 1   1044                       855    189      654
  SINCE JUL 1   4971                      4900     71     3908

 COOLING
  YESTERDAY        0                         1     -1        0
  MONTH TO DATE    6                        10     -4       20
  SINCE MAR 1      6                        13     -7       26
  SINCE JAN 1      6                        13     -7       26
..................................................................


WIND (MPH)
  HIGHEST WIND SPEED    21   HIGHEST WIND DIRECTION    NW (320)
  HIGHEST GUST SPEED    27   HIGHEST GUST DIRECTION    NW (320)
  AVERAGE WIND SPEED     9.2


SKY COVER
  POSSIBLE SUNSHINE  MM
  AVERAGE SKY COVER 0.4


WEATHER CONDITIONS
 THE FOLLOWING WEATHER WAS RECORDED YESTERDAY.
  HAZE


RELATIVE HUMIDITY (PERCENT)
 HIGHEST    75           500 AM
 LOWEST     41           500 PM
 AVERAGE    58

..........................................................


THE KANSAS CITY INTERNATIONAL MO CLIMATE NORMALS FOR TODAY
                         NORMAL    RECORD    YEAR
 MAXIMUM TEMPERATURE (F)   66        87      1954
 MINIMUM TEMPERATURE (F)   45        28      1953
                                             1921


SUNRISE AND SUNSET
APRIL 17 2018.........SUNRISE   639 AM CDT   SUNSET   759 PM CDT
APRIL 18 2018.........SUNRISE   637 AM CDT   SUNSET   759 PM CDT


-  INDICATES NEGATIVE NUMBERS.
R  INDICATES RECORD WAS SET OR TIED.
MM INDICATES DATA IS MISSING.
T  INDICATES TRACE AMOUNT.


&&

...MISCELLANEOUS CLIMATE DATA FROM YESTERDAY...

LOCATION                HIGH    LOW      PRECIP
ST. JOSEPH               50      25       0.00
DOWNTOWN KANSAS CITY     52      29       0.00
OLATHE NEW CENTURY       53      28       0.00
OLATHE JO CO EXEC        52      26       0.00
LEES SUMMIT              53      27       0.00
KIRKSVILLE               46      27       T
CHILLICOTHE              50      26       0.00
SEDALIA                  52      30       0.00
NWS PLEASANT HILL MO     52      27       0.00


THIS PRODUCT...ALONG WITH OTHER WEATHER...HYDROLOGICAL AND CLIMATE
INFORMATION...IS AVAILABLE ON THE WEB AT HTTP://WWW.WEATHER.GOV/EAX
OR AT HTTP://WEATHER.GOV

$$
