350
CDUS43 KEAX 190634
CLIMCI

CLIMATE REPORT
NATIONAL WEATHER SERVICE KANSAS CITY/PLEASANT HILL MO
133 AM CDT THU APR 19 2018


...................................

...THE KANSAS CITY INTERNATIONAL MO CLIMATE SUMMARY FOR APRIL 18 2018...

CLIMATE NORMAL PERIOD 1981 TO 2010
CLIMATE RECORD PERIOD 1888 TO 2018


WEATHER ITEM   OBSERVED TIME   RECORD YEAR NORMAL DEPARTURE LAST
                VALUE   (LST)  VALUE       VALUE  FROM      YEAR
                                                  NORMAL
..................................................................
TEMPERATURE (F)
 YESTERDAY
  MAXIMUM         53   1203 AM  91    2006  67    -14       79
  MINIMUM         35   1128 PM  27    1983  45    -10       55
  AVERAGE         44                        56    -12       67

PRECIPITATION (IN)
  YESTERDAY        0.00          2.35 1927   0.12  -0.12     0.00
  MONTH TO DATE    0.58                      1.97  -1.39     4.03
  SINCE MAR 1      2.23                      4.34  -2.11     6.84
  SINCE JAN 1      4.68                      6.87  -2.19     8.29

SNOWFALL (IN)
  YESTERDAY        0.0           0.5  1907   0.0    0.0      0.0
  MONTH TO DATE    1.9                       0.5    1.4      0.0
  SINCE MAR 1      1.9                       2.5   -0.6      0.4
  SINCE JUL 1      7.7                      18.7  -11.0      4.9
  SNOW DEPTH       0

DEGREE DAYS
 HEATING
  YESTERDAY       21                        10     11        0
  MONTH TO DATE  426                       230    196      133
  SINCE MAR 1   1081                       876    205      658
  SINCE JUL 1   5008                      4921     87     3912

 COOLING
  YESTERDAY        0                         1     -1        2
  MONTH TO DATE    6                        12     -6       22
  SINCE MAR 1      6                        15     -9       28
  SINCE JAN 1      6                        15     -9       28
..................................................................


WIND (MPH)
  HIGHEST WIND SPEED    25   HIGHEST WIND DIRECTION    NW (310)
  HIGHEST GUST SPEED    34   HIGHEST GUST DIRECTION     W (290)
  AVERAGE WIND SPEED    14.8


SKY COVER
  POSSIBLE SUNSHINE  MM
  AVERAGE SKY COVER 0.7


WEATHER CONDITIONS
 THE FOLLOWING WEATHER WAS RECORDED YESTERDAY.
  HAZE


RELATIVE HUMIDITY (PERCENT)
 HIGHEST    71           400 AM
 LOWEST     49           500 PM
 AVERAGE    60

..........................................................


THE KANSAS CITY INTERNATIONAL MO CLIMATE NORMALS FOR TODAY
                         NORMAL    RECORD    YEAR
 MAXIMUM TEMPERATURE (F)   67        89      1987
 MINIMUM TEMPERATURE (F)   45        30      1953


SUNRISE AND SUNSET
APRIL 19 2018.........SUNRISE   636 AM CDT   SUNSET   800 PM CDT
APRIL 20 2018.........SUNRISE   635 AM CDT   SUNSET   801 PM CDT


-  INDICATES NEGATIVE NUMBERS.
R  INDICATES RECORD WAS SET OR TIED.
MM INDICATES DATA IS MISSING.
T  INDICATES TRACE AMOUNT.


&&

...MISCELLANEOUS CLIMATE DATA FROM YESTERDAY...

LOCATION                HIGH    LOW      PRECIP
ST. JOSEPH               51      38       0.00
DOWNTOWN KANSAS CITY     55      39       0.00
OLATHE NEW CENTURY       60      34       0.00
OLATHE JO CO EXEC        59      35       0.00
LEES SUMMIT              53      36       0.00
KIRKSVILLE               45      32       0.00
CHILLICOTHE              49      38       0.00
SEDALIA                  59      37       0.00
NWS PLEASANT HILL MO     56      36       0.00


THIS PRODUCT...ALONG WITH OTHER WEATHER...HYDROLOGICAL AND CLIMATE
INFORMATION...IS AVAILABLE ON THE WEB AT HTTP://WWW.WEATHER.GOV/EAX
OR AT HTTP://WEATHER.GOV

$$

CDB
