000
CDUS43 KEAX 112131
CLIMCI

CLIMATE REPORT
NATIONAL WEATHER SERVICE KANSAS CITY/PLEASANT HILL MO
429 PM CDT WED APR 11 2018


...................................

...THE KANSAS CITY INTERNATIONAL MO CLIMATE SUMMARY FOR APRIL 11 2018...
VALID AS OF 0400 PM LOCAL TIME.

CLIMATE NORMAL PERIOD 1981 TO 2010
CLIMATE RECORD PERIOD 1888 TO 2018


WEATHER ITEM   OBSERVED TIME   RECORD YEAR NORMAL DEPARTURE LAST
                VALUE   (LST)  VALUE       VALUE  FROM      YEAR
                                                  NORMAL
..................................................................
TEMPERATURE (F)
 TODAY
  MAXIMUM         79    258 PM  89    1930  64     15       66
  MINIMUM         47    348 AM  26    1940  42      5       37
  AVERAGE         63                        53     10       52

PRECIPITATION (IN)
  TODAY            0.00          1.09 1893   0.11  -0.11     0.00
  MONTH TO DATE    0.42                      1.13  -0.71     3.20
  SINCE MAR 1      2.07                      3.50  -1.43     6.01
  SINCE JAN 1      4.52                      6.03  -1.51     7.46

SNOWFALL (IN)
  TODAY            0.0           1.8  1957   0.1   -0.1      0.0
  MONTH TO DATE    1.9                       0.4    1.5      0.0
  SINCE MAR 1      1.9                       2.4   -0.5      0.4
  SINCE JUL 1      7.7                      18.6  -10.9      4.9
  SNOW DEPTH       0

DEGREE DAYS
 HEATING
  TODAY            2                        12    -10       13
  MONTH TO DATE  304                       152    152      121
  SINCE MAR 1    959                       798    161      646
  SINCE JUL 1   4886                      4843     43     3900

 COOLING
  TODAY            0                         1     -1        0
  MONTH TO DATE    0                         5     -5        7
  SINCE MAR 1      0                         8     -8       13
  SINCE JAN 1      0                         8     -8       13
..................................................................


WIND (MPH)
  HIGHEST WIND SPEED    26   HIGHEST WIND DIRECTION    SW (210)
  HIGHEST GUST SPEED    32   HIGHEST GUST DIRECTION     S (200)
  AVERAGE WIND SPEED    15.6


SKY COVER
  POSSIBLE SUNSHINE  MM
  AVERAGE SKY COVER 0.6


WEATHER CONDITIONS
 THE FOLLOWING WEATHER WAS RECORDED TODAY.
  HAZE


RELATIVE HUMIDITY (PERCENT)
 HIGHEST    66           200 AM
 LOWEST     28           300 PM
 AVERAGE    47

..........................................................


THE KANSAS CITY INTERNATIONAL MO CLIMATE NORMALS FOR TOMORROW
                         NORMAL    RECORD    YEAR
 MAXIMUM TEMPERATURE (F)   65        92      1972
 MINIMUM TEMPERATURE (F)   43        23      1940


SUNRISE AND SUNSET
APRIL 11 2018.........SUNRISE   648 AM CDT   SUNSET   753 PM CDT
APRIL 12 2018.........SUNRISE   646 AM CDT   SUNSET   754 PM CDT


-  INDICATES NEGATIVE NUMBERS.
R  INDICATES RECORD WAS SET OR TIED.
MM INDICATES DATA IS MISSING.
T  INDICATES TRACE AMOUNT.


&&

...MISCELLANEOUS CLIMATE DATA FROM TODAY...

LOCATION                HIGH    LOW      PRECIP
ST. JOSEPH               79      43       0.00
DOWNTOWN KANSAS CITY     80      48       0.00
OLATHE NEW CENTURY       79      42       0.00
OLATHE JO CO EXEC        76      42       0.00
LEES SUMMIT              78      46       0.00
KIRKSVILLE               72      38       0.00
CHILLICOTHE              76      45       0.00
SEDALIA                  77      48       0.00
NWS PLEASANT HILL MO     75      44       0.00


THIS PRODUCT...ALONG WITH OTHER WEATHER...HYDROLOGICAL AND CLIMATE
INFORMATION...IS AVAILABLE ON THE WEB AT HTTP://WWW.WEATHER.GOV/EAX
OR AT HTTP://WEATHER.GOV

$$
