000
CDUS43 KEAX 140036
CLIMCI

CLIMATE REPORT
NATIONAL WEATHER SERVICE KANSAS CITY/PLEASANT HILL MO
736 PM CDT FRI APR 13 2018


...................................

...THE KANSAS CITY INTERNATIONAL MO CLIMATE SUMMARY FOR APRIL 13 2018...
VALID TODAY AS OF 0700 PM LOCAL TIME.

CLIMATE NORMAL PERIOD 1981 TO 2010
CLIMATE RECORD PERIOD 1888 TO 2018


WEATHER ITEM   OBSERVED TIME   RECORD YEAR NORMAL DEPARTURE LAST
                VALUE   (LST)  VALUE       VALUE  FROM      YEAR
                                                  NORMAL
..................................................................
TEMPERATURE (F)
 TODAY
  MAXIMUM         83   1208 PM  92    2006  65     18       79
  MINIMUM         65    549 PM  22    1950  43     22       55
  AVERAGE         74                        54     20       67

PRECIPITATION (IN)
  TODAY            0.13          1.36 1987   0.12   0.01     0.00
  MONTH TO DATE    0.55                      1.36  -0.81     3.20
  SINCE MAR 1      2.20                      3.73  -1.53     6.01
  SINCE JAN 1      4.65                      6.26  -1.61     7.46

SNOWFALL (IN)
  TODAY            0.0           2.0  1933   0.0    0.0      0.0
  MONTH TO DATE    1.9                       0.4    1.5      0.0
  SINCE MAR 1      1.9                       2.4   -0.5      0.4
  SINCE JUL 1      7.7                      18.6  -10.9      4.9
  SNOW DEPTH       0

DEGREE DAYS
 HEATING
  TODAY            0                        12    -12        0
  MONTH TO DATE  303                       176    127      125
  SINCE MAR 1    958                       822    136      650
  SINCE JUL 1   4885                      4867     18     3904

 COOLING
  TODAY            9                         1      8        2
  MONTH TO DATE   13                         7      6        9
  SINCE MAR 1     13                        10      3       15
  SINCE JAN 1     13                        10      3       15
..................................................................


WIND (MPH)
  HIGHEST WIND SPEED    35   HIGHEST WIND DIRECTION    SW (210)
  HIGHEST GUST SPEED    43   HIGHEST GUST DIRECTION    SW (220)
  AVERAGE WIND SPEED    22.7


SKY COVER
  POSSIBLE SUNSHINE  MM
  AVERAGE SKY COVER 0.7


WEATHER CONDITIONS
 THE FOLLOWING WEATHER WAS RECORDED TODAY.
  THUNDERSTORM
  LIGHT RAIN
  FOG
  HAZE


RELATIVE HUMIDITY (PERCENT)
 HIGHEST    73           600 AM
 LOWEST     47          1200 PM
 AVERAGE    60

..........................................................


THE KANSAS CITY INTERNATIONAL MO CLIMATE NORMALS FOR TOMORROW
                         NORMAL    RECORD    YEAR
 MAXIMUM TEMPERATURE (F)   65        92      1972
 MINIMUM TEMPERATURE (F)   44        25      1928


SUNRISE AND SUNSET
APRIL 13 2018.........SUNRISE   645 AM CDT   SUNSET   755 PM CDT
APRIL 14 2018.........SUNRISE   643 AM CDT   SUNSET   756 PM CDT


-  INDICATES NEGATIVE NUMBERS.
R  INDICATES RECORD WAS SET OR TIED.
MM INDICATES DATA IS MISSING.
T  INDICATES TRACE AMOUNT.


&&

...MISCELLANEOUS CLIMATE DATA FROM TODAY...

LOCATION                HIGH    LOW      PRECIP
ST. JOSEPH               84      68       0.00
DOWNTOWN KANSAS CITY     83      68       0.04
OLATHE NEW CENTURY       83      62       0.20
OLATHE JO CO EXEC        80      63       0.07
LEES SUMMIT              81      68       T
KIRKSVILLE               77      58       0.00
CHILLICOTHE              80      62       0.00
SEDALIA                  79      68       0.00
NWS PLEASANT HILL MO     77      67       T


THIS PRODUCT...ALONG WITH OTHER WEATHER...HYDROLOGICAL AND CLIMATE
INFORMATION...IS AVAILABLE ON THE WEB AT HTTP://WWW.WEATHER.GOV/EAX
OR AT HTTP://WEATHER.GOV

$$

JW
