000
CDUS43 KEAX 060032
CLIMCI

CLIMATE REPORT
NATIONAL WEATHER SERVICE KANSAS CITY/PLEASANT HILL MO
731 PM CDT SAT MAY 5 2018


...................................

...THE KANSAS CITY INTERNATIONAL MO CLIMATE SUMMARY FOR MAY 5 2018...
VALID TODAY AS OF 0700 PM LOCAL TIME.

CLIMATE NORMAL PERIOD 1981 TO 2010
CLIMATE RECORD PERIOD 1888 TO 2018


WEATHER ITEM   OBSERVED TIME   RECORD YEAR NORMAL DEPARTURE LAST
                VALUE   (LST)  VALUE       VALUE  FROM      YEAR
                                                  NORMAL
..................................................................
TEMPERATURE (F)
 TODAY
  MAXIMUM         84    356 PM  96    1952  72     12       74
  MINIMUM         54    456 AM  32    1944  51      3       42
  AVERAGE         69                        61      8       58

PRECIPITATION (IN)
  TODAY            0.00          3.51 1904   0.17  -0.17     0.00
  MONTH TO DATE    2.34                      0.84   1.50     0.14
  SINCE MAR 1      5.03                      6.91  -1.88     9.59
  SINCE JAN 1      7.48                      9.44  -1.96    11.04

SNOWFALL (IN)
  TODAY            0.0           0.0    MM   0.0    0.0      0.0
  MONTH TO DATE    0.0                       0.0    0.0      0.0
  SINCE MAR 1      1.9                       2.6   -0.7      0.4
  SINCE JUL 1      7.7                      18.8  -11.1      4.9
  SNOW DEPTH       0

DEGREE DAYS
 HEATING
  TODAY            0                         5     -5        7
  MONTH TO DATE    0                        28    -28       59
  SINCE MAR 1   1187                      1003    184      842
  SINCE JUL 1   5114                      5048     66     4096

 COOLING
  TODAY            4                         1      3        0
  MONTH TO DATE   23                         5     18        0
  SINCE MAR 1     34                        33      1       33
  SINCE JAN 1     34                        33      1       33
..................................................................


WIND (MPH)
  HIGHEST WIND SPEED    10   HIGHEST WIND DIRECTION     W (290)
  HIGHEST GUST SPEED    14   HIGHEST GUST DIRECTION     N (340)
  AVERAGE WIND SPEED     5.5


SKY COVER
  POSSIBLE SUNSHINE  MM
  AVERAGE SKY COVER 0.1


WEATHER CONDITIONS
 THE FOLLOWING WEATHER WAS RECORDED TODAY.
  NO SIGNIFICANT WEATHER WAS OBSERVED.


RELATIVE HUMIDITY (PERCENT)
 HIGHEST    71           500 AM
 LOWEST     22           100 PM
 AVERAGE    47

..........................................................


THE KANSAS CITY INTERNATIONAL MO CLIMATE NORMALS FOR TOMORROW
                         NORMAL    RECORD    YEAR
 MAXIMUM TEMPERATURE (F)   72        89      2004
                                             1970
 MINIMUM TEMPERATURE (F)   51        32      1944


SUNRISE AND SUNSET
MAY  5 2018...........SUNRISE   615 AM CDT   SUNSET   816 PM CDT
MAY  6 2018...........SUNRISE   614 AM CDT   SUNSET   817 PM CDT


-  INDICATES NEGATIVE NUMBERS.
R  INDICATES RECORD WAS SET OR TIED.
MM INDICATES DATA IS MISSING.
T  INDICATES TRACE AMOUNT.


&&

...MISCELLANEOUS CLIMATE DATA FROM TODAY...

LOCATION                HIGH    LOW      PRECIP
ST. JOSEPH               85      46       T
DOWNTOWN KANSAS CITY     85      54       0.00
OLATHE NEW CENTURY       84      53       0.00
OLATHE JO CO EXEC        83      53       0.00
LEES SUMMIT              83      55       0.00
KIRKSVILLE               82      46       0.00
CHILLICOTHE              85      47       0.00
SEDALIA                  84      54       0.00
NWS PLEASANT HILL MO     83      55       0.00


THIS PRODUCT...ALONG WITH OTHER WEATHER...HYDROLOGICAL AND CLIMATE
INFORMATION...IS AVAILABLE ON THE WEB AT HTTP://WWW.WEATHER.GOV/EAX
OR AT HTTP://WEATHER.GOV

$$
