000
CDUS43 KEAX 180632
CLIMCI

CLIMATE REPORT
NATIONAL WEATHER SERVICE KANSAS CITY/PLEASANT HILL MO
131 AM CDT WED APR 18 2018


...................................

...THE KANSAS CITY INTERNATIONAL MO CLIMATE SUMMARY FOR APRIL 17 2018...

CLIMATE NORMAL PERIOD 1981 TO 2010
CLIMATE RECORD PERIOD 1888 TO 2018


WEATHER ITEM   OBSERVED TIME   RECORD YEAR NORMAL DEPARTURE LAST
                VALUE   (LST)  VALUE       VALUE  FROM      YEAR
                                                  NORMAL
..................................................................
TEMPERATURE (F)
 YESTERDAY
  MAXIMUM         65    508 PM  87    1954  66     -1       72
  MINIMUM         33    621 AM  28    1953  45    -12       50
                                      1921
  AVERAGE         49                        55     -6       61

PRECIPITATION (IN)
  YESTERDAY        0.00          1.93 1940   0.12  -0.12     0.00
  MONTH TO DATE    0.58                      1.85  -1.27     4.03
  SINCE MAR 1      2.23                      4.22  -1.99     6.84
  SINCE JAN 1      4.68                      6.75  -2.07     8.29

SNOWFALL (IN)
  YESTERDAY        0.0           T    1999   0.0    0.0      0.0
                                      1953
  MONTH TO DATE    1.9                       0.5    1.4      0.0
  SINCE MAR 1      1.9                       2.5   -0.6      0.4
  SINCE JUL 1      7.7                      18.7  -11.0      4.9
  SNOW DEPTH       0

DEGREE DAYS
 HEATING
  YESTERDAY       16                        11      5        4
  MONTH TO DATE  405                       220    185      133
  SINCE MAR 1   1060                       866    194      658
  SINCE JUL 1   4987                      4911     76     3912

 COOLING
  YESTERDAY        0                         1     -1        0
  MONTH TO DATE    6                        11     -5       20
  SINCE MAR 1      6                        14     -8       26
  SINCE JAN 1      6                        14     -8       26
..................................................................


WIND (MPH)
  HIGHEST WIND SPEED    26   HIGHEST WIND DIRECTION     E (100)
  HIGHEST GUST SPEED    34   HIGHEST GUST DIRECTION     E (110)
  AVERAGE WIND SPEED    14.9


SKY COVER
  POSSIBLE SUNSHINE  MM
  AVERAGE SKY COVER 0.2


WEATHER CONDITIONS
 THE FOLLOWING WEATHER WAS RECORDED YESTERDAY.
  NO SIGNIFICANT WEATHER WAS OBSERVED.


RELATIVE HUMIDITY (PERCENT)
 HIGHEST    75           500 AM
 LOWEST     36           100 PM
 AVERAGE    56

..........................................................


THE KANSAS CITY INTERNATIONAL MO CLIMATE NORMALS FOR TODAY
                         NORMAL    RECORD    YEAR
 MAXIMUM TEMPERATURE (F)   67        91      2006
 MINIMUM TEMPERATURE (F)   45        27      1983


SUNRISE AND SUNSET
APRIL 18 2018.........SUNRISE   637 AM CDT   SUNSET   759 PM CDT
APRIL 19 2018.........SUNRISE   636 AM CDT   SUNSET   800 PM CDT


-  INDICATES NEGATIVE NUMBERS.
R  INDICATES RECORD WAS SET OR TIED.
MM INDICATES DATA IS MISSING.
T  INDICATES TRACE AMOUNT.


&&

...MISCELLANEOUS CLIMATE DATA FROM YESTERDAY...

LOCATION                HIGH    LOW      PRECIP
ST. JOSEPH               64      26       0.00
DOWNTOWN KANSAS CITY     68      36       0.00
OLATHE NEW CENTURY       70      37       0.00
OLATHE JO CO EXEC        67      35       0.00
LEES SUMMIT              67      33       0.00
KIRKSVILLE               58      23       0.00
CHILLICOTHE              62      28       0.00
SEDALIA                  66      33       0.00
NWS PLEASANT HILL MO     68      34       0.00


THIS PRODUCT...ALONG WITH OTHER WEATHER...HYDROLOGICAL AND CLIMATE
INFORMATION...IS AVAILABLE ON THE WEB AT HTTP://WWW.WEATHER.GOV/EAX
OR AT HTTP://WEATHER.GOV

$$
