000
CDUS43 KEAX 170634
CLIMCI

CLIMATE REPORT
NATIONAL WEATHER SERVICE KANSAS CITY/PLEASANT HILL MO
132 AM CDT THU MAY 17 2018


...................................

...THE KANSAS CITY INTERNATIONAL MO CLIMATE SUMMARY FOR MAY 16 2018...

CLIMATE NORMAL PERIOD 1981 TO 2010
CLIMATE RECORD PERIOD 1888 TO 2018


WEATHER ITEM   OBSERVED TIME   RECORD YEAR NORMAL DEPARTURE LAST
                VALUE   (LST)  VALUE       VALUE  FROM      YEAR
                                                  NORMAL
..................................................................
TEMPERATURE (F)
 YESTERDAY
  MAXIMUM         81    443 PM  94    1931  75      6       85
  MINIMUM         59    522 AM  35    2014  54      5       68
  AVERAGE         70                        64      6       77

PRECIPITATION (IN)
  YESTERDAY        1.73          2.65 1957   0.17   1.56     0.00
  MONTH TO DATE    4.17                      2.68   1.49     0.89
  SINCE MAR 1      6.86                      8.75  -1.89    10.34
  SINCE JAN 1      9.31                     11.28  -1.97    11.79

SNOWFALL (IN)
  YESTERDAY        0.0           0.0    MM   0.0    0.0      0.0
  MONTH TO DATE    0.0                       0.0    0.0      0.0
  SINCE MAR 1      1.9                       2.6   -0.7      0.4
  SINCE JUL 1      7.7                      18.8  -11.1      4.9
  SNOW DEPTH       0

DEGREE DAYS
 HEATING
  YESTERDAY        0                         3     -3        0
  MONTH TO DATE    0                        73    -73       66
  SINCE MAR 1   1187                      1048    139      849
  SINCE JUL 1   5114                      5093     21     4103

 COOLING
  YESTERDAY        5                         3      2       12
  MONTH TO DATE  120                        28     92       47
  SINCE MAR 1    131                        56     75       80
  SINCE JAN 1    131                        56     75       80
..................................................................


WIND (MPH)
  HIGHEST WIND SPEED    29   HIGHEST WIND DIRECTION    NW (310)
  HIGHEST GUST SPEED    45   HIGHEST GUST DIRECTION    NW (310)
  AVERAGE WIND SPEED     6.2


SKY COVER
  POSSIBLE SUNSHINE  MM
  AVERAGE SKY COVER 0.5


WEATHER CONDITIONS
 THE FOLLOWING WEATHER WAS RECORDED YESTERDAY.
  THUNDERSTORM
  HEAVY RAIN
  LIGHT RAIN
  FOG
  FOG W/VISIBILITY <= 1/4 MILE
  HAZE


RELATIVE HUMIDITY (PERCENT)
 HIGHEST   100           200 AM
 LOWEST     54           400 PM
 AVERAGE    77

..........................................................


THE KANSAS CITY INTERNATIONAL MO CLIMATE NORMALS FOR TODAY
                         NORMAL    RECORD    YEAR
 MAXIMUM TEMPERATURE (F)   75        90      1966
                                             1939
 MINIMUM TEMPERATURE (F)   55        37      2014


SUNRISE AND SUNSET
MAY 17 2018...........SUNRISE   604 AM CDT   SUNSET   827 PM CDT
MAY 18 2018...........SUNRISE   603 AM CDT   SUNSET   828 PM CDT


-  INDICATES NEGATIVE NUMBERS.
R  INDICATES RECORD WAS SET OR TIED.
MM INDICATES DATA IS MISSING.
T  INDICATES TRACE AMOUNT.


&&

...MISCELLANEOUS CLIMATE DATA FROM YESTERDAY...

LOCATION                HIGH    LOW      PRECIP
ST. JOSEPH               83      58       T
DOWNTOWN KANSAS CITY     82      62       0.05
OLATHE NEW CENTURY       82      58       0.01
OLATHE JO CO EXEC        80      61       0.24
LEES SUMMIT              80      61       0.00
KIRKSVILLE               82      61       0.00
CHILLICOTHE              82      62       0.00
SEDALIA                  84      65       0.00
NWS PLEASANT HILL MO     80      62       0.00


THIS PRODUCT...ALONG WITH OTHER WEATHER...HYDROLOGICAL AND CLIMATE
INFORMATION...IS AVAILABLE ON THE WEB AT HTTP://WWW.WEATHER.GOV/EAX
OR AT HTTP://WEATHER.GOV

$$

JK
