000
CDUS43 KEAX 130634
CLIMCI

CLIMATE REPORT
NATIONAL WEATHER SERVICE KANSAS CITY/PLEASANT HILL MO
132 AM CDT FRI APR 13 2018


...................................

...THE KANSAS CITY INTERNATIONAL MO CLIMATE SUMMARY FOR APRIL 12 2018...

CLIMATE NORMAL PERIOD 1981 TO 2010
CLIMATE RECORD PERIOD 1888 TO 2018


WEATHER ITEM   OBSERVED TIME   RECORD YEAR NORMAL DEPARTURE LAST
                VALUE   (LST)  VALUE       VALUE  FROM      YEAR
                                                  NORMAL
..................................................................
TEMPERATURE (F)
 YESTERDAY
  MAXIMUM         82    256 PM  92    1972  65     17       76
  MINIMUM         55    642 AM  23    1940  43     12       46
  AVERAGE         69                        54     15       61

PRECIPITATION (IN)
  YESTERDAY        0.00          1.80 1909   0.11  -0.11      T
  MONTH TO DATE    0.42                      1.24  -0.82     3.20
  SINCE MAR 1      2.07                      3.61  -1.54     6.01
  SINCE JAN 1      4.52                      6.14  -1.62     7.46

SNOWFALL (IN)
  YESTERDAY        0.0           T    2008   0.0    0.0      0.0
                                      1951
  MONTH TO DATE    1.9                       0.4    1.5      0.0
  SINCE MAR 1      1.9                       2.4   -0.5      0.4
  SINCE JUL 1      7.7                      18.6  -10.9      4.9
  SNOW DEPTH       0

DEGREE DAYS
 HEATING
  YESTERDAY        0                        12    -12        4
  MONTH TO DATE  303                       164    139      125
  SINCE MAR 1    958                       810    148      650
  SINCE JUL 1   4885                      4855     30     3904

 COOLING
  YESTERDAY        4                         1      3        0
  MONTH TO DATE    4                         6     -2        7
  SINCE MAR 1      4                         9     -5       13
  SINCE JAN 1      4                         9     -5       13
..................................................................


WIND (MPH)
  HIGHEST WIND SPEED    29   HIGHEST WIND DIRECTION     S (190)
  HIGHEST GUST SPEED    37   HIGHEST GUST DIRECTION     S (190)
  AVERAGE WIND SPEED    15.9


SKY COVER
  POSSIBLE SUNSHINE  MM
  AVERAGE SKY COVER 0.5


WEATHER CONDITIONS
 THE FOLLOWING WEATHER WAS RECORDED YESTERDAY.
  HAZE


RELATIVE HUMIDITY (PERCENT)
 HIGHEST    66           600 AM
 LOWEST     36           100 PM
 AVERAGE    51

..........................................................


THE KANSAS CITY INTERNATIONAL MO CLIMATE NORMALS FOR TODAY
                         NORMAL    RECORD    YEAR
 MAXIMUM TEMPERATURE (F)   65        92      2006
 MINIMUM TEMPERATURE (F)   43        22      1950


SUNRISE AND SUNSET
APRIL 13 2018.........SUNRISE   645 AM CDT   SUNSET   755 PM CDT
APRIL 14 2018.........SUNRISE   643 AM CDT   SUNSET   756 PM CDT


-  INDICATES NEGATIVE NUMBERS.
R  INDICATES RECORD WAS SET OR TIED.
MM INDICATES DATA IS MISSING.
T  INDICATES TRACE AMOUNT.


&&

...MISCELLANEOUS CLIMATE DATA FROM YESTERDAY...

LOCATION                HIGH    LOW      PRECIP
ST. JOSEPH               82      48       0.00
DOWNTOWN KANSAS CITY     84      54       0.00
OLATHE NEW CENTURY       82      56       0.00
OLATHE JO CO EXEC        80      56       0.00
LEES SUMMIT              83      55       0.00
KIRKSVILLE               82      57       0.00
CHILLICOTHE              82      50       0.00
SEDALIA                  87      60       0.00
NWS PLEASANT HILL MO     81      59       0.00


THIS PRODUCT...ALONG WITH OTHER WEATHER...HYDROLOGICAL AND CLIMATE
INFORMATION...IS AVAILABLE ON THE WEB AT HTTP://WWW.WEATHER.GOV/EAX
OR AT HTTP://WEATHER.GOV

$$
