000
CDUS43 KEAX 090636
CLIMCI

CLIMATE REPORT
NATIONAL WEATHER SERVICE KANSAS CITY/PLEASANT HILL MO
135 AM CDT MON APR 9 2018


...................................

...THE KANSAS CITY INTERNATIONAL MO CLIMATE SUMMARY FOR APRIL 8 2018...

CLIMATE NORMAL PERIOD 1981 TO 2010
CLIMATE RECORD PERIOD 1888 TO 2018


WEATHER ITEM   OBSERVED TIME   RECORD YEAR NORMAL DEPARTURE LAST
                VALUE   (LST)  VALUE       VALUE  FROM      YEAR
                                                  NORMAL
..................................................................
TEMPERATURE (F)
 YESTERDAY
  MAXIMUM         38    928 AM  84    2001  63    -25       77
                                      1905
  MINIMUM         30   1159 PM  20    2007  41    -11       53
  AVERAGE         34                        52    -18       65

PRECIPITATION (IN)
  YESTERDAY        0.12          1.41 1961   0.11   0.01     0.00
  MONTH TO DATE    0.42                      0.80  -0.38     3.20
  SINCE MAR 1      2.07                      3.17  -1.10     6.01
  SINCE JAN 1      4.52                      5.70  -1.18     7.46

SNOWFALL (IN)
  YESTERDAY        0.8           7.0  1938   0.0    0.8      0.0
  MONTH TO DATE    1.9                       0.3    1.6      0.0
  SINCE MAR 1      1.9                       2.3   -0.4      0.4
  SINCE JUL 1      7.7                      18.5  -10.8      4.9
  SNOW DEPTH       0

DEGREE DAYS
 HEATING
  YESTERDAY       31                        13     18        0
  MONTH TO DATE  252                       114    138       99
  SINCE MAR 1    907                       760    147      624
  SINCE JUL 1   4834                      4805     29     3878

 COOLING
  YESTERDAY        0                         1     -1        0
  MONTH TO DATE    0                         2     -2        0
  SINCE MAR 1      0                         5     -5        6
  SINCE JAN 1      0                         5     -5        6
..................................................................


WIND (MPH)
  HIGHEST WIND SPEED    23   HIGHEST WIND DIRECTION    SE (150)
  HIGHEST GUST SPEED    28   HIGHEST GUST DIRECTION     S (160)
  AVERAGE WIND SPEED    12.3


SKY COVER
  POSSIBLE SUNSHINE  MM
  AVERAGE SKY COVER 0.8


WEATHER CONDITIONS
 THE FOLLOWING WEATHER WAS RECORDED YESTERDAY.
  SNOW
  LIGHT SNOW
  FOG


RELATIVE HUMIDITY (PERCENT)
 HIGHEST   100           800 PM
 LOWEST     44           900 AM
 AVERAGE    72

..........................................................


THE KANSAS CITY INTERNATIONAL MO CLIMATE NORMALS FOR TODAY
                         NORMAL    RECORD    YEAR
 MAXIMUM TEMPERATURE (F)   64        89      1930
 MINIMUM TEMPERATURE (F)   42        24      2003
                                             1997


SUNRISE AND SUNSET
APRIL  9 2018.........SUNRISE   651 AM CDT   SUNSET   751 PM CDT
APRIL 10 2018.........SUNRISE   649 AM CDT   SUNSET   752 PM CDT


-  INDICATES NEGATIVE NUMBERS.
R  INDICATES RECORD WAS SET OR TIED.
MM INDICATES DATA IS MISSING.
T  INDICATES TRACE AMOUNT.


&&

...MISCELLANEOUS CLIMATE DATA FROM YESTERDAY...

LOCATION                HIGH    LOW      PRECIP
ST. JOSEPH               38      24       0.06
DOWNTOWN KANSAS CITY     39      33       0.04
OLATHE NEW CENTURY       37      30       0.08
OLATHE JO CO EXEC        35      29       0.05
LEES SUMMIT              37      30       0.12
KIRKSVILLE               37      25       0.19
CHILLICOTHE              38      24       0.25
SEDALIA                  41      29       0.05
NWS PLEASANT HILL MO     36      28       0.16


THIS PRODUCT...ALONG WITH OTHER WEATHER...HYDROLOGICAL AND CLIMATE
INFORMATION...IS AVAILABLE ON THE WEB AT HTTP://WWW.WEATHER.GOV/EAX
OR AT HTTP://WEATHER.GOV

$$

JL
