000
CDUS43 KEAX 082125
CLIMCI

CLIMATE REPORT
NATIONAL WEATHER SERVICE KANSAS CITY/PLEASANT HILL MO
424 PM CDT TUE MAY 8 2018


...................................

...THE KANSAS CITY INTERNATIONAL MO CLIMATE SUMMARY FOR MAY 8 2018...
VALID AS OF 0400 PM LOCAL TIME.

CLIMATE NORMAL PERIOD 1981 TO 2010
CLIMATE RECORD PERIOD 1888 TO 2018


WEATHER ITEM   OBSERVED TIME   RECORD YEAR NORMAL DEPARTURE LAST
                VALUE   (LST)  VALUE       VALUE  FROM      YEAR
                                                  NORMAL
..................................................................
TEMPERATURE (F)
 TODAY
  MAXIMUM         86   1229 PM  94    1934  73     13       84
  MINIMUM         64    626 AM  35    1984  52     12       58
  AVERAGE         75                        62     13       71

PRECIPITATION (IN)
  TODAY            0.00          3.57 1921   0.16  -0.16     0.00
  MONTH TO DATE    2.34                      1.33   1.01     0.14
  SINCE MAR 1      5.03                      7.40  -2.37     9.59
  SINCE JAN 1      7.48                      9.93  -2.45    11.04

SNOWFALL (IN)
  TODAY            0.0           0.0    MM   0.0    0.0      0.0
  MONTH TO DATE    0.0                       0.0    0.0      0.0
  SINCE MAR 1      1.9                       2.6   -0.7      0.4
  SINCE JUL 1      7.7                      18.8  -11.1      4.9
  SNOW DEPTH       0

DEGREE DAYS
 HEATING
  TODAY            0                         5     -5        0
  MONTH TO DATE    0                        43    -43       60
  SINCE MAR 1   1187                      1018    169      843
  SINCE JUL 1   5114                      5063     51     4097

 COOLING
  TODAY           10                         2      8        6
  MONTH TO DATE   44                        10     34        7
  SINCE MAR 1     55                        38     17       40
  SINCE JAN 1     55                        38     17       40
..................................................................


WIND (MPH)
  HIGHEST WIND SPEED    28   HIGHEST WIND DIRECTION    SE (150)
  HIGHEST GUST SPEED    36   HIGHEST GUST DIRECTION     S (160)
  AVERAGE WIND SPEED    16.3


SKY COVER
  POSSIBLE SUNSHINE  MM
  AVERAGE SKY COVER 0.8


WEATHER CONDITIONS
 THE FOLLOWING WEATHER WAS RECORDED TODAY.
  NO SIGNIFICANT WEATHER WAS OBSERVED.


RELATIVE HUMIDITY (PERCENT)
 HIGHEST    63           500 AM
 LOWEST     37           100 PM
 AVERAGE    50

..........................................................


THE KANSAS CITY INTERNATIONAL MO CLIMATE NORMALS FOR TOMORROW
                         NORMAL    RECORD    YEAR
 MAXIMUM TEMPERATURE (F)   73        91      1963
 MINIMUM TEMPERATURE (F)   52        35      1980


SUNRISE AND SUNSET
MAY  8 2018...........SUNRISE   612 AM CDT   SUNSET   819 PM CDT
MAY  9 2018...........SUNRISE   611 AM CDT   SUNSET   820 PM CDT


-  INDICATES NEGATIVE NUMBERS.
R  INDICATES RECORD WAS SET OR TIED.
MM INDICATES DATA IS MISSING.
T  INDICATES TRACE AMOUNT.


&&

...MISCELLANEOUS CLIMATE DATA FROM TODAY...

LOCATION                HIGH    LOW      PRECIP
ST. JOSEPH               88      64       0.00
DOWNTOWN KANSAS CITY     86      66       0.00
OLATHE NEW CENTURY       85      62       0.00
OLATHE JO CO EXEC        82      62       T
LEES SUMMIT              85      64       0.00
KIRKSVILLE               82      53       0.00
CHILLICOTHE              85      62       0.00
SEDALIA                  86      61       0.00
NWS PLEASANT HILL MO     84      61       0.00


THIS PRODUCT...ALONG WITH OTHER WEATHER...HYDROLOGICAL AND CLIMATE
INFORMATION...IS AVAILABLE ON THE WEB AT HTTP://WWW.WEATHER.GOV/EAX
OR AT HTTP://WEATHER.GOV

$$
