000
CDUS43 KEAX 120643
CLIMCI

CLIMATE REPORT
NATIONAL WEATHER SERVICE KANSAS CITY/PLEASANT HILL MO
141 AM CDT SAT MAY 12 2018

...................................

...THE KANSAS CITY INTERNATIONAL MO CLIMATE SUMMARY FOR MAY 11 2018...

CLIMATE NORMAL PERIOD 1981 TO 2010
CLIMATE RECORD PERIOD 1888 TO 2018


WEATHER ITEM   OBSERVED TIME   RECORD YEAR NORMAL DEPARTURE LAST
                VALUE   (LST)  VALUE       VALUE  FROM      YEAR
                                                  NORMAL
..................................................................
TEMPERATURE (F)
 YESTERDAY
  MAXIMUM         84    255 PM  92    1962  73     11       67
  MINIMUM         64    737 AM  34    1981  53     11       58
  AVERAGE         74                        63     11       63

PRECIPITATION (IN)
  YESTERDAY        0.07          2.60 1929   0.17  -0.10      T
  MONTH TO DATE    2.42                      1.84   0.58     0.89
  SINCE MAR 1      5.11                      7.91  -2.80    10.34
  SINCE JAN 1      7.56                     10.44  -2.88    11.79

SNOWFALL (IN)
  YESTERDAY        0.0           T    2005   0.0    0.0      0.0
  MONTH TO DATE    0.0                       0.0    0.0      0.0
  SINCE MAR 1      1.9                       2.6   -0.7      0.4
  SINCE JUL 1      7.7                      18.8  -11.1      4.9
  SNOW DEPTH       0

DEGREE DAYS
 HEATING
  YESTERDAY        0                         4     -4        2
  MONTH TO DATE    0                        55    -55       62
  SINCE MAR 1   1187                      1030    157      845
  SINCE JUL 1   5114                      5075     39     4099

 COOLING
  YESTERDAY        9                         2      7        0
  MONTH TO DATE   70                        16     54       21
  SINCE MAR 1     81                        44     37       54
  SINCE JAN 1     81                        44     37       54
..................................................................


WIND (MPH)
  HIGHEST WIND SPEED    25   HIGHEST WIND DIRECTION     S (190)
  HIGHEST GUST SPEED    32   HIGHEST GUST DIRECTION     S (180)
  AVERAGE WIND SPEED    13.6


SKY COVER
  POSSIBLE SUNSHINE  MM
  AVERAGE SKY COVER 0.8


WEATHER CONDITIONS
 THE FOLLOWING WEATHER WAS RECORDED YESTERDAY.
  THUNDERSTORM
  LIGHT RAIN
  HAZE


RELATIVE HUMIDITY (PERCENT)
 HIGHEST    76           900 AM
 LOWEST     51           300 PM
 AVERAGE    64

..........................................................


THE KANSAS CITY INTERNATIONAL MO CLIMATE NORMALS FOR TODAY
                         NORMAL    RECORD    YEAR
 MAXIMUM TEMPERATURE (F)   74        93      1962
 MINIMUM TEMPERATURE (F)   53        33      2013


SUNRISE AND SUNSET
MAY 12 2018...........SUNRISE   608 AM CDT   SUNSET   823 PM CDT
MAY 13 2018...........SUNRISE   607 AM CDT   SUNSET   824 PM CDT


-  INDICATES NEGATIVE NUMBERS.
R  INDICATES RECORD WAS SET OR TIED.
MM INDICATES DATA IS MISSING.
T  INDICATES TRACE AMOUNT.



&&

...MISCELLANEOUS CLIMATE DATA FROM YESTERDAY...

LOCATION                HIGH    LOW      PRECIP
ST. JOSEPH               85      64       0.01
DOWNTOWN KANSAS CITY     86      67       0.13
OLATHE NEW CENTURY       85      66       T
OLATHE JO CO EXEC        83      63       T
LEES SUMMIT              85      63       0.04
KIRKSVILLE               83      59       T
CHILLICOTHE              84      64       0.02
SEDALIA                  89      64       0.01
NWS PLEASANT HILL MO     84      61       0.20


THIS PRODUCT...ALONG WITH OTHER WEATHER...HYDROLOGICAL AND CLIMATE
INFORMATION...IS AVAILABLE ON THE WEB AT HTTP://WWW.WEATHER.GOV/EAX
OR AT HTTP://WEATHER.GOV

$$

PM
