000
CDUS43 KEAX 050648
CLIMCI

CLIMATE REPORT
NATIONAL WEATHER SERVICE KANSAS CITY/PLEASANT HILL MO
147 AM CDT THU APR 5 2018


...................................

...THE KANSAS CITY INTERNATIONAL MO CLIMATE SUMMARY FOR APRIL 4 2018...

CLIMATE NORMAL PERIOD 1981 TO 2010
CLIMATE RECORD PERIOD 1888 TO 2018


WEATHER ITEM   OBSERVED TIME   RECORD YEAR NORMAL DEPARTURE LAST
                VALUE   (LST)  VALUE       VALUE  FROM      YEAR
                                                  NORMAL
..................................................................
TEMPERATURE (F)
 YESTERDAY
  MAXIMUM         45    456 PM  88    1942  62    -17       52
  MINIMUM         17R   618 AM  20    1920  40    -23       47
  AVERAGE         31                        51    -20       50

PRECIPITATION (IN)
  YESTERDAY        0.00          1.73 1947   0.09  -0.09     0.65
  MONTH TO DATE    0.30                      0.38  -0.08     2.38
  SINCE MAR 1      1.95                      2.75  -0.80     5.19
  SINCE JAN 1      4.40                      5.28  -0.88     6.64

SNOWFALL (IN)
  YESTERDAY        0.0           3.6  1920   0.1   -0.1      0.0
  MONTH TO DATE    1.1                       0.2    0.9      0.0
  SINCE MAR 1      1.1                       2.2   -1.1      0.4
  SINCE JUL 1      6.9                      18.4  -11.5      4.9
  SNOW DEPTH       0

DEGREE DAYS
 HEATING
  YESTERDAY       34                        14     20       15
  MONTH TO DATE  141                        59     82       51
  SINCE MAR 1    796                       705     91      576
  SINCE JUL 1   4723                      4750    -27     3830

 COOLING
  YESTERDAY        0                         0      0        0
  MONTH TO DATE    0                         0      0        0
  SINCE MAR 1      0                         3     -3        6
  SINCE JAN 1      0                         3     -3        6
..................................................................


WIND (MPH)
  HIGHEST WIND SPEED    17   HIGHEST WIND DIRECTION    NW (320)
  HIGHEST GUST SPEED    23   HIGHEST GUST DIRECTION    NW (320)
  AVERAGE WIND SPEED     8.7


SKY COVER
  POSSIBLE SUNSHINE  MM
  AVERAGE SKY COVER 0.4


WEATHER CONDITIONS
 THE FOLLOWING WEATHER WAS RECORDED YESTERDAY.
  HAZE


RELATIVE HUMIDITY (PERCENT)
 HIGHEST    77           100 AM
 LOWEST     28           500 PM
 AVERAGE    53

..........................................................


THE KANSAS CITY INTERNATIONAL MO CLIMATE NORMALS FOR TODAY
                         NORMAL    RECORD    YEAR
 MAXIMUM TEMPERATURE (F)   62        84      2000
                                             1893
 MINIMUM TEMPERATURE (F)   40        17      1920


SUNRISE AND SUNSET
APRIL  5 2018.........SUNRISE   657 AM CDT   SUNSET   747 PM CDT
APRIL  6 2018.........SUNRISE   655 AM CDT   SUNSET   748 PM CDT


-  INDICATES NEGATIVE NUMBERS.
R  INDICATES RECORD WAS SET OR TIED.
MM INDICATES DATA IS MISSING.
T  INDICATES TRACE AMOUNT.


&&

...MISCELLANEOUS CLIMATE DATA FROM YESTERDAY...

LOCATION                HIGH    LOW      PRECIP
ST. JOSEPH               44      16       0.00
DOWNTOWN KANSAS CITY     47      20       0.00
OLATHE NEW CENTURY       46      19       0.00
OLATHE JO CO EXEC        44      17       0.00
LEES SUMMIT              44      19       0.00
KIRKSVILLE               40      17       0.00
CHILLICOTHE              42      18       0.00
SEDALIA                  43      22       0.00
NWS PLEASANT HILL MO     44      19       0.00


THIS PRODUCT...ALONG WITH OTHER WEATHER...HYDROLOGICAL AND CLIMATE
INFORMATION...IS AVAILABLE ON THE WEB AT HTTP://WWW.WEATHER.GOV/EAX
OR AT HTTP://WEATHER.GOV

$$
