379
CDUS43 KEAX 260634
CLIMCI

CLIMATE REPORT
NATIONAL WEATHER SERVICE KANSAS CITY/PLEASANT HILL MO
132 AM CDT SAT MAY 26 2018


...................................

...THE KANSAS CITY INTERNATIONAL MO CLIMATE SUMMARY FOR MAY 25 2018...

CLIMATE NORMAL PERIOD 1981 TO 2010
CLIMATE RECORD PERIOD 1888 TO 2018


WEATHER ITEM   OBSERVED TIME   RECORD YEAR NORMAL DEPARTURE LAST
                VALUE   (LST)  VALUE       VALUE  FROM      YEAR
                                                  NORMAL
..................................................................
TEMPERATURE (F)
 YESTERDAY
  MAXIMUM         85    414 PM  92    1967  77      8       76
                                      1953
  MINIMUM         66    711 AM  39    1925  57      9       46
  AVERAGE         76                        67      9       61

PRECIPITATION (IN)
  YESTERDAY        0.45          1.56 1963   0.17   0.28     0.00
  MONTH TO DATE    5.07                      4.23   0.84     4.94
  SINCE MAR 1      7.76                     10.30  -2.54    14.39
  SINCE JAN 1     10.21                     12.83  -2.62    15.84

SNOWFALL (IN)
  YESTERDAY        0.0           0.0    MM   0.0    0.0      0.0
  MONTH TO DATE    0.0                       0.0    0.0      0.0
  SINCE MAR 1      1.9                       2.6   -0.7      0.4
  SINCE JUL 1      7.7                      18.8  -11.1      4.9
  SNOW DEPTH       0

DEGREE DAYS
 HEATING
  YESTERDAY        0                         2     -2        4
  MONTH TO DATE    0                        95    -95      109
  SINCE MAR 1   1187                      1070    117      892
  SINCE JUL 1   5114                      5115     -1     4146

 COOLING
  YESTERDAY       11                         4      7        0
  MONTH TO DATE  183                        59    124       56
  SINCE MAR 1    194                        87    107       89
  SINCE JAN 1    194                        87    107       89
..................................................................


WIND (MPH)
  HIGHEST WIND SPEED    17   HIGHEST WIND DIRECTION     S (160)
  HIGHEST GUST SPEED    24   HIGHEST GUST DIRECTION    SE (150)
  AVERAGE WIND SPEED     8.9


SKY COVER
  POSSIBLE SUNSHINE  MM
  AVERAGE SKY COVER 0.6


WEATHER CONDITIONS
 THE FOLLOWING WEATHER WAS RECORDED YESTERDAY.
  THUNDERSTORM
  RAIN
  LIGHT RAIN
  FOG


RELATIVE HUMIDITY (PERCENT)
 HIGHEST   100           600 AM
 LOWEST     55           300 PM
 AVERAGE    78

..........................................................


THE KANSAS CITY INTERNATIONAL MO CLIMATE NORMALS FOR TODAY
                         NORMAL    RECORD    YEAR
 MAXIMUM TEMPERATURE (F)   78        92      1985
 MINIMUM TEMPERATURE (F)   57        42      1992


SUNRISE AND SUNSET
MAY 26 2018...........SUNRISE   557 AM CDT   SUNSET   835 PM CDT
MAY 27 2018...........SUNRISE   557 AM CDT   SUNSET   836 PM CDT


-  INDICATES NEGATIVE NUMBERS.
R  INDICATES RECORD WAS SET OR TIED.
MM INDICATES DATA IS MISSING.
T  INDICATES TRACE AMOUNT.


&&

...MISCELLANEOUS CLIMATE DATA FROM YESTERDAY...

LOCATION                HIGH    LOW      PRECIP
ST. JOSEPH               92      69       0.00
DOWNTOWN KANSAS CITY     85      67       0.90
OLATHE NEW CENTURY       85      66       0.62
OLATHE JO CO EXEC        83      64       1.50
LEES SUMMIT              83      63       3.49
KIRKSVILLE               83      65       0.00
CHILLICOTHE              86      66       0.00
SEDALIA                  82      68       0.59
NWS PLEASANT HILL MO     83      65       1.27


THIS PRODUCT...ALONG WITH OTHER WEATHER...HYDROLOGICAL AND CLIMATE
INFORMATION...IS AVAILABLE ON THE WEB AT HTTP://WWW.WEATHER.GOV/EAX
OR AT HTTP://WEATHER.GOV

$$
