377
CDUS43 KEAX 230636
CLIMCI

CLIMATE REPORT
NATIONAL WEATHER SERVICE KANSAS CITY/PLEASANT HILL MO
135 AM CDT MON APR 23 2018


...................................

...THE KANSAS CITY INTERNATIONAL MO CLIMATE SUMMARY FOR APRIL 22 2018...

CLIMATE NORMAL PERIOD 1981 TO 2010
CLIMATE RECORD PERIOD 1888 TO 2018


WEATHER ITEM   OBSERVED TIME   RECORD YEAR NORMAL DEPARTURE LAST
                VALUE   (LST)  VALUE       VALUE  FROM      YEAR
                                                  NORMAL
..................................................................
TEMPERATURE (F)
 YESTERDAY
  MAXIMUM         67    427 PM  91    1989  68     -1       66
  MINIMUM         47    756 AM  25    1986  46      1       45
  AVERAGE         57                        57      0       56

PRECIPITATION (IN)
  YESTERDAY        0.01          4.18 1944   0.14  -0.13     0.00
  MONTH TO DATE    0.59                      2.50  -1.91     4.27
  SINCE MAR 1      2.24                      4.87  -2.63     7.08
  SINCE JAN 1      4.69                      7.40  -2.71     8.53

SNOWFALL (IN)
  YESTERDAY        0.0           0.0    MM   0.1   -0.1      0.0
  MONTH TO DATE    1.9                       0.6    1.3      0.0
  SINCE MAR 1      1.9                       2.6   -0.7      0.4
  SINCE JUL 1      7.7                      18.8  -11.1      4.9
  SNOW DEPTH       0

DEGREE DAYS
 HEATING
  YESTERDAY        8                         9     -1        9
  MONTH TO DATE  479                       268    211      161
  SINCE MAR 1   1134                       914    220      686
  SINCE JUL 1   5061                      4959    102     3940

 COOLING
  YESTERDAY        0                         1     -1        0
  MONTH TO DATE    6                        16    -10       27
  SINCE MAR 1      6                        19    -13       33
  SINCE JAN 1      6                        19    -13       33
..................................................................


WIND (MPH)
  HIGHEST WIND SPEED    22   HIGHEST WIND DIRECTION     E (90)
  HIGHEST GUST SPEED    27   HIGHEST GUST DIRECTION    NE (60)
  AVERAGE WIND SPEED    12.0


SKY COVER
  POSSIBLE SUNSHINE  MM
  AVERAGE SKY COVER 0.9


WEATHER CONDITIONS
 THE FOLLOWING WEATHER WAS RECORDED YESTERDAY.
  LIGHT RAIN


RELATIVE HUMIDITY (PERCENT)
 HIGHEST    76           800 AM
 LOWEST     40           500 PM
 AVERAGE    58

..........................................................


THE KANSAS CITY INTERNATIONAL MO CLIMATE NORMALS FOR TODAY
                         NORMAL    RECORD    YEAR
 MAXIMUM TEMPERATURE (F)   68        90      1965
 MINIMUM TEMPERATURE (F)   47        32      1893


SUNRISE AND SUNSET
APRIL 23 2018.........SUNRISE   631 AM CDT   SUNSET   804 PM CDT
APRIL 24 2018.........SUNRISE   629 AM CDT   SUNSET   805 PM CDT


-  INDICATES NEGATIVE NUMBERS.
R  INDICATES RECORD WAS SET OR TIED.
MM INDICATES DATA IS MISSING.
T  INDICATES TRACE AMOUNT.


&&

...MISCELLANEOUS CLIMATE DATA FROM YESTERDAY...

LOCATION                HIGH    LOW      PRECIP
ST. JOSEPH               71      50       0.00
DOWNTOWN KANSAS CITY     68      49       0.01
OLATHE NEW CENTURY       65      47       0.21
OLATHE JO CO EXEC        62      45       0.20
LEES SUMMIT              64      46       0.17
KIRKSVILLE               70      48       0.00
CHILLICOTHE              71      51       0.00
SEDALIA                  61      48       0.28
NWS PLEASANT HILL MO     61      M         0.40


THIS PRODUCT...ALONG WITH OTHER WEATHER...HYDROLOGICAL AND CLIMATE
INFORMATION...IS AVAILABLE ON THE WEB AT HTTP://WWW.WEATHER.GOV/EAX
OR AT HTTP://WEATHER.GOV

$$

CDB
