000
CXUS53 KGLD 011140
CLMMCK
CLIMATE REPORT
NATIONAL WEATHER SERVICE
440 AM MST FRI DEC 01 2023
...................................
...THE MCCOOK NE CLIMATE SUMMARY FOR THE MONTH OF NOVEMBER 2023...
CLIMATE NORMAL PERIOD: 1991 TO 2020
CLIMATE RECORD PERIOD: 1896 TO 2023
WEATHER OBSERVED NORMAL DEPART LAST YEAR`S
VALUE DATE(S) VALUE FROM VALUE DATE(S)
NORMAL
................................................................
TEMPERATURE (F)
RECORD
HIGH 88 11/10/1912
LOW -11 11/14/1940
HIGHEST 74 11/05 76 -2 80 11/02
11/09
LOWEST 16 11/26 9 7 4 11/30
11/27
11/28
AVG. MAXIMUM 60.1 53.4 6.7 53.2
AVG. MINIMUM 27.1 25.2 1.9 21.2
MEAN 43.6 39.3 4.3 37.2
DAYS MAX >= 90 0 0.0 0.0 0
DAYS MAX <= 32 2 1.8 0.2 1
DAYS MIN <= 32 22 23.8 -1.8 25
DAYS MIN <= 0 0 0.2 -0.2 0
PRECIPITATION (INCHES)
RECORD
MAXIMUM 3.73 1975
MINIMUM T 2014
TOTALS 0.03 0.61 -0.58 0.02
DAILY AVG. 0.00 0.02 -0.02 0.00
DAYS >= .01 2 3.5 -1.5 1
DAYS >= .10 0 1.5 -1.5 0
DAYS >= .50 0 0.3 -0.3 0
DAYS >= 1.00 0 0.0 0.0 0
GREATEST
24 HR. TOTAL 0.03 11/24 TO 11/25 0.02
STORM TOTAL 0.02
(MM/DD(HH))
................................................................
- INDICATES NEGATIVE NUMBERS.
R INDICATES RECORD WAS SET OR TIED.
MM INDICATES DATA IS MISSING.
T INDICATES TRACE AMOUNT.
$$