000
CXUS52 KFFC 011110
CF6MCN
PRELIMINARY LOCAL CLIMATOLOGICAL DATA (WS FORM: F-6)
STATION: MACON
MONTH: FEBRUARY
YEAR: 2020
LATITUDE: 32 42 N
LONGITUDE: 83 39 W
TEMPERATURE IN F: :PCPN: SNOW: WIND :SUNSHINE: SKY :PK WND
================================================================================
1 2 3 4 5 6A 6B 7 8 9 10 11 12 13 14 15 16 17 18
12Z AVG MX 2MIN
DY MAX MIN AVG DEP HDD CDD WTR SNW DPTH SPD SPD DIR MIN PSBL S-S WX SPD DR
================================================================================
1 52 41 47 -1 18 0 T 0.0 0 6.1 12 280 M M 9 1 16 280
2 65 36 51 3 14 0 0.00 0.0 0 8.1 20 250 M M 0 23 250
3 77 32 55 7 10 0 0.00 0.0 0 3.3 13 220 M M 0 16 220
4 74 50 62 14 3 0 0.01 0.0 0 6.5 15 230 M M 1 20 220
5 75 60 68 20 0 3 0.94 0.0 0 8.0 16 170 M M 8 13 22 210
6 78 57 68 20 0 3 2.79 0.0 0 13.7 32 220 M M 10 123 44 220
7 57 34 46 -2 19 0 0.06 M 0 13.2 30 250 M M 6 37 260
8 52 30 41 -8 24 0 0.01 M 0 3.4 10 190 M M 5 12 14 170
9 62 30 46 -3 19 0 0.00 0.0 0 3.8 12 120 M M 3 12 20 100
10 70 40 55 6 10 0 0.00 0.0 0 6.4 15 190 M M 1 20 190
11 81 62 72 23 0 7 0.69 0.0 0 8.1 22 230 M M 9 18 30 250
12 76 55 66 17 0 1 0.00 0.0 0 7.0 15 190 M M 8 12 22 200
13 73 48 61 11 4 0 0.33 M 0 10.9 23 290 M M 7 138 32 210
14 63 40 52 2 13 0 0.00 0.0 0 8.7 18 330 M M 1 23 320
15 63 30 47 -3 18 0 0.00 0.0 0 5.4 14 70 M M 0 19 70
16 48 37 43 -7 22 0 0.23 M 0 4.2 10 340 M M 8 1 13 330
17 57 47 52 2 13 0 0.00 0.0 0 4.4 10 70 M M 10 13 70
18 63 56 60 9 5 0 1.78 0.0 0 4.6 12 10 M M 10 123 14 10
19 64 52 58 7 7 0 0.59 0.0 0 5.8 17 360 M M 9 1 22 360
20 52 41 47 -4 18 0 1.08 0.0 0 12.5 20 30 M M 10 1 24 30
21 52 31 42 -9 23 0 0.00 0.0 0 10.8 18 70 M M 6 24 80
22 57 25 41 -11 24 0 0.00 0.0 0 2.0 9 100 M M 0 12 16 70
23 63 31 47 -5 18 0 T M 0 1.7 8 260 M M 3 1 12 110
24 55 49 52 0 13 0 1.17 0.0 0 4.0 13 140 M M 10 1 15 130
25 70 53 62 10 3 0 0.23 0.0 0 6.0 16 150 M M 6 1 21 150
26 60 42 51 -1 14 0 0.00 0.0 0 7.4 24 290 M M 3 1 31 320
27 55 33 44 -9 21 0 0.00 0.0 0 10.4 21 330 M M 2 28 340
28 61 27 44 -9 21 0 T M 0 8.6 24 260 M M 3 33 260
29 63 34 49 -4 16 0 0.00 0.0 0 9.6 24 330 M M 0 35 310
================================================================================
SM 1838 1203 370 14 9.91 0.0 204.6 M 148
================================================================================
AV 63.4 41.5 7.1 FASTST M M 5 MAX(MPH)
MISC ----> # 32 220 # 44 220
================================================================================
NOTES:
# LAST OF SEVERAL OCCURRENCES
COLUMN 17 PEAK WIND IN M.P.H.
PRELIMINARY LOCAL CLIMATOLOGICAL DATA (WS FORM: F-6) , PAGE 2
STATION: MACON
MONTH: FEBRUARY
YEAR: 2020
LATITUDE: 32 42 N
LONGITUDE: 83 39 W
[TEMPERATURE DATA] [PRECIPITATION DATA] SYMBOLS USED IN COLUMN 16
AVERAGE MONTHLY: 52.4 TOTAL FOR MONTH: 9.91 1 = FOG OR MIST
DPTR FM NORMAL: 2.4 DPTR FM NORMAL: 5.55 2 = FOG REDUCING VISIBILITY
HIGHEST: 81 ON 11 GRTST 24HR 2.79 ON 6- 6 TO 1/4 MILE OR LESS
LOWEST: 25 ON 22 3 = THUNDER
SNOW, ICE PELLETS, HAIL 4 = ICE PELLETS
TOTAL MONTH: 0.0 INCH 5 = HAIL
GRTST 24HR 0.0 6 = FREEZING RAIN OR DRIZZLE
GRTST DEPTH: 0 7 = DUSTSTORM OR SANDSTORM:
VSBY 1/2 MILE OR LESS
8 = SMOKE OR HAZE
[NO. OF DAYS WITH] [WEATHER - DAYS WITH] 9 = BLOWING SNOW
X = TORNADO
MAX 32 OR BELOW: 0 0.01 INCH OR MORE: 13
MAX 90 OR ABOVE: 0 0.10 INCH OR MORE: 10
MIN 32 OR BELOW: 8 0.50 INCH OR MORE: 7
MIN 0 OR BELOW: 0 1.00 INCH OR MORE: 4
[HDD (BASE 65) ]
TOTAL THIS MO. 370 CLEAR (SCALE 0-3) 12
DPTR FM NORMAL -50 PTCLDY (SCALE 4-7) 7
TOTAL FM JUL 1 1534 CLOUDY (SCALE 8-10) 10
DPTR FM NORMAL -403
[CDD (BASE 65) ]
TOTAL THIS MO. 14
DPTR FM NORMAL 12 [PRESSURE DATA]
TOTAL FM JAN 1 34 HIGHEST SLP 30.53 ON 22
DPTR FM NORMAL 31 LOWEST SLP 29.37 ON 6
[REMARKS]
#FINAL-02-20#