000
CXUS52 KMLB 010631
CF6MCO
PRELIMINARY LOCAL CLIMATOLOGICAL DATA (WS FORM: F-6)
STATION: ORLANDO INTL
MONTH: AUGUST
YEAR: 2021
LATITUDE: 28 25 N
LONGITUDE: 81 19 W
TEMPERATURE IN F: :PCPN: SNOW: WIND :SUNSHINE: SKY :PK WND
================================================================================
1 2 3 4 5 6A 6B 7 8 9 10 11 12 13 14 15 16 17 18
12Z AVG MX 2MIN
DY MAX MIN AVG DEP HDD CDD WTR SNW DPTH SPD SPD DIR MIN PSBL S-S WX SPD DR
================================================================================
1 94 78 86 3 0 21 0.12 0.0 0 6.4 29 320 M M 5 38 43 320
2 94 75 85 2 0 20 0.55 0.0 0 6.0 30 270 M M 7 13 40 290
3 90 76 83 0 0 18 T 0.0 0 9.1 21 250 M M 8 26 260
4 87 75 81 -2 0 16 0.16 0.0 0 9.6 25 220 M M 9 1 33 230
5 90 75 83 0 0 18 0.00 0.0 0 7.8 18 190 M M 7 24 200
6 96 75 86 3 0 21 2.49 0.0 0 5.7 16 130 M M 6 13 22 120
7 96 76 86 3 0 21 T 0.0 0 4.0 20 270 M M 7 3 24 270
8 97 77 87 4 0 22 0.01 0.0 0 2.7 21 100 M M 7 38 27 100
9 94 78 86 3 0 21 0.00 0.0 0 5.0 23 330 M M 5 3 26 330
10 92 77 85 2 0 20 0.00 0.0 0 5.9 16 120 M M 4 3 20 130
11 91 77 84 1 0 19 0.60 0.0 0 4.5 23 70 M M 4 13 28 70
12 94 77 86 3 0 21 T 0.0 0 6.5 17 60 M M 5 3 22 40
13 92 77 85 2 0 20 0.07 0.0 0 7.6 20 80 M M 8 13 23 70
14 90 77 84 1 0 19 0.06 0.0 0 6.0 22 150 M M 9 13 29 150
15 89 77 83 0 0 18 0.06 0.0 0 8.8 24 130 M M 9 3 28 130
16 93 79 86 3 0 21 0.24 0.0 0 6.3 15 110 M M 8 3 18 110
17 95 78 87 4 0 22 0.00 0.0 0 7.8 21 140 M M 6 26 140
18 95 79 87 4 0 22 0.00 0.0 0 6.8 16 90 M M 3 22 100
19 97 78 88 5 0 23 0.00 0.0 0 4.9 15 100 M M 3 19 100
20 98 76 87 4 0 22 0.72 0.0 0 4.8 30 350 M M 5 138 38 360
21 96 77 87 4 0 22 T 0.0 0 4.7 18 290 M M 5 38 25 270
22 95 77 86 3 0 21 0.00 0.0 0 4.3 14 310 M M 8 17 300
23 90 78 84 2 0 19 0.00 0.0 0 5.2 17 150 M M 8 23 160
24 92 72 82 0 0 17 0.40 0.0 0 5.0 22 190 M M 8 3 33 160
25 93 72 83 1 0 18 T 0.0 0 7.7 29 120 M M 5 35 120
26 92 73 83 1 0 18 0.35 0.0 0 7.7 29 120 M M 7 13 36 110
27 88 77 83 1 0 18 0.31 0.0 0 8.6 25 120 M M 8 13 30 120
28 92 78 85 3 0 20 T 0.0 0 9.9 18 110 M M 8 3 23 100
29 94 79 87 5 0 22 0.00 0.0 0 7.8 16 110 M M 8 23 100
30 94 77 86 4 0 21 0.00 0.0 0 4.8 15 110 M M 6 18 100
31 95 77 86 4 0 21 0.00 0.0 0 6.9 15 240 M M 8 23 270
================================================================================
SM 2885 2374 0 622 6.14 0.0 198.8 M 204
================================================================================
AV 93.1 76.6 6.4 FASTST M M 7 MAX(MPH)
MISC ----> # 30 270 43 320
================================================================================
NOTES:
# LAST OF SEVERAL OCCURRENCES
COLUMN 17 PEAK WIND IN M.P.H.
PRELIMINARY LOCAL CLIMATOLOGICAL DATA (WS FORM: F-6) , PAGE 2
STATION: ORLANDO INTL
MONTH: AUGUST
YEAR: 2021
LATITUDE: 28 25 N
LONGITUDE: 81 19 W
[TEMPERATURE DATA] [PRECIPITATION DATA] SYMBOLS USED IN COLUMN 16
AVERAGE MONTHLY: 84.8 TOTAL FOR MONTH: 6.14 1 = FOG OR MIST
DPTR FM NORMAL: 2.2 DPTR FM NORMAL: -1.55 2 = FOG REDUCING VISIBILITY
HIGHEST: 98 ON 20 GRTST 24HR 2.49 ON 6- 6 TO 1/4 MILE OR LESS
LOWEST: 72 ON 25,24 3 = THUNDER
SNOW, ICE PELLETS, HAIL 4 = ICE PELLETS
TOTAL MONTH: 0.0 INCH 5 = HAIL
GRTST 24HR 0.0 6 = FREEZING RAIN OR DRIZZLE
GRTST DEPTH: 0 7 = DUSTSTORM OR SANDSTORM:
VSBY 1/2 MILE OR LESS
8 = SMOKE OR HAZE
[NO. OF DAYS WITH] [WEATHER - DAYS WITH] 9 = BLOWING SNOW
X = TORNADO
MAX 32 OR BELOW: 0 0.01 INCH OR MORE: 14
MAX 90 OR ABOVE: 28 0.10 INCH OR MORE: 10
MIN 32 OR BELOW: 0 0.50 INCH OR MORE: 4
MIN 0 OR BELOW: 0 1.00 INCH OR MORE: 1
[HDD (BASE 65) ]
TOTAL THIS MO. 0 CLEAR (SCALE 0-3) 1
DPTR FM NORMAL 0 PTCLDY (SCALE 4-7) 23
TOTAL FM JUL 1 0 CLOUDY (SCALE 8-10) 7
DPTR FM NORMAL 0
[CDD (BASE 65) ]
TOTAL THIS MO. 622
DPTR FM NORMAL 75 [PRESSURE DATA]
TOTAL FM JAN 1 2707 HIGHEST SLP M ON M
DPTR FM NORMAL 281 LOWEST SLP 29.80 ON 31
[REMARKS]
#FINAL-08-21#