000
CXUS54 KMAF 011110
CF6MDD
PRELIMINARY LOCAL CLIMATOLOGICAL DATA (WS FORM: F-6)
STATION: MIDLAND AIRPARK
MONTH: MARCH
YEAR: 2023
LATITUDE: 32 2 N
LONGITUDE: 102 6 W
TEMPERATURE IN F: :PCPN: SNOW: WIND :SUNSHINE: SKY :PK WND
================================================================================
1 2 3 4 5 6A 6B 7 8 9 10 11 12 13 14 15 16 17 18
12Z AVG MX 2MIN
DY MAX MIN AVG DEP HDD CDD WTR SNW DPTH SPD SPD DIR MIN PSBL S-S WX SPD DR
================================================================================
1 76 50 63 M 2 0 M M M 5.8 13 200 M M 0 M M
2 79 43 61 M 4 0 M M M 16.0 40 280 M M 0 8 52 280
3 69 36 53 M 12 0 M M M 10.2 16 220 M M 0 22 220
4 73 41 57 M 8 0 M M M 6.5 12 20 M M 0 M M
5 83 46 65 M 0 0 M M M 9.0 15 240 M M 0 23 200
6 87 55 71 M 0 6 M M M 8.2 15 250 M M 0 20 220
7 83 51 67 M 0 2 M M M 6.2 17 70 M M 0 23 50
8 55 44 50 M 15 0 M M M 10.2 17 60 M M 8 1 21 M
9 70 44 57 M 8 0 M M M 5.0 15 80 M M 6 1 M M
10 71 46 59 M 6 0 M M M 11.4 16 180 M M 5 22 170
11 88 59 74 M 0 9 M M M 16.1 24 270 M M 0 32 260
12 71 49 60 M 5 0 M M M 10.2 21 80 M M 0 28 80
13 66 39 53 M 12 0 M M M 11.9 16 60 M M 0 24 60
14 70 37 54 M 11 0 M M M 8.6 14 120 M M 1 22 150
15 72 50 61 M 4 0 M M M 17.3 23 180 M M 3 31 180
16 77 42 60 M 5 0 M M M 20.4 30 250 M M 4 8 43 250
17 52 37 45 M 20 0 M M M 11.4 25 30 M M 3 32 30
18 55 34 45 M 20 0 M M M 7.1 16 50 M M 0 23 70
19 59 34 47 M 18 0 M M M 9.2 17 180 M M 0 25 180
20 66 37 52 M 13 0 M M M 16.0 22 170 M M 1 29 180
21 80 47 64 M 1 0 M M M 14.7 23 180 M M 3 32 180
22 86 57 72 M 0 7 M M M 10.4 15 200 M M 0 20 210
23 87 57 72 M 0 7 M M M 6.4 17 300 M M 1 24 340
24 71 49 60 M 5 0 M M M 16.1 31 270 M M 1 43 270
25 71 45 58 M 7 0 M M M 12.3 26 320 M M 0 36 320
26 74 42 58 M 7 0 M M M 6.5 20 40 M M 0 8 22 40
27 72 39 56 M 9 0 M M M 7.0 13 60 M M 1 M M
28 61 38 50 M 15 0 M M M 14.0 23 30 M M 2 8 31 30
29 77 48 63 M 2 0 M M M 12.7 20 160 M M 4 25 160
30 79 53 66 M 0 1 M M M 15.7 21 180 M M 0 31 180
31 74 52 63 M 2 0 M M M 14.5 33 280 M M 0 41 250
================================================================================
SM 2254 1401 211 32 M M 346.9 M 43
================================================================================
AV 72.7 45.2 11.2 FASTST M M 1 MAX(MPH)
MISC ----> 40 280 52 280
================================================================================
NOTES:
# LAST OF SEVERAL OCCURRENCES
COLUMN 17 PEAK WIND IN M.P.H.
PRELIMINARY LOCAL CLIMATOLOGICAL DATA (WS FORM: F-6) , PAGE 2
STATION: MIDLAND AIRPARK
MONTH: MARCH
YEAR: 2023
LATITUDE: 32 2 N
LONGITUDE: 102 6 W
[TEMPERATURE DATA] [PRECIPITATION DATA] SYMBOLS USED IN COLUMN 16
AVERAGE MONTHLY: 59.0 TOTAL FOR MONTH: M 1 = FOG OR MIST
DPTR FM NORMAL: 0.0 DPTR FM NORMAL: M 2 = FOG REDUCING VISIBILITY
HIGHEST: 88 ON 11 GRTST 24HR M ON M TO 1/4 MILE OR LESS
LOWEST: 34 ON 19,18 3 = THUNDER
SNOW, ICE PELLETS, HAIL 4 = ICE PELLETS
TOTAL MONTH: M 5 = HAIL
GRTST 24HR M ON M 6 = FREEZING RAIN OR DRIZZLE
GRTST DEPTH: M ON M 7 = DUSTSTORM OR SANDSTORM:
VSBY 1/2 MILE OR LESS
8 = SMOKE OR HAZE
[NO. OF DAYS WITH] [WEATHER - DAYS WITH] 9 = BLOWING SNOW
X = TORNADO
MAX 32 OR BELOW: 0 0.01 INCH OR MORE: 0
MAX 90 OR ABOVE: 0 0.10 INCH OR MORE: 0
MIN 32 OR BELOW: 0 0.50 INCH OR MORE: 0
MIN 0 OR BELOW: 0 1.00 INCH OR MORE: 0
[HDD (BASE 65) ]
TOTAL THIS MO. 211 CLEAR (SCALE 0-3) 25
DPTR FM NORMAL M PTCLDY (SCALE 4-7) 6
TOTAL FM JUL 1 2107 CLOUDY (SCALE 8-10) 0
DPTR FM NORMAL M
[CDD (BASE 65) ]
TOTAL THIS MO. 32
DPTR FM NORMAL M [PRESSURE DATA]
TOTAL FM JAN 1 39 HIGHEST SLP M ON M
DPTR FM NORMAL M LOWEST SLP M ON M
[REMARKS]
#FINAL-03-23#