000
CXUS51 KCTP 010800
CF6MDT
PRELIMINARY LOCAL CLIMATOLOGICAL DATA (WS FORM: F-6)
STATION: HARRISBURG PA
MONTH: MAY
YEAR: 2023
LATITUDE: 40 11 N
LONGITUDE: 76 46 W
TEMPERATURE IN F: :PCPN: SNOW: WIND :SUNSHINE: SKY :PK WND
================================================================================
1 2 3 4 5 6A 6B 7 8 9 10 11 12 13 14 15 16 17 18
12Z AVG MX 2MIN
DY MAX MIN AVG DEP HDD CDD WTR SNW DPTH SPD SPD DIR MIN PSBL S-S WX SPD DR
================================================================================
1 56 49 53 -6 12 0 0.03 0.0 0 10.2 22 290 M M 8 1 35 210
2 52 44 48 -11 17 0 T 0.0 0 12.0 23 280 M M 9 28 260
3 51 43 47 -13 18 0 T 0.0 0 10.0 25 290 M M 8 28 290
4 62 41 52 -8 13 0 T 0.0 0 5.9 15 300 M M 7 26 10
5 66 46 56 -4 9 0 T 0.0 0 6.3 14 280 M M 5 20 20
6 71 42 57 -3 8 0 0.00 0.0 0 4.2 14 280 M M 2 17 280
7 71 46 59 -2 6 0 T 0.0 0 3.3 16 280 M M 7 20 280
8 75 55 65 4 0 0 0.00 0.0 0 5.5 18 310 M M 6 1 24 310
9 73 55 64 3 1 0 T 0.0 0 4.1 16 330 M M 6 24 10
10 72 46 59 -3 6 0 0.00 0.0 0 4.6 10 290 M M 2 13 50
11 79 48 64 2 1 0 0.00 0.0 0 3.0 9 300 M M 1 17 10
12 85 54 70 8 0 5 0.00 0.0 0 3.4 14 220 M M 7 8 17 200
13 71 59 65 2 0 0 0.12 0.0 0 4.9 12 310 M M 9 14 300
14 74 51 63 0 2 0 0.00 0.0 0 6.6 17 320 M M 5 26 330
15 76 49 63 0 2 0 0.00 0.0 0 5.7 15 220 M M 4 18 220
16 79 51 65 2 0 0 0.00 0.0 0 7.0 18 290 M M 4 24 280
17 66 48 57 -7 8 0 0.00 0.0 0 9.4 21 320 M M 3 30 330
18 69 40 55 -9 10 0 0.00 0.0 0 6.8 15 140 M M 1 19 140
19 73 50 62 -2 3 0 0.00 0.0 0 8.1 18 130 M M 7 22 140
20 77 53 65 1 0 0 0.04 0.0 0 9.1 24 290 M M 8 18 28 290
21 79 53 66 1 0 1 0.00 0.0 0 8.9 20 320 M M 3 27 330
22 79 53 66 1 0 1 0.00 0.0 0 3.5 12 310 M M 5 13 310
23 78 54 66 1 0 1 0.00 0.0 0 6.0 13 160 M M 5 16 170
24 81 53 67 1 0 2 0.00 0.0 0 5.5 17 40 M M 3 24 50
25 70 48 59 -7 6 0 0.00 0.0 0 6.3 15 10 M M 3 23 20
26 75 48 62 -4 3 0 0.00 0.0 0 4.9 14 290 M M 2 16 290
27 80 50 65 -2 0 0 0.00 0.0 0 3.9 12 120 M M 6 15 180
28 81 52 67 0 0 2 T 0.0 0 3.8 13 140 M M 7 16 160
29 85 59 72 5 0 7 T 0.0 0 7.0 22 110 M M 5 26 110
30 81 55 68 0 0 3 0.00 0.0 0 6.7 15 120 M M 1 19 120
31 83 51 67 -1 0 2 0.00 0.0 0 3.8 12 170 M M 0 14 180
================================================================================
SM 2270 1546 125 24 0.19 0.0 190.4 M 149
================================================================================
AV 73.2 49.9 6.1 FASTST M M 5 MAX(MPH)
MISC ----> 25 290 35 210
================================================================================
NOTES:
# LAST OF SEVERAL OCCURRENCES
COLUMN 17 PEAK WIND IN M.P.H.
PRELIMINARY LOCAL CLIMATOLOGICAL DATA (WS FORM: F-6) , PAGE 2
STATION: HARRISBURG PA
MONTH: MAY
YEAR: 2023
LATITUDE: 40 11 N
LONGITUDE: 76 46 W
[TEMPERATURE DATA] [PRECIPITATION DATA] SYMBOLS USED IN COLUMN 16
AVERAGE MONTHLY: 61.5 TOTAL FOR MONTH: 0.19 1 = FOG OR MIST
DPTR FM NORMAL: -1.9 DPTR FM NORMAL: -3.64 2 = FOG REDUCING VISIBILITY
HIGHEST: 85 ON 29,12 GRTST 24HR 0.68 ON 30- 1 TO 1/4 MILE OR LESS
LOWEST: 40 ON 18 3 = THUNDER
SNOW, ICE PELLETS, HAIL 4 = ICE PELLETS
TOTAL MONTH: 0.0 INCH 5 = HAIL
GRTST 24HR 0.0 6 = FREEZING RAIN OR DRIZZLE
GRTST DEPTH: 0 7 = DUSTSTORM OR SANDSTORM:
VSBY 1/2 MILE OR LESS
8 = SMOKE OR HAZE
[NO. OF DAYS WITH] [WEATHER - DAYS WITH] 9 = BLOWING SNOW
X = TORNADO
MAX 32 OR BELOW: 0 0.01 INCH OR MORE: 3
MAX 90 OR ABOVE: 0 0.10 INCH OR MORE: 1
MIN 32 OR BELOW: 0 0.50 INCH OR MORE: 0
MIN 0 OR BELOW: 0 1.00 INCH OR MORE: 0
[HDD (BASE 65) ]
TOTAL THIS MO. 125 CLEAR (SCALE 0-3) 10
DPTR FM NORMAL 4 PTCLDY (SCALE 4-7) 18
TOTAL FM JUL 1 4341 CLOUDY (SCALE 8-10) 3
DPTR FM NORMAL -672
[CDD (BASE 65) ]
TOTAL THIS MO. 24
DPTR FM NORMAL -48 [PRESSURE DATA]
TOTAL FM JAN 1 45 HIGHEST SLP 30.34 ON 27
DPTR FM NORMAL -37 LOWEST SLP 29.23 ON 1
[REMARKS]
#FINAL-05-23#