000
CXUS51 KCTP 010800
CF6MDT
PRELIMINARY LOCAL CLIMATOLOGICAL DATA (WS FORM: F-6)
STATION: HARRISBURG PA
MONTH: OCTOBER
YEAR: 2021
LATITUDE: 40 11 N
LONGITUDE: 76 46 W
TEMPERATURE IN F: :PCPN: SNOW: WIND :SUNSHINE: SKY :PK WND
================================================================================
1 2 3 4 5 6A 6B 7 8 9 10 11 12 13 14 15 16 17 18
12Z AVG MX 2MIN
DY MAX MIN AVG DEP HDD CDD WTR SNW DPTH SPD SPD DIR MIN PSBL S-S WX SPD DR
================================================================================
1 68 48 58 -4 7 0 0.00 0.0 0 3.6 13 280 M M 1 15 290
2 75 50 63 2 2 0 0.00 0.0 0 0.9 5 180 M M 5 128 8 10
3 81 53 67 6 0 2 0.10 0.0 0 1.8 12 300 M M 7 1 13 320
4 80 67 74 14 0 9 0.01 0.0 0 1.9 10 300 M M 8 12 16 310
5 70 66 68 8 0 3 T 0.0 0 5.1 10 110 M M 10 18 15 80
6 74 65 70 10 0 5 T 0.0 0 3.2 8 130 M M 10 18 11 50
7 75 64 70 11 0 5 0.00 0.0 0 2.0 8 150 M M 9 18 9 140
8 77 62 70 11 0 5 0.00 0.0 0 1.1 6 110 M M 10 128 9 150
9 71 64 68 10 0 3 0.00 0.0 0 8.1 15 120 M M 10 8 20 100
10 68 62 65 7 0 0 0.03 0.0 0 5.7 12 80 M M 10 18 16 70
11 69 60 65 7 0 0 0.00 0.0 0 2.6 12 80 M M 9 15 70
12 69 58 64 7 1 0 T 0.0 0 1.5 9 100 M M 10 18 11 70
13 73 61 67 10 0 2 T 0.0 0 0.4 7 320 M M 8 18 8 320
14 78 59 69 13 0 4 0.00 0.0 0 3.9 12 330 M M 7 12 14 310
15 83 62 73 17 0 8 0.00 0.0 0 4.1 12 150 M M 7 15 160
16 78 53 66 10 0 1 0.15 0.0 0 10.3 37 300 M M 6 47 290
17 65 50 58 3 7 0 T 0.0 0 11.6 31 310 M M 5 37 310
18 63 47 55 0 10 0 T 0.0 0 8.0 29 290 M M 6 36 300
19 72 44 58 3 7 0 0.00 0.0 0 6.9 22 300 M M 0 25 290
20 76 51 64 10 1 0 0.00 0.0 0 5.9 17 290 M M 2 21 260
21 77 50 64 10 1 0 0.01 0.0 0 4.5 23 300 M M 3 28 300
22 67 54 61 7 4 0 T 0.0 0 5.8 16 280 M M 8 21 280
23 58 45 52 -1 13 0 0.06 0.0 0 3.0 13 310 M M 8 18 15 310
24 63 43 53 0 12 0 T 0.0 0 3.7 12 160 M M 9 14 160
25 76 51 64 12 1 0 0.52 0.0 0 4.3 25 190 M M 7 138 29 190
26 65 49 57 5 8 0 0.07 0.0 0 15.0 32 290 M M 10 1 39 290
27 70 49 60 8 5 0 T 0.0 M 10.9 25 320 M M 5 1 31 310
28 65 45 55 4 10 0 0.00 0.0 M 6.0 15 120 M M 4 17 110
29 57 52 55 4 10 0 1.43 0.0 M 12.5 25 100 M M 10 1 35 110
30 62 50 56 5 9 0 0.01 0.0 0 3.5 15 140 M M 9 18 19 140
31 62 47 55 5 10 0 0.08 0.0 0 5.8 23 300 M M 8 1 28 290
================================================================================
SM 2187 1681 118 47 2.47 0.0 163.6 M 221
================================================================================
AV 70.5 54.2 5.3 FASTST M M 7 MAX(MPH)
MISC ----> 37 300 47 290
================================================================================
NOTES:
# LAST OF SEVERAL OCCURRENCES
COLUMN 17 PEAK WIND IN M.P.H.
PRELIMINARY LOCAL CLIMATOLOGICAL DATA (WS FORM: F-6) , PAGE 2
STATION: HARRISBURG PA
MONTH: OCTOBER
YEAR: 2021
LATITUDE: 40 11 N
LONGITUDE: 76 46 W
[TEMPERATURE DATA] [PRECIPITATION DATA] SYMBOLS USED IN COLUMN 16
AVERAGE MONTHLY: 62.4 TOTAL FOR MONTH: 2.47 1 = FOG OR MIST
DPTR FM NORMAL: 6.6 DPTR FM NORMAL: -1.34 2 = FOG REDUCING VISIBILITY
HIGHEST: 83 ON 15 GRTST 24HR 1.43 ON 29-29 TO 1/4 MILE OR LESS
LOWEST: 43 ON 24 3 = THUNDER
SNOW, ICE PELLETS, HAIL 4 = ICE PELLETS
TOTAL MONTH: 0.0 INCH 5 = HAIL
GRTST 24HR 0.0 6 = FREEZING RAIN OR DRIZZLE
GRTST DEPTH: 0 7 = DUSTSTORM OR SANDSTORM:
VSBY 1/2 MILE OR LESS
8 = SMOKE OR HAZE
[NO. OF DAYS WITH] [WEATHER - DAYS WITH] 9 = BLOWING SNOW
X = TORNADO
MAX 32 OR BELOW: 0 0.01 INCH OR MORE: 11
MAX 90 OR ABOVE: 0 0.10 INCH OR MORE: 4
MIN 32 OR BELOW: 0 0.50 INCH OR MORE: 2
MIN 0 OR BELOW: 0 1.00 INCH OR MORE: 1
[HDD (BASE 65) ]
TOTAL THIS MO. 118 CLEAR (SCALE 0-3) 4
DPTR FM NORMAL -182 PTCLDY (SCALE 4-7) 14
TOTAL FM JUL 1 128 CLOUDY (SCALE 8-10) 13
DPTR FM NORMAL -221
[CDD (BASE 65) ]
TOTAL THIS MO. 47
DPTR FM NORMAL 31 [PRESSURE DATA]
TOTAL FM JAN 1 1448 HIGHEST SLP 30.37 ON 6
DPTR FM NORMAL 276 LOWEST SLP 29.47 ON 26
[REMARKS]
#FINAL-10-21#